{"id":53521,"date":"2022-04-27T13:38:00","date_gmt":"2022-04-27T11:38:00","guid":{"rendered":"https:\/\/www.emmentaler.ch\/rezept\/quiche-de-manzana-y-col-con-jamon-crujiente"},"modified":"2022-06-28T10:11:42","modified_gmt":"2022-06-28T08:11:42","slug":"quiche-de-manzana-y-col-con-jamon-crujiente","status":"publish","type":"recipes","link":"https:\/\/www.emmentaler.ch\/es\/recetas\/quiche-de-manzana-y-col-con-jamon-crujiente","title":{"rendered":"Quiche de manzana y col con jam\u00f3n crujiente"},"author":2,"featured_media":37041,"menu_order":0,"template":"","meta":{"inline_featured_image":false},"tags":[],"recipe_categories":[619],"et_countries":[],"recipe_main_ingredient":[593,602],"recipe_difficulty":[577],"recipe_preparation_time":[377,378],"recipe_diet_type":[],"recipe_saison":[561],"acf":{"recipe_preparation_time":377,"recipe_categories":619,"recipe_time_txt":"25 minutos m\u00e1s 35 minutos en el horno","recipe_type":65947,"recipe_difficulty":577,"recipe_diet_type":false,"recipe_main_ingredient":[593,602],"recipe_saison":[561],"recipe_count_portions":5,"recipe_ingedients":[{"recipe_ingedients_amount":"","recipe_ingedients_unit":"g","recipe_ingedients_product":""}],"temporare_zutaten":"500 g de col blanca\r\n1 manojo de perejil plano\r\n2 manzanas peque\u00f1as de piel roja\r\n3 huevos\r\n1,5 dl de leche\r\n1,5 dl de nata\r\n125 g de Emmentaler AOC rallado\r\n1-2 cucharaditas de curry\r\n2 cucharaditas de mostaza\r\nSal, pimienta\r\n1 masa quebrada, redonda\r\n4-8 lonchas de jam\u00f3n serrano","recipe_preparation":"Para una bandeja de horno con un di\u00e1metro de 28 cm.\r\n\r\n<span style=\"font-weight: 400;\">Parte la col en cuatro trozos, qu\u00edtale el tallo y trocea cada cuarto en tiras finas de 3\u00a0mm. Cuece las tiras de col al vapor durante 5 minutos. Pica fino el perejil y qu\u00edtale las pepitas a la manzana. Luego, c\u00f3rtala en gajos.<\/span>\r\n\r\n<span style=\"font-weight: 400;\">Bate los huevos, la leche, la nata y el Emmentaler AOC, y condimenta con curry, mostaza, sal y pimienta. Despu\u00e9s de dejarla enfriar, mezcla la col con la manzana, el perejil y la mezcla.<\/span>\r\n\r\n<span style=\"font-weight: 400;\">Coloca la masa en la bandeja para horno y p\u00ednchala varias veces con un tenedor. Distribuye el relleno por encima y, luego, mete la bandeja en la parte inferior del horno precalentado a 200\u00ba. Hornea durante 25 minutos.<\/span>\r\n\r\n<span style=\"font-weight: 400;\">Por \u00faltimo, corta el jam\u00f3n en trozos, rep\u00e1rtelo por el quiche y termina de hornearlo durante 5-10 minutos.<\/span>","recipe_images":[22248]},"_links":{"self":[{"href":"https:\/\/www.emmentaler.ch\/es\/wp-json\/wp\/v2\/recipes\/53521"}],"collection":[{"href":"https:\/\/www.emmentaler.ch\/es\/wp-json\/wp\/v2\/recipes"}],"about":[{"href":"https:\/\/www.emmentaler.ch\/es\/wp-json\/wp\/v2\/types\/recipes"}],"author":[{"embeddable":true,"href":"https:\/\/www.emmentaler.ch\/es\/wp-json\/wp\/v2\/users\/2"}],"version-history":[{"count":0,"href":"https:\/\/www.emmentaler.ch\/es\/wp-json\/wp\/v2\/recipes\/53521\/revisions"}],"acf:attachment":[{"embeddable":true,"href":"https:\/\/www.emmentaler.ch\/es\/wp-json\/wp\/v2\/media\/22248"}],"acf:term":[{"embeddable":true,"taxonomy":"recipe_saison","href":"https:\/\/www.emmentaler.ch\/es\/wp-json\/wp\/v2\/recipe_saison\/561"},{"embeddable":true,"taxonomy":"recipe_main_ingredient","href":"https:\/\/www.emmentaler.ch\/es\/wp-json\/wp\/v2\/recipe_main_ingredient\/602"},{"embeddable":true,"taxonomy":"recipe_main_ingredient","href":"https:\/\/www.emmentaler.ch\/es\/wp-json\/wp\/v2\/recipe_main_ingredient\/593"},{"embeddable":true,"taxonomy":"recipe_difficulty","href":"https:\/\/www.emmentaler.ch\/es\/wp-json\/wp\/v2\/recipe_difficulty\/577"},{"embeddable":true,"taxonomy":"recipe_categories","href":"https:\/\/www.emmentaler.ch\/es\/wp-json\/wp\/v2\/recipe_categories\/619"},{"embeddable":true,"taxonomy":"recipe_preparation_time","href":"https:\/\/www.emmentaler.ch\/es\/wp-json\/wp\/v2\/recipe_preparation_time\/377"}],"acf:post":[{"embeddable":true,"href":"https:\/\/www.emmentaler.ch\/es\/wp-json\/wp\/v2\/pages\/65947"}],"wp:featuredmedia":[{"embeddable":true,"href":"https:\/\/www.emmentaler.ch\/es\/wp-json\/wp\/v2\/media\/37041"}],"wp:attachment":[{"href":"https:\/\/www.emmentaler.ch\/es\/wp-json\/wp\/v2\/media?parent=53521"}],"wp:term":[{"taxonomy":"post_tag","embeddable":true,"href":"https:\/\/www.emmentaler.ch\/es\/wp-json\/wp\/v2\/tags?post=53521"},{"taxonomy":"recipe_categories","embeddable":true,"href":"https:\/\/www.emmentaler.ch\/es\/wp-json\/wp\/v2\/recipe_categories?post=53521"},{"taxonomy":"et_countries","embeddable":true,"href":"https:\/\/www.emmentaler.ch\/es\/wp-json\/wp\/v2\/et_countries?post=53521"},{"taxonomy":"recipe_main_ingredient","embeddable":true,"href":"https:\/\/www.emmentaler.ch\/es\/wp-json\/wp\/v2\/recipe_main_ingredient?post=53521"},{"taxonomy":"recipe_difficulty","embeddable":true,"href":"https:\/\/www.emmentaler.ch\/es\/wp-json\/wp\/v2\/recipe_difficulty?post=53521"},{"taxonomy":"recipe_preparation_time","embeddable":true,"href":"https:\/\/www.emmentaler.ch\/es\/wp-json\/wp\/v2\/recipe_preparation_time?post=53521"},{"taxonomy":"recipe_diet_type","embeddable":true,"href":"https:\/\/www.emmentaler.ch\/es\/wp-json\/wp\/v2\/recipe_diet_type?post=53521"},{"taxonomy":"recipe_saison","embeddable":true,"href":"https:\/\/www.emmentaler.ch\/es\/wp-json\/wp\/v2\/recipe_saison?post=53521"}],"curies":[{"name":"wp","href":"https:\/\/api.w.org\/{rel}","templated":true}]}}

Quiche de manzana y col con jamón crujiente

25 minutos más 35 minutos en el horno

500 g de col blanca
1 manojo de perejil plano
2 manzanas pequeñas de piel roja
3 huevos
1,5 dl de leche
1,5 dl de nata
125 g de Emmentaler AOC rallado
1-2 cucharaditas de curry
2 cucharaditas de mostaza
Sal, pimienta
1 masa quebrada, redonda
4-8 lonchas de jamón serrano

Para una bandeja de horno con un diámetro de 28 cm.

<span style="font-weight: 400;">Parte la col en cuatro trozos, quítale el tallo y trocea cada cuarto en tiras finas de 3 mm. Cuece las tiras de col al vapor durante 5 minutos. Pica fino el perejil y quítale las pepitas a la manzana. Luego, córtala en gajos.</span>

<span style="font-weight: 400;">Bate los huevos, la leche, la nata y el Emmentaler AOC, y condimenta con curry, mostaza, sal y pimienta. Después de dejarla enfriar, mezcla la col con la manzana, el perejil y la mezcla.</span>

<span style="font-weight: 400;">Coloca la masa en la bandeja para horno y pínchala varias veces con un tenedor. Distribuye el relleno por encima y, luego, mete la bandeja en la parte inferior del horno precalentado a 200º. Hornea durante 25 minutos.</span>

<span style="font-weight: 400;">Por último, corta el jamón en trozos, repártelo por el quiche y termina de hornearlo durante 5-10 minutos.</span>
