{"id":53614,"date":"2022-04-27T13:37:12","date_gmt":"2022-04-27T11:37:12","guid":{"rendered":"https:\/\/www.emmentaler.ch\/rezept\/ensalada-de-rabano-y-pepino-con-salsa-de-manzana-y-queso-emmentaler-aop"},"modified":"2024-07-25T17:58:31","modified_gmt":"2024-07-25T15:58:31","slug":"ensalada-de-rabano-y-pepino-con-salsa-de-manzana","status":"publish","type":"recipes","link":"https:\/\/www.emmentaler.ch\/es\/recetas\/ensalada-de-rabano-y-pepino-con-salsa-de-manzana","title":{"rendered":"Ensalada de r\u00e1bano y pepino con salsa de manzana"},"author":2,"featured_media":22155,"menu_order":0,"template":"","meta":{"inline_featured_image":false},"tags":[843,836],"recipe_categories":[620],"et_countries":[],"recipe_main_ingredient":[602],"recipe_difficulty":[577],"recipe_preparation_time":[380],"recipe_diet_type":[562,569,570],"recipe_saison":[538,530,546],"acf":{"recipe_preparation_time":380,"recipe_categories":620,"recipe_time_txt":"","recipe_type":65947,"recipe_difficulty":577,"recipe_diet_type":[562,569,570],"recipe_main_ingredient":[602],"recipe_saison":[530,538,546],"recipe_count_portions":4,"recipe_ingedients":[{"recipe_ingedients_amount":"","recipe_ingedients_unit":"g","recipe_ingedients_product":""}],"temporare_zutaten":"4 cucharadas de vinagre blanco\r\n1 cucharada de zumo de lim\u00f3n\r\n6 cucharadas de aceite\r\n\u00bd cucharada de mostaza granulada\r\n1 cucharadita de miel\r\nSal, pimienta\r\n1 manzana peque\u00f1a\r\n3 cucharadas de semillas de girasol\r\n250 g de queso Emmentaler AOP\r\n1 pepino para ensalada\r\n1 manojo de r\u00e1banos\r\nUn poco de berro","recipe_preparation":"<span style=\"font-weight: 400;\">Para la salsa, mezcla el vinagre con zumo de lim\u00f3n, aceite, mostaza, miel, sal y pimienta. Pela la manzana y r\u00e1llala directamente en la salsa con un rallador fino. M\u00e9zclalo todo inmediatamente.\u00a0<\/span>\r\n\r\n<span style=\"font-weight: 400;\">Tuesta un poco las semillas de girasol en una sart\u00e9n sin aceite. Corta el queso Emmentaler AOP en peque\u00f1os dados. Parte el pepino por la mitad y c\u00f3rtalo en rodajas finas de aprox. 5 mm. Luego, corta los r\u00e1banos en rodajas finas.<\/span>\r\n\r\n<span style=\"font-weight: 400;\">Mezcla el Emmentaler AOP, el pepino y los r\u00e1banos con la salsa y s\u00edrvelo todo en el plato. Esparce las semillas de girasol y el berro.<\/span>","recipe_images":[22155]},"_links":{"self":[{"href":"https:\/\/www.emmentaler.ch\/es\/wp-json\/wp\/v2\/recipes\/53614"}],"collection":[{"href":"https:\/\/www.emmentaler.ch\/es\/wp-json\/wp\/v2\/recipes"}],"about":[{"href":"https:\/\/www.emmentaler.ch\/es\/wp-json\/wp\/v2\/types\/recipes"}],"author":[{"embeddable":true,"href":"https:\/\/www.emmentaler.ch\/es\/wp-json\/wp\/v2\/users\/2"}],"version-history":[{"count":1,"href":"https:\/\/www.emmentaler.ch\/es\/wp-json\/wp\/v2\/recipes\/53614\/revisions"}],"predecessor-version":[{"id":137990,"href":"https:\/\/www.emmentaler.ch\/es\/wp-json\/wp\/v2\/recipes\/53614\/revisions\/137990"}],"acf:attachment":[{"embeddable":true,"href":"https:\/\/www.emmentaler.ch\/es\/wp-json\/wp\/v2\/media\/22155"}],"acf:term":[{"embeddable":true,"taxonomy":"recipe_saison","href":"https:\/\/www.emmentaler.ch\/es\/wp-json\/wp\/v2\/recipe_saison\/546"},{"embeddable":true,"taxonomy":"recipe_saison","href":"https:\/\/www.emmentaler.ch\/es\/wp-json\/wp\/v2\/recipe_saison\/538"},{"embeddable":true,"taxonomy":"recipe_saison","href":"https:\/\/www.emmentaler.ch\/es\/wp-json\/wp\/v2\/recipe_saison\/530"},{"embeddable":true,"taxonomy":"recipe_main_ingredient","href":"https:\/\/www.emmentaler.ch\/es\/wp-json\/wp\/v2\/recipe_main_ingredient\/602"},{"embeddable":true,"taxonomy":"recipe_diet_type","href":"https:\/\/www.emmentaler.ch\/es\/wp-json\/wp\/v2\/recipe_diet_type\/570"},{"embeddable":true,"taxonomy":"recipe_diet_type","href":"https:\/\/www.emmentaler.ch\/es\/wp-json\/wp\/v2\/recipe_diet_type\/569"},{"embeddable":true,"taxonomy":"recipe_diet_type","href":"https:\/\/www.emmentaler.ch\/es\/wp-json\/wp\/v2\/recipe_diet_type\/562"},{"embeddable":true,"taxonomy":"recipe_difficulty","href":"https:\/\/www.emmentaler.ch\/es\/wp-json\/wp\/v2\/recipe_difficulty\/577"},{"embeddable":true,"taxonomy":"recipe_categories","href":"https:\/\/www.emmentaler.ch\/es\/wp-json\/wp\/v2\/recipe_categories\/620"},{"embeddable":true,"taxonomy":"recipe_preparation_time","href":"https:\/\/www.emmentaler.ch\/es\/wp-json\/wp\/v2\/recipe_preparation_time\/380"}],"acf:post":[{"embeddable":true,"href":"https:\/\/www.emmentaler.ch\/es\/wp-json\/wp\/v2\/pages\/65947"}],"wp:featuredmedia":[{"embeddable":true,"href":"https:\/\/www.emmentaler.ch\/es\/wp-json\/wp\/v2\/media\/22155"}],"wp:attachment":[{"href":"https:\/\/www.emmentaler.ch\/es\/wp-json\/wp\/v2\/media?parent=53614"}],"wp:term":[{"taxonomy":"post_tag","embeddable":true,"href":"https:\/\/www.emmentaler.ch\/es\/wp-json\/wp\/v2\/tags?post=53614"},{"taxonomy":"recipe_categories","embeddable":true,"href":"https:\/\/www.emmentaler.ch\/es\/wp-json\/wp\/v2\/recipe_categories?post=53614"},{"taxonomy":"et_countries","embeddable":true,"href":"https:\/\/www.emmentaler.ch\/es\/wp-json\/wp\/v2\/et_countries?post=53614"},{"taxonomy":"recipe_main_ingredient","embeddable":true,"href":"https:\/\/www.emmentaler.ch\/es\/wp-json\/wp\/v2\/recipe_main_ingredient?post=53614"},{"taxonomy":"recipe_difficulty","embeddable":true,"href":"https:\/\/www.emmentaler.ch\/es\/wp-json\/wp\/v2\/recipe_difficulty?post=53614"},{"taxonomy":"recipe_preparation_time","embeddable":true,"href":"https:\/\/www.emmentaler.ch\/es\/wp-json\/wp\/v2\/recipe_preparation_time?post=53614"},{"taxonomy":"recipe_diet_type","embeddable":true,"href":"https:\/\/www.emmentaler.ch\/es\/wp-json\/wp\/v2\/recipe_diet_type?post=53614"},{"taxonomy":"recipe_saison","embeddable":true,"href":"https:\/\/www.emmentaler.ch\/es\/wp-json\/wp\/v2\/recipe_saison?post=53614"}],"curies":[{"name":"wp","href":"https:\/\/api.w.org\/{rel}","templated":true}]}}

Ensalada de rábano y pepino con salsa de manzana

4 cucharadas de vinagre blanco
1 cucharada de zumo de limón
6 cucharadas de aceite
½ cucharada de mostaza granulada
1 cucharadita de miel
Sal, pimienta
1 manzana pequeña
3 cucharadas de semillas de girasol
250 g de queso Emmentaler AOP
1 pepino para ensalada
1 manojo de rábanos
Un poco de berro

<span style="font-weight: 400;">Para la salsa, mezcla el vinagre con zumo de limón, aceite, mostaza, miel, sal y pimienta. Pela la manzana y rállala directamente en la salsa con un rallador fino. Mézclalo todo inmediatamente. </span>

<span style="font-weight: 400;">Tuesta un poco las semillas de girasol en una sartén sin aceite. Corta el queso Emmentaler AOP en pequeños dados. Parte el pepino por la mitad y córtalo en rodajas finas de aprox. 5 mm. Luego, corta los rábanos en rodajas finas.</span>

<span style="font-weight: 400;">Mezcla el Emmentaler AOP, el pepino y los rábanos con la salsa y sírvelo todo en el plato. Esparce las semillas de girasol y el berro.</span>
