{"id":53676,"date":"2022-04-27T13:37:12","date_gmt":"2022-04-27T11:37:12","guid":{"rendered":"https:\/\/www.emmentaler.ch\/rezept\/noquis-con-cicorino-y-emmentaler-aoc"},"modified":"2024-07-25T17:54:41","modified_gmt":"2024-07-25T15:54:41","slug":"noquis-con-cicorino-y-emmentaler-dop","status":"publish","type":"recipes","link":"https:\/\/www.emmentaler.ch\/es\/recetas\/noquis-con-cicorino-y-emmentaler-dop","title":{"rendered":"\u00d1oquis con cicorino y Emmentaler DOP"},"author":2,"featured_media":53692,"menu_order":0,"template":"","meta":{"inline_featured_image":false},"tags":[843],"recipe_categories":[619],"et_countries":[],"recipe_main_ingredient":[602],"recipe_difficulty":[577],"recipe_preparation_time":[398],"recipe_diet_type":[569,570],"recipe_saison":[561],"acf":{"recipe_preparation_time":398,"recipe_categories":619,"recipe_time_txt":"","recipe_type":65993,"recipe_difficulty":577,"recipe_diet_type":[569,570],"recipe_main_ingredient":[602],"recipe_saison":[561],"recipe_count_portions":4,"recipe_ingedients":[{"recipe_ingedients_amount":"","recipe_ingedients_unit":"g","recipe_ingedients_product":""}],"temporare_zutaten":"175 g de Emmentaler AOC\r\n50 g de nueces\r\n\u00bd manojo de mejorana\r\n400 g de cicorino rojo\r\n75 g de albaricoques secos\r\n1 cebolla\r\n1 kg de \u00f1oquis de patata frescos\r\n2 cucharadas de aceite de oliva\r\n3 cucharadas de vinagre bals\u00e1mico\r\nSal, pimienta","recipe_preparation":"<span style=\"font-weight: 400;\">Corta el Emmentaler AOC en peque\u00f1as rodajas. Trocea las nueces. Separa las hojitas de mejorana de los tallos. Corta el cicorino en tiras anchas. Corta tambi\u00e9n los albaricoques y la cebolla en tiras finas.\u00a0<\/span>\r\n\r\n<span style=\"font-weight: 400;\">Hierve los \u00f1oquis en agua con sal durante 2-3 minutos. Cuela el agua y mant\u00e9n los \u00f1oquis en caliente.<\/span>\r\n\r\n<span style=\"font-weight: 400;\">Calienta aceite en una sart\u00e9n grande y saltea la cebolla. A\u00f1ade el cicorino, los albaricoques y las nueces, y dale vueltas durante 2-3 minutos hasta que el cicorino se desmorone. A\u00f1ade el vinagre bals\u00e1mico y condimenta con sal y pimienta. A\u00f1ade los \u00f1oquis y la mejorana y m\u00e9zclalo todo bien. Esparce las lonchitas de queso y sirve el plato.<\/span>","recipe_images":[22047]},"_links":{"self":[{"href":"https:\/\/www.emmentaler.ch\/es\/wp-json\/wp\/v2\/recipes\/53676"}],"collection":[{"href":"https:\/\/www.emmentaler.ch\/es\/wp-json\/wp\/v2\/recipes"}],"about":[{"href":"https:\/\/www.emmentaler.ch\/es\/wp-json\/wp\/v2\/types\/recipes"}],"author":[{"embeddable":true,"href":"https:\/\/www.emmentaler.ch\/es\/wp-json\/wp\/v2\/users\/2"}],"version-history":[{"count":1,"href":"https:\/\/www.emmentaler.ch\/es\/wp-json\/wp\/v2\/recipes\/53676\/revisions"}],"predecessor-version":[{"id":137982,"href":"https:\/\/www.emmentaler.ch\/es\/wp-json\/wp\/v2\/recipes\/53676\/revisions\/137982"}],"acf:attachment":[{"embeddable":true,"href":"https:\/\/www.emmentaler.ch\/es\/wp-json\/wp\/v2\/media\/22047"}],"acf:term":[{"embeddable":true,"taxonomy":"recipe_saison","href":"https:\/\/www.emmentaler.ch\/es\/wp-json\/wp\/v2\/recipe_saison\/561"},{"embeddable":true,"taxonomy":"recipe_main_ingredient","href":"https:\/\/www.emmentaler.ch\/es\/wp-json\/wp\/v2\/recipe_main_ingredient\/602"},{"embeddable":true,"taxonomy":"recipe_diet_type","href":"https:\/\/www.emmentaler.ch\/es\/wp-json\/wp\/v2\/recipe_diet_type\/570"},{"embeddable":true,"taxonomy":"recipe_diet_type","href":"https:\/\/www.emmentaler.ch\/es\/wp-json\/wp\/v2\/recipe_diet_type\/569"},{"embeddable":true,"taxonomy":"recipe_difficulty","href":"https:\/\/www.emmentaler.ch\/es\/wp-json\/wp\/v2\/recipe_difficulty\/577"},{"embeddable":true,"taxonomy":"recipe_categories","href":"https:\/\/www.emmentaler.ch\/es\/wp-json\/wp\/v2\/recipe_categories\/619"},{"embeddable":true,"taxonomy":"recipe_preparation_time","href":"https:\/\/www.emmentaler.ch\/es\/wp-json\/wp\/v2\/recipe_preparation_time\/398"}],"acf:post":[{"embeddable":true,"href":"https:\/\/www.emmentaler.ch\/es\/wp-json\/wp\/v2\/pages\/65993"}],"wp:featuredmedia":[{"embeddable":true,"href":"https:\/\/www.emmentaler.ch\/es\/wp-json\/wp\/v2\/media\/53692"}],"wp:attachment":[{"href":"https:\/\/www.emmentaler.ch\/es\/wp-json\/wp\/v2\/media?parent=53676"}],"wp:term":[{"taxonomy":"post_tag","embeddable":true,"href":"https:\/\/www.emmentaler.ch\/es\/wp-json\/wp\/v2\/tags?post=53676"},{"taxonomy":"recipe_categories","embeddable":true,"href":"https:\/\/www.emmentaler.ch\/es\/wp-json\/wp\/v2\/recipe_categories?post=53676"},{"taxonomy":"et_countries","embeddable":true,"href":"https:\/\/www.emmentaler.ch\/es\/wp-json\/wp\/v2\/et_countries?post=53676"},{"taxonomy":"recipe_main_ingredient","embeddable":true,"href":"https:\/\/www.emmentaler.ch\/es\/wp-json\/wp\/v2\/recipe_main_ingredient?post=53676"},{"taxonomy":"recipe_difficulty","embeddable":true,"href":"https:\/\/www.emmentaler.ch\/es\/wp-json\/wp\/v2\/recipe_difficulty?post=53676"},{"taxonomy":"recipe_preparation_time","embeddable":true,"href":"https:\/\/www.emmentaler.ch\/es\/wp-json\/wp\/v2\/recipe_preparation_time?post=53676"},{"taxonomy":"recipe_diet_type","embeddable":true,"href":"https:\/\/www.emmentaler.ch\/es\/wp-json\/wp\/v2\/recipe_diet_type?post=53676"},{"taxonomy":"recipe_saison","embeddable":true,"href":"https:\/\/www.emmentaler.ch\/es\/wp-json\/wp\/v2\/recipe_saison?post=53676"}],"curies":[{"name":"wp","href":"https:\/\/api.w.org\/{rel}","templated":true}]}}

Ñoquis con cicorino y Emmentaler DOP

175 g de Emmentaler AOC
50 g de nueces
½ manojo de mejorana
400 g de cicorino rojo
75 g de albaricoques secos
1 cebolla
1 kg de ñoquis de patata frescos
2 cucharadas de aceite de oliva
3 cucharadas de vinagre balsámico
Sal, pimienta

<span style="font-weight: 400;">Corta el Emmentaler AOC en pequeñas rodajas. Trocea las nueces. Separa las hojitas de mejorana de los tallos. Corta el cicorino en tiras anchas. Corta también los albaricoques y la cebolla en tiras finas. </span>

<span style="font-weight: 400;">Hierve los ñoquis en agua con sal durante 2-3 minutos. Cuela el agua y mantén los ñoquis en caliente.</span>

<span style="font-weight: 400;">Calienta aceite en una sartén grande y saltea la cebolla. Añade el cicorino, los albaricoques y las nueces, y dale vueltas durante 2-3 minutos hasta que el cicorino se desmorone. Añade el vinagre balsámico y condimenta con sal y pimienta. Añade los ñoquis y la mejorana y mézclalo todo bien. Esparce las lonchitas de queso y sirve el plato.</span>
