{"id":53738,"date":"2022-04-27T13:37:12","date_gmt":"2022-04-27T11:37:12","guid":{"rendered":"https:\/\/www.emmentaler.ch\/rezept\/gerstotto-con-champinones-y-puerro"},"modified":"2022-07-29T17:06:07","modified_gmt":"2022-07-29T15:06:07","slug":"gerstotto-con-champinones-y-puerro","status":"publish","type":"recipes","link":"https:\/\/www.emmentaler.ch\/es\/recetas\/gerstotto-con-champinones-y-puerro","title":{"rendered":"Gerstotto con champi\u00f1ones y puerro"},"author":2,"featured_media":53754,"menu_order":0,"template":"","meta":{"inline_featured_image":false},"tags":[],"recipe_categories":[619],"et_countries":[],"recipe_main_ingredient":[593,602],"recipe_difficulty":[578],"recipe_preparation_time":[384],"recipe_diet_type":[569],"recipe_saison":[529,561],"acf":{"recipe_preparation_time":384,"recipe_categories":619,"recipe_time_txt":"","recipe_type":65949,"recipe_difficulty":578,"recipe_diet_type":[569],"recipe_main_ingredient":[593,602],"recipe_saison":[529,561],"recipe_count_portions":4,"recipe_ingedients":[{"recipe_ingedients_amount":"","recipe_ingedients_unit":"g","recipe_ingedients_product":""}],"temporare_zutaten":"1 cebolla\r\n3 cucharadas de aceite de colza\r\n250 g de cebada perlada\r\n9 dl de caldo\r\n300 g de puerro\r\n250 g de champi\u00f1ones\r\n100 g de panceta en taquitos\r\n2 dl de vino blanco\r\nSal, pimienta\r\n\u00bd manojo de mejorana\r\n120 g de Emmentaler AOP Bio rallado","recipe_preparation":"<span style=\"font-weight: 400;\">Corta la cebolla muy fina y reh\u00f3gala con una cucharada de aceite. A\u00f1ade la cebada. Despu\u00e9s, vierte el caldo y deja cocer a fuego lento unos 30-40 minutos.<\/span>\r\n\r\n<span style=\"font-weight: 400;\">Corta el puerro en rodajas finas. Parte los champi\u00f1ones en dos o cuatro trozos, seg\u00fan el tama\u00f1o. Calienta una cucharada de aceite en una sart\u00e9n. A\u00f1ade los champi\u00f1ones y fr\u00edelos un par de minutos. Luego, s\u00e1calos de la sart\u00e9n. Calienta el resto de aceite y sofr\u00ede la panceta y el puerro. Vuelve a a\u00f1adir los champi\u00f1ones y vierte el vino. Deja cocer 5-7 minutos a fuego lento y condimenta con sal y pimienta.<\/span>\r\n\r\n<span style=\"font-weight: 400;\">Separa las hojitas de mejorana de los tallos y remueve la mezcla de setas y el Emmentaler AOP Bio con la cebada.<\/span>","recipe_images":[53754]},"_links":{"self":[{"href":"https:\/\/www.emmentaler.ch\/es\/wp-json\/wp\/v2\/recipes\/53738"}],"collection":[{"href":"https:\/\/www.emmentaler.ch\/es\/wp-json\/wp\/v2\/recipes"}],"about":[{"href":"https:\/\/www.emmentaler.ch\/es\/wp-json\/wp\/v2\/types\/recipes"}],"author":[{"embeddable":true,"href":"https:\/\/www.emmentaler.ch\/es\/wp-json\/wp\/v2\/users\/2"}],"version-history":[{"count":0,"href":"https:\/\/www.emmentaler.ch\/es\/wp-json\/wp\/v2\/recipes\/53738\/revisions"}],"acf:attachment":[{"embeddable":true,"href":"https:\/\/www.emmentaler.ch\/es\/wp-json\/wp\/v2\/media\/53754"}],"acf:term":[{"embeddable":true,"taxonomy":"recipe_saison","href":"https:\/\/www.emmentaler.ch\/es\/wp-json\/wp\/v2\/recipe_saison\/561"},{"embeddable":true,"taxonomy":"recipe_saison","href":"https:\/\/www.emmentaler.ch\/es\/wp-json\/wp\/v2\/recipe_saison\/529"},{"embeddable":true,"taxonomy":"recipe_main_ingredient","href":"https:\/\/www.emmentaler.ch\/es\/wp-json\/wp\/v2\/recipe_main_ingredient\/602"},{"embeddable":true,"taxonomy":"recipe_main_ingredient","href":"https:\/\/www.emmentaler.ch\/es\/wp-json\/wp\/v2\/recipe_main_ingredient\/593"},{"embeddable":true,"taxonomy":"recipe_diet_type","href":"https:\/\/www.emmentaler.ch\/es\/wp-json\/wp\/v2\/recipe_diet_type\/569"},{"embeddable":true,"taxonomy":"recipe_difficulty","href":"https:\/\/www.emmentaler.ch\/es\/wp-json\/wp\/v2\/recipe_difficulty\/578"},{"embeddable":true,"taxonomy":"recipe_categories","href":"https:\/\/www.emmentaler.ch\/es\/wp-json\/wp\/v2\/recipe_categories\/619"},{"embeddable":true,"taxonomy":"recipe_preparation_time","href":"https:\/\/www.emmentaler.ch\/es\/wp-json\/wp\/v2\/recipe_preparation_time\/384"}],"acf:post":[{"embeddable":true,"href":"https:\/\/www.emmentaler.ch\/es\/wp-json\/wp\/v2\/pages\/65949"}],"wp:featuredmedia":[{"embeddable":true,"href":"https:\/\/www.emmentaler.ch\/es\/wp-json\/wp\/v2\/media\/53754"}],"wp:attachment":[{"href":"https:\/\/www.emmentaler.ch\/es\/wp-json\/wp\/v2\/media?parent=53738"}],"wp:term":[{"taxonomy":"post_tag","embeddable":true,"href":"https:\/\/www.emmentaler.ch\/es\/wp-json\/wp\/v2\/tags?post=53738"},{"taxonomy":"recipe_categories","embeddable":true,"href":"https:\/\/www.emmentaler.ch\/es\/wp-json\/wp\/v2\/recipe_categories?post=53738"},{"taxonomy":"et_countries","embeddable":true,"href":"https:\/\/www.emmentaler.ch\/es\/wp-json\/wp\/v2\/et_countries?post=53738"},{"taxonomy":"recipe_main_ingredient","embeddable":true,"href":"https:\/\/www.emmentaler.ch\/es\/wp-json\/wp\/v2\/recipe_main_ingredient?post=53738"},{"taxonomy":"recipe_difficulty","embeddable":true,"href":"https:\/\/www.emmentaler.ch\/es\/wp-json\/wp\/v2\/recipe_difficulty?post=53738"},{"taxonomy":"recipe_preparation_time","embeddable":true,"href":"https:\/\/www.emmentaler.ch\/es\/wp-json\/wp\/v2\/recipe_preparation_time?post=53738"},{"taxonomy":"recipe_diet_type","embeddable":true,"href":"https:\/\/www.emmentaler.ch\/es\/wp-json\/wp\/v2\/recipe_diet_type?post=53738"},{"taxonomy":"recipe_saison","embeddable":true,"href":"https:\/\/www.emmentaler.ch\/es\/wp-json\/wp\/v2\/recipe_saison?post=53738"}],"curies":[{"name":"wp","href":"https:\/\/api.w.org\/{rel}","templated":true}]}}

Gerstotto con champiñones y puerro

1 cebolla
3 cucharadas de aceite de colza
250 g de cebada perlada
9 dl de caldo
300 g de puerro
250 g de champiñones
100 g de panceta en taquitos
2 dl de vino blanco
Sal, pimienta
½ manojo de mejorana
120 g de Emmentaler AOP Bio rallado

<span style="font-weight: 400;">Corta la cebolla muy fina y rehógala con una cucharada de aceite. Añade la cebada. Después, vierte el caldo y deja cocer a fuego lento unos 30-40 minutos.</span>

<span style="font-weight: 400;">Corta el puerro en rodajas finas. Parte los champiñones en dos o cuatro trozos, según el tamaño. Calienta una cucharada de aceite en una sartén. Añade los champiñones y fríelos un par de minutos. Luego, sácalos de la sartén. Calienta el resto de aceite y sofríe la panceta y el puerro. Vuelve a añadir los champiñones y vierte el vino. Deja cocer 5-7 minutos a fuego lento y condimenta con sal y pimienta.</span>

<span style="font-weight: 400;">Separa las hojitas de mejorana de los tallos y remueve la mezcla de setas y el Emmentaler AOP Bio con la cebada.</span>
