{"id":53769,"date":"2022-04-27T13:37:12","date_gmt":"2022-04-27T11:37:12","guid":{"rendered":"https:\/\/www.emmentaler.ch\/rezept\/cazuela-de-cebada-y-pollo"},"modified":"2022-07-29T17:01:50","modified_gmt":"2022-07-29T15:01:50","slug":"cazuela-de-cebada-y-pollo","status":"publish","type":"recipes","link":"https:\/\/www.emmentaler.ch\/es\/recetas\/cazuela-de-cebada-y-pollo","title":{"rendered":"Cazuela de cebada y pollo"},"author":2,"featured_media":53785,"menu_order":0,"template":"","meta":{"inline_featured_image":false},"tags":[],"recipe_categories":[619],"et_countries":[],"recipe_main_ingredient":[593,602],"recipe_difficulty":[585],"recipe_preparation_time":[384],"recipe_diet_type":[569],"recipe_saison":[561],"acf":{"recipe_preparation_time":384,"recipe_categories":619,"recipe_time_txt":"","recipe_type":65982,"recipe_difficulty":585,"recipe_diet_type":[569],"recipe_main_ingredient":[593,602],"recipe_saison":[561],"recipe_count_portions":4,"recipe_ingedients":[{"recipe_ingedients_amount":"","recipe_ingedients_unit":"g","recipe_ingedients_product":""}],"temporare_zutaten":"1,5 l de caldo\r\n200 g de cebada perlada\r\n300 g de zanahorias\r\n30 g de tomates secos conservados en aceite\r\n1 diente de ajo\r\n1 manojo de cebolletas\r\n3 cucharadas de aceite de oliva\r\n1 dl de vino blanco\r\n1 cucharada de tomillo\r\nSal, pimienta\r\n400 g de pollo troceado\r\n150 g de Emmentaler AOC curado","recipe_preparation":"<span style=\"font-weight: 400;\">Pon a hervir 8\u00a0dl de caldo. A\u00f1ade la cebada y deja que cueza durante 30 minutos. Esc\u00farrela y recoge el l\u00edquido.<\/span>\r\n\r\n<span style=\"font-weight: 400;\">Corta las zanahorias en peque\u00f1as rodajas. Corta en tiras los tomates secos. Pica fino el diente de ajo. Corta las cebolletas en aros. Calienta dos cucharadas de aceite y rehoga la parte blanca de las cebolletas, los tomates y el ajo durante 2 minutos. A\u00f1ade la cebada y echa el vino blanco. A\u00f1ade el agua de haber cocido la cebada y el resto de caldo. A\u00f1ade el tomillo y deja cocer 15 minutos a fuego lento. Si es necesario, a\u00f1ade un poco de agua. Sazona con sal y pimienta.<\/span>\r\n\r\n<span style=\"font-weight: 400;\">Condimenta el pollo, fr\u00edelo con el resto del aceite y \u00e9chalo a la cebada. Ralla fino el Emmentaler AOC. M\u00e9zclalo con la cebada o s\u00edrvelo aparte. Por \u00faltimo, esparce la parte verde de las cebolletas por la cebada.<\/span>","recipe_images":[53785]},"_links":{"self":[{"href":"https:\/\/www.emmentaler.ch\/es\/wp-json\/wp\/v2\/recipes\/53769"}],"collection":[{"href":"https:\/\/www.emmentaler.ch\/es\/wp-json\/wp\/v2\/recipes"}],"about":[{"href":"https:\/\/www.emmentaler.ch\/es\/wp-json\/wp\/v2\/types\/recipes"}],"author":[{"embeddable":true,"href":"https:\/\/www.emmentaler.ch\/es\/wp-json\/wp\/v2\/users\/2"}],"version-history":[{"count":0,"href":"https:\/\/www.emmentaler.ch\/es\/wp-json\/wp\/v2\/recipes\/53769\/revisions"}],"acf:attachment":[{"embeddable":true,"href":"https:\/\/www.emmentaler.ch\/es\/wp-json\/wp\/v2\/media\/53785"}],"acf:term":[{"embeddable":true,"taxonomy":"recipe_saison","href":"https:\/\/www.emmentaler.ch\/es\/wp-json\/wp\/v2\/recipe_saison\/561"},{"embeddable":true,"taxonomy":"recipe_main_ingredient","href":"https:\/\/www.emmentaler.ch\/es\/wp-json\/wp\/v2\/recipe_main_ingredient\/602"},{"embeddable":true,"taxonomy":"recipe_main_ingredient","href":"https:\/\/www.emmentaler.ch\/es\/wp-json\/wp\/v2\/recipe_main_ingredient\/593"},{"embeddable":true,"taxonomy":"recipe_diet_type","href":"https:\/\/www.emmentaler.ch\/es\/wp-json\/wp\/v2\/recipe_diet_type\/569"},{"embeddable":true,"taxonomy":"recipe_difficulty","href":"https:\/\/www.emmentaler.ch\/es\/wp-json\/wp\/v2\/recipe_difficulty\/585"},{"embeddable":true,"taxonomy":"recipe_categories","href":"https:\/\/www.emmentaler.ch\/es\/wp-json\/wp\/v2\/recipe_categories\/619"},{"embeddable":true,"taxonomy":"recipe_preparation_time","href":"https:\/\/www.emmentaler.ch\/es\/wp-json\/wp\/v2\/recipe_preparation_time\/384"}],"acf:post":[{"embeddable":true,"href":"https:\/\/www.emmentaler.ch\/es\/wp-json\/wp\/v2\/pages\/65982"}],"wp:featuredmedia":[{"embeddable":true,"href":"https:\/\/www.emmentaler.ch\/es\/wp-json\/wp\/v2\/media\/53785"}],"wp:attachment":[{"href":"https:\/\/www.emmentaler.ch\/es\/wp-json\/wp\/v2\/media?parent=53769"}],"wp:term":[{"taxonomy":"post_tag","embeddable":true,"href":"https:\/\/www.emmentaler.ch\/es\/wp-json\/wp\/v2\/tags?post=53769"},{"taxonomy":"recipe_categories","embeddable":true,"href":"https:\/\/www.emmentaler.ch\/es\/wp-json\/wp\/v2\/recipe_categories?post=53769"},{"taxonomy":"et_countries","embeddable":true,"href":"https:\/\/www.emmentaler.ch\/es\/wp-json\/wp\/v2\/et_countries?post=53769"},{"taxonomy":"recipe_main_ingredient","embeddable":true,"href":"https:\/\/www.emmentaler.ch\/es\/wp-json\/wp\/v2\/recipe_main_ingredient?post=53769"},{"taxonomy":"recipe_difficulty","embeddable":true,"href":"https:\/\/www.emmentaler.ch\/es\/wp-json\/wp\/v2\/recipe_difficulty?post=53769"},{"taxonomy":"recipe_preparation_time","embeddable":true,"href":"https:\/\/www.emmentaler.ch\/es\/wp-json\/wp\/v2\/recipe_preparation_time?post=53769"},{"taxonomy":"recipe_diet_type","embeddable":true,"href":"https:\/\/www.emmentaler.ch\/es\/wp-json\/wp\/v2\/recipe_diet_type?post=53769"},{"taxonomy":"recipe_saison","embeddable":true,"href":"https:\/\/www.emmentaler.ch\/es\/wp-json\/wp\/v2\/recipe_saison?post=53769"}],"curies":[{"name":"wp","href":"https:\/\/api.w.org\/{rel}","templated":true}]}}

<span style="font-weight: 400;">Pon a hervir 8 dl de caldo. Añade la cebada y deja que cueza durante 30 minutos. Escúrrela y recoge el líquido.</span>

<span style="font-weight: 400;">Corta las zanahorias en pequeñas rodajas. Corta en tiras los tomates secos. Pica fino el diente de ajo. Corta las cebolletas en aros. Calienta dos cucharadas de aceite y rehoga la parte blanca de las cebolletas, los tomates y el ajo durante 2 minutos. Añade la cebada y echa el vino blanco. Añade el agua de haber cocido la cebada y el resto de caldo. Añade el tomillo y deja cocer 15 minutos a fuego lento. Si es necesario, añade un poco de agua. Sazona con sal y pimienta.</span>

<span style="font-weight: 400;">Condimenta el pollo, fríelo con el resto del aceite y échalo a la cebada. Ralla fino el Emmentaler AOC. Mézclalo con la cebada o sírvelo aparte. Por último, esparce la parte verde de las cebolletas por la cebada.</span>
