{"id":53800,"date":"2022-04-27T13:37:12","date_gmt":"2022-04-27T11:37:12","guid":{"rendered":"https:\/\/www.emmentaler.ch\/rezept\/pastelitos-de-verduras"},"modified":"2022-07-29T17:47:29","modified_gmt":"2022-07-29T15:47:29","slug":"pastelitos-de-verduras","status":"publish","type":"recipes","link":"https:\/\/www.emmentaler.ch\/es\/recetas\/pastelitos-de-verduras","title":{"rendered":"Pastelitos de verduras"},"author":2,"featured_media":53816,"menu_order":0,"template":"","meta":{"inline_featured_image":false},"tags":[],"recipe_categories":[611],"et_countries":[],"recipe_main_ingredient":[602],"recipe_difficulty":[585],"recipe_preparation_time":[386],"recipe_diet_type":[570],"recipe_saison":[529,561],"acf":{"recipe_preparation_time":386,"recipe_categories":611,"recipe_time_txt":"30 minutos m\u00e1s 40 minutos en el horno","recipe_type":68478,"recipe_difficulty":585,"recipe_diet_type":[570],"recipe_main_ingredient":[602],"recipe_saison":[529,561],"recipe_count_portions":4,"recipe_ingedients":[{"recipe_ingedients_amount":"","recipe_ingedients_unit":"g","recipe_ingedients_product":""}],"temporare_zutaten":"2 puerros grandes, aprox. 350 g\r\nSal\r\nMantequilla para engrasar\r\n300 g de zanahorias\r\n500 g de col de Mil\u00e1n\r\n2 cucharadas de aceite\r\n0,5 dl de caldo de verduras\r\n1 manojo de perejil\r\n150 g de Emmentaler AOC\r\n2 huevos\r\n1,5 dl de leche\r\n2 dientes de ajo\r\nPimienta\r\nNuez moscada\r\n2 dl de crema agria","recipe_preparation":"<span style=\"font-weight: 400;\">Corta los puerros a lo largo y separa las capas. Esc\u00e1ldalos durante 1-2 minutos en abundante agua hirviendo con sal. Luego, s\u00e1calos con una espumadera y enfr\u00edalos con agua fr\u00eda. Unta los moldes (de aprox. 3,5\u00a0dl de contenido) con mantequilla y coloca las tiras de puerro secas.<\/span>\r\n\r\n<span style=\"font-weight: 400;\">Ralla las zanahorias con un rallador de r\u00f6sti y corta la col de Mil\u00e1n en tiras finas. A continuaci\u00f3n, calienta aceite y rehoga la verdura. A\u00f1ade el caldo y fr\u00edela hasta que est\u00e9 crujiente. Luego, deja que se enfr\u00ede un poco.<\/span>\r\n\r\n<span style=\"font-weight: 400;\">Pica fino el perejil. Ralla fino el Emmentaler. Bate los huevos y m\u00e9zclalos con la leche, el perejil y el queso. A\u00f1ade el ajo prensado y condimenta con nuez moscada, sal y pimienta.<\/span>\r\n\r\n<span style=\"font-weight: 400;\">Junta la mezcla con la verdura y rellena los moldes. M\u00e9telos en el horno precalentado a 200\u00ba en la altura media, unos 30-40 minutos. Si es necesario, c\u00fabrelos con papel de aluminio.<\/span>\r\n\r\n<span style=\"font-weight: 400;\">Saca los pastelitos de los moldes y s\u00edrvelos en un plato. Acomp\u00e1\u00f1alos de crema agria.<\/span>","recipe_images":[53816]},"_links":{"self":[{"href":"https:\/\/www.emmentaler.ch\/es\/wp-json\/wp\/v2\/recipes\/53800"}],"collection":[{"href":"https:\/\/www.emmentaler.ch\/es\/wp-json\/wp\/v2\/recipes"}],"about":[{"href":"https:\/\/www.emmentaler.ch\/es\/wp-json\/wp\/v2\/types\/recipes"}],"author":[{"embeddable":true,"href":"https:\/\/www.emmentaler.ch\/es\/wp-json\/wp\/v2\/users\/2"}],"version-history":[{"count":0,"href":"https:\/\/www.emmentaler.ch\/es\/wp-json\/wp\/v2\/recipes\/53800\/revisions"}],"acf:attachment":[{"embeddable":true,"href":"https:\/\/www.emmentaler.ch\/es\/wp-json\/wp\/v2\/media\/53816"}],"acf:term":[{"embeddable":true,"taxonomy":"recipe_saison","href":"https:\/\/www.emmentaler.ch\/es\/wp-json\/wp\/v2\/recipe_saison\/561"},{"embeddable":true,"taxonomy":"recipe_saison","href":"https:\/\/www.emmentaler.ch\/es\/wp-json\/wp\/v2\/recipe_saison\/529"},{"embeddable":true,"taxonomy":"recipe_main_ingredient","href":"https:\/\/www.emmentaler.ch\/es\/wp-json\/wp\/v2\/recipe_main_ingredient\/602"},{"embeddable":true,"taxonomy":"recipe_diet_type","href":"https:\/\/www.emmentaler.ch\/es\/wp-json\/wp\/v2\/recipe_diet_type\/570"},{"embeddable":true,"taxonomy":"recipe_difficulty","href":"https:\/\/www.emmentaler.ch\/es\/wp-json\/wp\/v2\/recipe_difficulty\/585"},{"embeddable":true,"taxonomy":"recipe_categories","href":"https:\/\/www.emmentaler.ch\/es\/wp-json\/wp\/v2\/recipe_categories\/611"},{"embeddable":true,"taxonomy":"recipe_preparation_time","href":"https:\/\/www.emmentaler.ch\/es\/wp-json\/wp\/v2\/recipe_preparation_time\/386"}],"acf:post":[{"embeddable":true,"href":"https:\/\/www.emmentaler.ch\/es\/wp-json\/wp\/v2\/pages\/68478"}],"wp:featuredmedia":[{"embeddable":true,"href":"https:\/\/www.emmentaler.ch\/es\/wp-json\/wp\/v2\/media\/53816"}],"wp:attachment":[{"href":"https:\/\/www.emmentaler.ch\/es\/wp-json\/wp\/v2\/media?parent=53800"}],"wp:term":[{"taxonomy":"post_tag","embeddable":true,"href":"https:\/\/www.emmentaler.ch\/es\/wp-json\/wp\/v2\/tags?post=53800"},{"taxonomy":"recipe_categories","embeddable":true,"href":"https:\/\/www.emmentaler.ch\/es\/wp-json\/wp\/v2\/recipe_categories?post=53800"},{"taxonomy":"et_countries","embeddable":true,"href":"https:\/\/www.emmentaler.ch\/es\/wp-json\/wp\/v2\/et_countries?post=53800"},{"taxonomy":"recipe_main_ingredient","embeddable":true,"href":"https:\/\/www.emmentaler.ch\/es\/wp-json\/wp\/v2\/recipe_main_ingredient?post=53800"},{"taxonomy":"recipe_difficulty","embeddable":true,"href":"https:\/\/www.emmentaler.ch\/es\/wp-json\/wp\/v2\/recipe_difficulty?post=53800"},{"taxonomy":"recipe_preparation_time","embeddable":true,"href":"https:\/\/www.emmentaler.ch\/es\/wp-json\/wp\/v2\/recipe_preparation_time?post=53800"},{"taxonomy":"recipe_diet_type","embeddable":true,"href":"https:\/\/www.emmentaler.ch\/es\/wp-json\/wp\/v2\/recipe_diet_type?post=53800"},{"taxonomy":"recipe_saison","embeddable":true,"href":"https:\/\/www.emmentaler.ch\/es\/wp-json\/wp\/v2\/recipe_saison?post=53800"}],"curies":[{"name":"wp","href":"https:\/\/api.w.org\/{rel}","templated":true}]}}

30 minutos más 40 minutos en el horno

2 puerros grandes, aprox. 350 g
Sal
Mantequilla para engrasar
300 g de zanahorias
500 g de col de Milán
2 cucharadas de aceite
0,5 dl de caldo de verduras
1 manojo de perejil
150 g de Emmentaler AOC
2 huevos
1,5 dl de leche
2 dientes de ajo
Pimienta
Nuez moscada
2 dl de crema agria

<span style="font-weight: 400;">Corta los puerros a lo largo y separa las capas. Escáldalos durante 1-2 minutos en abundante agua hirviendo con sal. Luego, sácalos con una espumadera y enfríalos con agua fría. Unta los moldes (de aprox. 3,5 dl de contenido) con mantequilla y coloca las tiras de puerro secas.</span>

<span style="font-weight: 400;">Ralla las zanahorias con un rallador de rösti y corta la col de Milán en tiras finas. A continuación, calienta aceite y rehoga la verdura. Añade el caldo y fríela hasta que esté crujiente. Luego, deja que se enfríe un poco.</span>

<span style="font-weight: 400;">Pica fino el perejil. Ralla fino el Emmentaler. Bate los huevos y mézclalos con la leche, el perejil y el queso. Añade el ajo prensado y condimenta con nuez moscada, sal y pimienta.</span>

<span style="font-weight: 400;">Junta la mezcla con la verdura y rellena los moldes. Mételos en el horno precalentado a 200º en la altura media, unos 30-40 minutos. Si es necesario, cúbrelos con papel de aluminio.</span>

<span style="font-weight: 400;">Saca los pastelitos de los moldes y sírvelos en un plato. Acompáñalos de crema agria.</span>
