{"id":53831,"date":"2022-04-27T13:36:19","date_gmt":"2022-04-27T11:36:19","guid":{"rendered":"https:\/\/www.emmentaler.ch\/rezept\/verduras-con-salsa-de-queso-emmentaler-aop-y-huevo-frito"},"modified":"2022-07-29T17:26:58","modified_gmt":"2022-07-29T15:26:58","slug":"verduras-con-salsa-de-queso-emmentaler-dop-y-huevo-frito","status":"publish","type":"recipes","link":"https:\/\/www.emmentaler.ch\/es\/recetas\/verduras-con-salsa-de-queso-emmentaler-dop-y-huevo-frito","title":{"rendered":"Verduras con salsa de queso Emmentaler DOP y huevo frito"},"author":2,"featured_media":53847,"menu_order":0,"template":"","meta":{"inline_featured_image":false},"tags":[],"recipe_categories":[611],"et_countries":[],"recipe_main_ingredient":[602],"recipe_difficulty":[578],"recipe_preparation_time":[382],"recipe_diet_type":[570],"recipe_saison":[530,561],"acf":{"recipe_preparation_time":382,"recipe_categories":611,"recipe_time_txt":"","recipe_type":65982,"recipe_difficulty":578,"recipe_diet_type":[570],"recipe_main_ingredient":[602],"recipe_saison":[530,561],"recipe_count_portions":4,"recipe_ingedients":[{"recipe_ingedients_amount":"","recipe_ingedients_unit":"g","recipe_ingedients_product":""}],"temporare_zutaten":"600 g de patatas\r\n2 colinabos\r\n400 g de zanahoria\r\n4 dl de caldo de verduras\r\n2 hojas de laurel\r\n150 g de queso Emmentaler AOP\r\n2 manojos de cebollino\r\n3 cucharaditas de maicena\r\n1 dl de nata\r\n1-2 cucharadas de vinagre\r\nSal, pimienta\r\n1 cucharada de mantequilla\r\n4 huevos\r\nPiment\u00f3n","recipe_preparation":"<span style=\"font-weight: 400;\">Pela las patatas y la verdura, y c\u00f3rtalas en dados grandes de unos 2\u00a0cm. Cuece el caldo, a\u00f1ade los dados de patatas y verdura y las hojas de laurel. Pon la tapadera y deja cocer unos 15 minutos hasta que se ablanden.<\/span>\r\n\r\n<span style=\"font-weight: 400;\">Ralla fino el Emmentaler AOP. Pica fino el cebollino. Remueve la maicena con la nata, \u00e9chala en la verdura y deja cocer a fuego lento 1-2 minutos. Vierte la salsa en un recipiente alto. A\u00f1ade el Emmentaler AOP y el cebollino, y tritura con la batidora.<\/span>\r\n\r\n<span style=\"font-weight: 400;\">Vuelve a echar la salsa en la olla. A\u00f1ade el vinagre y condimenta con sal y pimienta.<\/span>\r\n\r\n<span style=\"font-weight: 400;\">Derrite mantequilla en la sart\u00e9n y fr\u00ede el huevo. Condimenta con sal, pimienta y piment\u00f3n.<\/span>\r\n\r\n<span style=\"font-weight: 400;\">Echa la verdura con la salsa en un plato y sirve cada raci\u00f3n con un huevo frito.<\/span>","recipe_images":[53847]},"_links":{"self":[{"href":"https:\/\/www.emmentaler.ch\/es\/wp-json\/wp\/v2\/recipes\/53831"}],"collection":[{"href":"https:\/\/www.emmentaler.ch\/es\/wp-json\/wp\/v2\/recipes"}],"about":[{"href":"https:\/\/www.emmentaler.ch\/es\/wp-json\/wp\/v2\/types\/recipes"}],"author":[{"embeddable":true,"href":"https:\/\/www.emmentaler.ch\/es\/wp-json\/wp\/v2\/users\/2"}],"version-history":[{"count":0,"href":"https:\/\/www.emmentaler.ch\/es\/wp-json\/wp\/v2\/recipes\/53831\/revisions"}],"acf:attachment":[{"embeddable":true,"href":"https:\/\/www.emmentaler.ch\/es\/wp-json\/wp\/v2\/media\/53847"}],"acf:term":[{"embeddable":true,"taxonomy":"recipe_saison","href":"https:\/\/www.emmentaler.ch\/es\/wp-json\/wp\/v2\/recipe_saison\/561"},{"embeddable":true,"taxonomy":"recipe_saison","href":"https:\/\/www.emmentaler.ch\/es\/wp-json\/wp\/v2\/recipe_saison\/530"},{"embeddable":true,"taxonomy":"recipe_main_ingredient","href":"https:\/\/www.emmentaler.ch\/es\/wp-json\/wp\/v2\/recipe_main_ingredient\/602"},{"embeddable":true,"taxonomy":"recipe_diet_type","href":"https:\/\/www.emmentaler.ch\/es\/wp-json\/wp\/v2\/recipe_diet_type\/570"},{"embeddable":true,"taxonomy":"recipe_difficulty","href":"https:\/\/www.emmentaler.ch\/es\/wp-json\/wp\/v2\/recipe_difficulty\/578"},{"embeddable":true,"taxonomy":"recipe_categories","href":"https:\/\/www.emmentaler.ch\/es\/wp-json\/wp\/v2\/recipe_categories\/611"},{"embeddable":true,"taxonomy":"recipe_preparation_time","href":"https:\/\/www.emmentaler.ch\/es\/wp-json\/wp\/v2\/recipe_preparation_time\/382"}],"acf:post":[{"embeddable":true,"href":"https:\/\/www.emmentaler.ch\/es\/wp-json\/wp\/v2\/pages\/65982"}],"wp:featuredmedia":[{"embeddable":true,"href":"https:\/\/www.emmentaler.ch\/es\/wp-json\/wp\/v2\/media\/53847"}],"wp:attachment":[{"href":"https:\/\/www.emmentaler.ch\/es\/wp-json\/wp\/v2\/media?parent=53831"}],"wp:term":[{"taxonomy":"post_tag","embeddable":true,"href":"https:\/\/www.emmentaler.ch\/es\/wp-json\/wp\/v2\/tags?post=53831"},{"taxonomy":"recipe_categories","embeddable":true,"href":"https:\/\/www.emmentaler.ch\/es\/wp-json\/wp\/v2\/recipe_categories?post=53831"},{"taxonomy":"et_countries","embeddable":true,"href":"https:\/\/www.emmentaler.ch\/es\/wp-json\/wp\/v2\/et_countries?post=53831"},{"taxonomy":"recipe_main_ingredient","embeddable":true,"href":"https:\/\/www.emmentaler.ch\/es\/wp-json\/wp\/v2\/recipe_main_ingredient?post=53831"},{"taxonomy":"recipe_difficulty","embeddable":true,"href":"https:\/\/www.emmentaler.ch\/es\/wp-json\/wp\/v2\/recipe_difficulty?post=53831"},{"taxonomy":"recipe_preparation_time","embeddable":true,"href":"https:\/\/www.emmentaler.ch\/es\/wp-json\/wp\/v2\/recipe_preparation_time?post=53831"},{"taxonomy":"recipe_diet_type","embeddable":true,"href":"https:\/\/www.emmentaler.ch\/es\/wp-json\/wp\/v2\/recipe_diet_type?post=53831"},{"taxonomy":"recipe_saison","embeddable":true,"href":"https:\/\/www.emmentaler.ch\/es\/wp-json\/wp\/v2\/recipe_saison?post=53831"}],"curies":[{"name":"wp","href":"https:\/\/api.w.org\/{rel}","templated":true}]}}

600 g de patatas
2 colinabos
400 g de zanahoria
4 dl de caldo de verduras
2 hojas de laurel
150 g de queso Emmentaler AOP
2 manojos de cebollino
3 cucharaditas de maicena
1 dl de nata
1-2 cucharadas de vinagre
Sal, pimienta
1 cucharada de mantequilla
4 huevos
Pimentón

<span style="font-weight: 400;">Pela las patatas y la verdura, y córtalas en dados grandes de unos 2 cm. Cuece el caldo, añade los dados de patatas y verdura y las hojas de laurel. Pon la tapadera y deja cocer unos 15 minutos hasta que se ablanden.</span>

<span style="font-weight: 400;">Ralla fino el Emmentaler AOP. Pica fino el cebollino. Remueve la maicena con la nata, échala en la verdura y deja cocer a fuego lento 1-2 minutos. Vierte la salsa en un recipiente alto. Añade el Emmentaler AOP y el cebollino, y tritura con la batidora.</span>

<span style="font-weight: 400;">Vuelve a echar la salsa en la olla. Añade el vinagre y condimenta con sal y pimienta.</span>

<span style="font-weight: 400;">Derrite mantequilla en la sartén y fríe el huevo. Condimenta con sal, pimienta y pimentón.</span>

<span style="font-weight: 400;">Echa la verdura con la salsa en un plato y sirve cada ración con un huevo frito.</span>
