{"id":53862,"date":"2022-04-27T13:36:19","date_gmt":"2022-04-27T11:36:19","guid":{"rendered":"https:\/\/www.emmentaler.ch\/rezept\/calabaza-rellena"},"modified":"2022-12-14T09:41:55","modified_gmt":"2022-12-14T08:41:55","slug":"calabaza-rellena","status":"publish","type":"recipes","link":"https:\/\/www.emmentaler.ch\/es\/recetas\/calabaza-rellena","title":{"rendered":"Calabaza rellena"},"author":2,"featured_media":30496,"menu_order":0,"template":"","meta":{"inline_featured_image":false},"tags":[720],"recipe_categories":[619],"et_countries":[],"recipe_main_ingredient":[593,602],"recipe_difficulty":[578],"recipe_preparation_time":[707],"recipe_diet_type":[],"recipe_saison":[529,538],"acf":{"recipe_preparation_time":707,"recipe_categories":619,"recipe_time_txt":"30 minutos m\u00e1s 60 minutos en el horno","recipe_type":65975,"recipe_difficulty":578,"recipe_diet_type":false,"recipe_main_ingredient":[593,602],"recipe_saison":[529,538],"recipe_count_portions":4,"recipe_ingedients":[{"recipe_ingedients_amount":"18.75","recipe_ingedients_unit":"g","recipe_ingedients_product":"de pan, sin corteza"},{"recipe_ingedients_amount":"25","recipe_ingedients_unit":"ml","recipe_ingedients_product":"de leche tibia"},{"recipe_ingedients_amount":".25","recipe_ingedients_unit":"St\u00fcck","recipe_ingedients_product":"cebolla"},{"recipe_ingedients_amount":".25","recipe_ingedients_unit":"St\u00fcck","recipe_ingedients_product":"diente de ajo"},{"recipe_ingedients_amount":".25","recipe_ingedients_unit":"Bd","recipe_ingedients_product":"de perejil"},{"recipe_ingedients_amount":".25","recipe_ingedients_unit":"Bd","recipe_ingedients_product":"de hierbas arom\u00e1ticas variadas, p. ej., romero, or\u00e9gano y salvia"},{"recipe_ingedients_amount":".25","recipe_ingedients_unit":"El","recipe_ingedients_product":"de mantequilla"},{"recipe_ingedients_amount":"50","recipe_ingedients_unit":"g","recipe_ingedients_product":"Emmentaler DOP"},{"recipe_ingedients_amount":"75","recipe_ingedients_unit":"g","recipe_ingedients_product":"de carne picada mezclada"},{"recipe_ingedients_amount":".25","recipe_ingedients_unit":"St\u00fcck","recipe_ingedients_product":"huevo"},{"recipe_ingedients_amount":".25","recipe_ingedients_unit":"Tl","recipe_ingedients_product":"de mostaza"},{"recipe_ingedients_amount":".25","recipe_ingedients_unit":"St\u00fcck","recipe_ingedients_product":"calabaza kuri roja (1 calabaza aprox. 1,5 kg)"},{"recipe_ingedients_amount":"","recipe_ingedients_unit":"Bedarf","recipe_ingedients_product":"Sal, pimienta"}],"temporare_zutaten":"75 g de pan, sin corteza\r\n1 dl de leche tibia\r\n1 cebolla\r\n1 diente de ajo\r\n1 manojo de perejil\r\n1 manojo de hierbas arom\u00e1ticas variadas, p. ej., romero, or\u00e9gano y salvia\r\n1 cucharada de mantequilla\r\n200 g de Emmentaler AOP\r\n300 g de carne picada mezclada\r\n1 huevo\r\n1 cucharadita de mostaza\r\nSal, pimienta\r\n1 calabaza kuri roja, aprox. 1,5 kg","recipe_preparation":"<span style=\"font-weight: 400;\">Corta el pan en trozos peque\u00f1os, ponlo en remojo en leche durante 20 minutos, estr\u00fajalo y mach\u00e1calo con un tenedor. Pica fino el ajo, la cebolla y las hierbas arom\u00e1ticas. Reh\u00f3galo todo con mantequilla caliente, \u00e9chalo en un recipiente y deja que se enfr\u00ede.<\/span>\r\n\r\n<span style=\"font-weight: 400;\">Corta el Emmentaler AOP en dados grandes de 1 cm. Echa los dados de queso, la carne picada, el huevo, la mostaza, la sal y la pimienta en el recipiente y mezcla bien.<\/span>\r\n\r\n<span style=\"font-weight: 400;\">Corta la tapa de la calabaza y raspa generosamente la pulpa con una cuchara. Sazona el interior de la calabaza con sal y rell\u00e9nala con la masa de carne picada.<\/span>\r\n\r\n<span style=\"font-weight: 400;\">Coloca la calabaza en una bandeja con papel de horno y m\u00e9tela en el horno precalentado a 200\u00ba unos 60 minutos. Despu\u00e9s de 30 minutos, coloca la tapa de la calabaza.\u00a0<\/span>\r\n\r\n\u00a0","recipe_images":[53878]},"_links":{"self":[{"href":"https:\/\/www.emmentaler.ch\/es\/wp-json\/wp\/v2\/recipes\/53862"}],"collection":[{"href":"https:\/\/www.emmentaler.ch\/es\/wp-json\/wp\/v2\/recipes"}],"about":[{"href":"https:\/\/www.emmentaler.ch\/es\/wp-json\/wp\/v2\/types\/recipes"}],"author":[{"embeddable":true,"href":"https:\/\/www.emmentaler.ch\/es\/wp-json\/wp\/v2\/users\/2"}],"version-history":[{"count":0,"href":"https:\/\/www.emmentaler.ch\/es\/wp-json\/wp\/v2\/recipes\/53862\/revisions"}],"acf:attachment":[{"embeddable":true,"href":"https:\/\/www.emmentaler.ch\/es\/wp-json\/wp\/v2\/media\/53878"}],"acf:term":[{"embeddable":true,"taxonomy":"recipe_saison","href":"https:\/\/www.emmentaler.ch\/es\/wp-json\/wp\/v2\/recipe_saison\/538"},{"embeddable":true,"taxonomy":"recipe_saison","href":"https:\/\/www.emmentaler.ch\/es\/wp-json\/wp\/v2\/recipe_saison\/529"},{"embeddable":true,"taxonomy":"recipe_main_ingredient","href":"https:\/\/www.emmentaler.ch\/es\/wp-json\/wp\/v2\/recipe_main_ingredient\/602"},{"embeddable":true,"taxonomy":"recipe_main_ingredient","href":"https:\/\/www.emmentaler.ch\/es\/wp-json\/wp\/v2\/recipe_main_ingredient\/593"},{"embeddable":true,"taxonomy":"recipe_difficulty","href":"https:\/\/www.emmentaler.ch\/es\/wp-json\/wp\/v2\/recipe_difficulty\/578"},{"embeddable":true,"taxonomy":"recipe_categories","href":"https:\/\/www.emmentaler.ch\/es\/wp-json\/wp\/v2\/recipe_categories\/619"},{"embeddable":true,"taxonomy":"recipe_preparation_time","href":"https:\/\/www.emmentaler.ch\/es\/wp-json\/wp\/v2\/recipe_preparation_time\/707"}],"acf:post":[{"embeddable":true,"href":"https:\/\/www.emmentaler.ch\/es\/wp-json\/wp\/v2\/pages\/65975"}],"wp:featuredmedia":[{"embeddable":true,"href":"https:\/\/www.emmentaler.ch\/es\/wp-json\/wp\/v2\/media\/30496"}],"wp:attachment":[{"href":"https:\/\/www.emmentaler.ch\/es\/wp-json\/wp\/v2\/media?parent=53862"}],"wp:term":[{"taxonomy":"post_tag","embeddable":true,"href":"https:\/\/www.emmentaler.ch\/es\/wp-json\/wp\/v2\/tags?post=53862"},{"taxonomy":"recipe_categories","embeddable":true,"href":"https:\/\/www.emmentaler.ch\/es\/wp-json\/wp\/v2\/recipe_categories?post=53862"},{"taxonomy":"et_countries","embeddable":true,"href":"https:\/\/www.emmentaler.ch\/es\/wp-json\/wp\/v2\/et_countries?post=53862"},{"taxonomy":"recipe_main_ingredient","embeddable":true,"href":"https:\/\/www.emmentaler.ch\/es\/wp-json\/wp\/v2\/recipe_main_ingredient?post=53862"},{"taxonomy":"recipe_difficulty","embeddable":true,"href":"https:\/\/www.emmentaler.ch\/es\/wp-json\/wp\/v2\/recipe_difficulty?post=53862"},{"taxonomy":"recipe_preparation_time","embeddable":true,"href":"https:\/\/www.emmentaler.ch\/es\/wp-json\/wp\/v2\/recipe_preparation_time?post=53862"},{"taxonomy":"recipe_diet_type","embeddable":true,"href":"https:\/\/www.emmentaler.ch\/es\/wp-json\/wp\/v2\/recipe_diet_type?post=53862"},{"taxonomy":"recipe_saison","embeddable":true,"href":"https:\/\/www.emmentaler.ch\/es\/wp-json\/wp\/v2\/recipe_saison?post=53862"}],"curies":[{"name":"wp","href":"https:\/\/api.w.org\/{rel}","templated":true}]}}

30 minutos más 60 minutos en el horno

Stück

de hierbas aromáticas variadas, p. ej., romero, orégano y salvia

75 g de pan, sin corteza
1 dl de leche tibia
1 cebolla
1 diente de ajo
1 manojo de perejil
1 manojo de hierbas aromáticas variadas, p. ej., romero, orégano y salvia
1 cucharada de mantequilla
200 g de Emmentaler AOP
300 g de carne picada mezclada
1 huevo
1 cucharadita de mostaza
Sal, pimienta
1 calabaza kuri roja, aprox. 1,5 kg

<span style="font-weight: 400;">Corta el pan en trozos pequeños, ponlo en remojo en leche durante 20 minutos, estrújalo y machácalo con un tenedor. Pica fino el ajo, la cebolla y las hierbas aromáticas. Rehógalo todo con mantequilla caliente, échalo en un recipiente y deja que se enfríe.</span>

<span style="font-weight: 400;">Corta el Emmentaler AOP en dados grandes de 1 cm. Echa los dados de queso, la carne picada, el huevo, la mostaza, la sal y la pimienta en el recipiente y mezcla bien.</span>

<span style="font-weight: 400;">Corta la tapa de la calabaza y raspa generosamente la pulpa con una cuchara. Sazona el interior de la calabaza con sal y rellénala con la masa de carne picada.</span>

<span style="font-weight: 400;">Coloca la calabaza en una bandeja con papel de horno y métela en el horno precalentado a 200º unos 60 minutos. Después de 30 minutos, coloca la tapa de la calabaza. </span>
