{"id":53893,"date":"2022-04-27T13:36:19","date_gmt":"2022-04-27T11:36:19","guid":{"rendered":"https:\/\/www.emmentaler.ch\/rezept\/pan-de-pita-con-zanahoria"},"modified":"2024-07-25T17:59:09","modified_gmt":"2024-07-25T15:59:09","slug":"pan-de-pita-con-zanahoria","status":"publish","type":"recipes","link":"https:\/\/www.emmentaler.ch\/es\/recetas\/pan-de-pita-con-zanahoria","title":{"rendered":"Pan de pita con zanahoria"},"author":2,"featured_media":21671,"menu_order":0,"template":"","meta":{"inline_featured_image":false},"tags":[843],"recipe_categories":[608],"et_countries":[],"recipe_main_ingredient":[602],"recipe_difficulty":[577],"recipe_preparation_time":[380],"recipe_diet_type":[570],"recipe_saison":[561],"acf":{"recipe_preparation_time":380,"recipe_categories":608,"recipe_time_txt":"","recipe_type":65947,"recipe_difficulty":577,"recipe_diet_type":[570],"recipe_main_ingredient":[602],"recipe_saison":[561],"recipe_count_portions":2,"recipe_ingedients":[{"recipe_ingedients_amount":"1","recipe_ingedients_unit":"St\u00fcck","recipe_ingedients_product":"zanahorias"},{"recipe_ingedients_amount":"0.5","recipe_ingedients_unit":"El","recipe_ingedients_product":"lentejas rojas"},{"recipe_ingedients_amount":"1","recipe_ingedients_unit":"Tl","recipe_ingedients_product":"aceite de nuez"},{"recipe_ingedients_amount":"1","recipe_ingedients_unit":"St\u00fcck","recipe_ingedients_product":"pan de pita"},{"recipe_ingedients_amount":"20","recipe_ingedients_unit":"g","recipe_ingedients_product":"Emmentaler AOP dulce, cortado en dados finos"},{"recipe_ingedients_amount":"0.5","recipe_ingedients_unit":"El","recipe_ingedients_product":"nueces de \u00e1rbol picadas"},{"recipe_ingedients_amount":"0.5","recipe_ingedients_unit":"El","recipe_ingedients_product":"rollos de cebollino"},{"recipe_ingedients_amount":"","recipe_ingedients_unit":"Bedarf","recipe_ingedients_product":"poco de sal"}],"temporare_zutaten":"1-2 zanahorias\r\n1 cucharada de lentejas rojas\r\n2 cucharaditas de aceite de nuez\r\nUna pizca de sal\r\n2-3 panes de pita\r\n40 g de Emmentaler AOP suave (cortado en dados peque\u00f1os)\r\n1 cucharada de nueces (trituradas)\r\n1 cucharada de cebollino troceado","recipe_preparation":"<span style=\"font-weight: 400;\">Pela las zanahorias y r\u00e1llalas. Cu\u00e9celas tapadas hasta que est\u00e9n tiernas junto con las lentejas y 6 cucharadas de agua. P\u00e1salo todo por el pasapur\u00e9 mientras todav\u00eda est\u00e9 caliente. Condimenta con sal y aceite de nuez. Remueve hasta que quede cremoso con un poco de agua, seg\u00fan lo que necesite.\u00a0<\/span>\r\n\r\n<span style=\"font-weight: 400;\">Tuesta el pan de pita y unta el pur\u00e9 de zanahoria. Esparce por encima los taquitos de Emmentaler AOP, las nueces y el cebollino.<\/span>","recipe_images":[21666,21671]},"_links":{"self":[{"href":"https:\/\/www.emmentaler.ch\/es\/wp-json\/wp\/v2\/recipes\/53893"}],"collection":[{"href":"https:\/\/www.emmentaler.ch\/es\/wp-json\/wp\/v2\/recipes"}],"about":[{"href":"https:\/\/www.emmentaler.ch\/es\/wp-json\/wp\/v2\/types\/recipes"}],"author":[{"embeddable":true,"href":"https:\/\/www.emmentaler.ch\/es\/wp-json\/wp\/v2\/users\/2"}],"version-history":[{"count":1,"href":"https:\/\/www.emmentaler.ch\/es\/wp-json\/wp\/v2\/recipes\/53893\/revisions"}],"predecessor-version":[{"id":137298,"href":"https:\/\/www.emmentaler.ch\/es\/wp-json\/wp\/v2\/recipes\/53893\/revisions\/137298"}],"acf:attachment":[{"embeddable":true,"href":"https:\/\/www.emmentaler.ch\/es\/wp-json\/wp\/v2\/media\/21671"},{"embeddable":true,"href":"https:\/\/www.emmentaler.ch\/es\/wp-json\/wp\/v2\/media\/21666"}],"acf:term":[{"embeddable":true,"taxonomy":"recipe_saison","href":"https:\/\/www.emmentaler.ch\/es\/wp-json\/wp\/v2\/recipe_saison\/561"},{"embeddable":true,"taxonomy":"recipe_main_ingredient","href":"https:\/\/www.emmentaler.ch\/es\/wp-json\/wp\/v2\/recipe_main_ingredient\/602"},{"embeddable":true,"taxonomy":"recipe_diet_type","href":"https:\/\/www.emmentaler.ch\/es\/wp-json\/wp\/v2\/recipe_diet_type\/570"},{"embeddable":true,"taxonomy":"recipe_difficulty","href":"https:\/\/www.emmentaler.ch\/es\/wp-json\/wp\/v2\/recipe_difficulty\/577"},{"embeddable":true,"taxonomy":"recipe_categories","href":"https:\/\/www.emmentaler.ch\/es\/wp-json\/wp\/v2\/recipe_categories\/608"},{"embeddable":true,"taxonomy":"recipe_preparation_time","href":"https:\/\/www.emmentaler.ch\/es\/wp-json\/wp\/v2\/recipe_preparation_time\/380"}],"acf:post":[{"embeddable":true,"href":"https:\/\/www.emmentaler.ch\/es\/wp-json\/wp\/v2\/pages\/65947"}],"wp:featuredmedia":[{"embeddable":true,"href":"https:\/\/www.emmentaler.ch\/es\/wp-json\/wp\/v2\/media\/21671"}],"wp:attachment":[{"href":"https:\/\/www.emmentaler.ch\/es\/wp-json\/wp\/v2\/media?parent=53893"}],"wp:term":[{"taxonomy":"post_tag","embeddable":true,"href":"https:\/\/www.emmentaler.ch\/es\/wp-json\/wp\/v2\/tags?post=53893"},{"taxonomy":"recipe_categories","embeddable":true,"href":"https:\/\/www.emmentaler.ch\/es\/wp-json\/wp\/v2\/recipe_categories?post=53893"},{"taxonomy":"et_countries","embeddable":true,"href":"https:\/\/www.emmentaler.ch\/es\/wp-json\/wp\/v2\/et_countries?post=53893"},{"taxonomy":"recipe_main_ingredient","embeddable":true,"href":"https:\/\/www.emmentaler.ch\/es\/wp-json\/wp\/v2\/recipe_main_ingredient?post=53893"},{"taxonomy":"recipe_difficulty","embeddable":true,"href":"https:\/\/www.emmentaler.ch\/es\/wp-json\/wp\/v2\/recipe_difficulty?post=53893"},{"taxonomy":"recipe_preparation_time","embeddable":true,"href":"https:\/\/www.emmentaler.ch\/es\/wp-json\/wp\/v2\/recipe_preparation_time?post=53893"},{"taxonomy":"recipe_diet_type","embeddable":true,"href":"https:\/\/www.emmentaler.ch\/es\/wp-json\/wp\/v2\/recipe_diet_type?post=53893"},{"taxonomy":"recipe_saison","embeddable":true,"href":"https:\/\/www.emmentaler.ch\/es\/wp-json\/wp\/v2\/recipe_saison?post=53893"}],"curies":[{"name":"wp","href":"https:\/\/api.w.org\/{rel}","templated":true}]}}

Stück

nueces de árbol picadas

1-2 zanahorias
1 cucharada de lentejas rojas
2 cucharaditas de aceite de nuez
Una pizca de sal
2-3 panes de pita
40 g de Emmentaler AOP suave (cortado en dados pequeños)
1 cucharada de nueces (trituradas)
1 cucharada de cebollino troceado

<span style="font-weight: 400;">Pela las zanahorias y rállalas. Cuécelas tapadas hasta que estén tiernas junto con las lentejas y 6 cucharadas de agua. Pásalo todo por el pasapuré mientras todavía esté caliente. Condimenta con sal y aceite de nuez. Remueve hasta que quede cremoso con un poco de agua, según lo que necesite. </span>

<span style="font-weight: 400;">Tuesta el pan de pita y unta el puré de zanahoria. Esparce por encima los taquitos de Emmentaler AOP, las nueces y el cebollino.</span>
