{"id":53939,"date":"2022-04-27T13:36:19","date_gmt":"2022-04-27T11:36:19","guid":{"rendered":"https:\/\/www.emmentaler.ch\/rezept\/ensalada-de-primavera-con-emmentaler-aoc"},"modified":"2024-07-25T18:00:00","modified_gmt":"2024-07-25T16:00:00","slug":"ensalada-de-primavera-con-emmentaler-aoc","status":"publish","type":"recipes","link":"https:\/\/www.emmentaler.ch\/es\/recetas\/ensalada-de-primavera-con-emmentaler-aoc","title":{"rendered":"Ensalada de primavera con Emmentaler AOC"},"author":2,"featured_media":53955,"menu_order":0,"template":"","meta":{"inline_featured_image":false},"tags":[843],"recipe_categories":[608],"et_countries":[],"recipe_main_ingredient":[593,602],"recipe_difficulty":[577],"recipe_preparation_time":[380],"recipe_diet_type":[569],"recipe_saison":[529,530,561,546],"acf":{"recipe_preparation_time":380,"recipe_categories":608,"recipe_time_txt":"","recipe_type":68478,"recipe_difficulty":577,"recipe_diet_type":[569],"recipe_main_ingredient":[593,602],"recipe_saison":[529,530,561,546],"recipe_count_portions":4,"recipe_ingedients":[{"recipe_ingedients_amount":"","recipe_ingedients_unit":"g","recipe_ingedients_product":""}],"temporare_zutaten":"3 cucharadas de vinagre de vino tinto\r\n4 cucharadas de aceite de colza\r\n1 cucharada de mostaza granulada\r\nSal, pimienta\r\n2 chalotas\r\n200 g de tirabeques frescos o congelados\r\n100 g de bacon\r\n1 dl de caldo de verduras\r\n150 g de Emmentaler AOC\r\n100 g de brotes tiernos de espinacas","recipe_preparation":"<span style=\"font-weight: 400;\">Haz una salsa con el vinagre, el aceite, la mostaza, la sal y la pimienta. Corta las chalotas en tiras. Si es necesario, quita las hebras de los tirabeques y c\u00f3rtalos por la mitad transversalmente.\u00a0<\/span>\r\n\r\n<span style=\"font-weight: 400;\">Corta la panceta en tiras anchas. D\u00f3rala en la sart\u00e9n hasta que quede crujiente. Luego, s\u00e1cala de la sart\u00e9n. Fr\u00ede las chalotas y los tirabeques en aceite. A\u00f1ade el caldo y los tirabeques y deja que se hagan durante un par de minutos hasta que queden crujientes. Mezcla los tirabeques, las chalotas y un poco de l\u00edquido en la salsa. Despu\u00e9s, deja que se enfr\u00ede un poco.<\/span>\r\n\r\n<span style=\"font-weight: 400;\">Corta el Emmentaler AOC en peque\u00f1os dados de 1 cm. Echa el queso, las espinacas y la panceta en la salsa y mezcla bien.<\/span>","recipe_images":[21569]},"_links":{"self":[{"href":"https:\/\/www.emmentaler.ch\/es\/wp-json\/wp\/v2\/recipes\/53939"}],"collection":[{"href":"https:\/\/www.emmentaler.ch\/es\/wp-json\/wp\/v2\/recipes"}],"about":[{"href":"https:\/\/www.emmentaler.ch\/es\/wp-json\/wp\/v2\/types\/recipes"}],"author":[{"embeddable":true,"href":"https:\/\/www.emmentaler.ch\/es\/wp-json\/wp\/v2\/users\/2"}],"version-history":[{"count":1,"href":"https:\/\/www.emmentaler.ch\/es\/wp-json\/wp\/v2\/recipes\/53939\/revisions"}],"predecessor-version":[{"id":137994,"href":"https:\/\/www.emmentaler.ch\/es\/wp-json\/wp\/v2\/recipes\/53939\/revisions\/137994"}],"acf:attachment":[{"embeddable":true,"href":"https:\/\/www.emmentaler.ch\/es\/wp-json\/wp\/v2\/media\/21569"}],"acf:term":[{"embeddable":true,"taxonomy":"recipe_saison","href":"https:\/\/www.emmentaler.ch\/es\/wp-json\/wp\/v2\/recipe_saison\/546"},{"embeddable":true,"taxonomy":"recipe_saison","href":"https:\/\/www.emmentaler.ch\/es\/wp-json\/wp\/v2\/recipe_saison\/561"},{"embeddable":true,"taxonomy":"recipe_saison","href":"https:\/\/www.emmentaler.ch\/es\/wp-json\/wp\/v2\/recipe_saison\/530"},{"embeddable":true,"taxonomy":"recipe_saison","href":"https:\/\/www.emmentaler.ch\/es\/wp-json\/wp\/v2\/recipe_saison\/529"},{"embeddable":true,"taxonomy":"recipe_main_ingredient","href":"https:\/\/www.emmentaler.ch\/es\/wp-json\/wp\/v2\/recipe_main_ingredient\/602"},{"embeddable":true,"taxonomy":"recipe_main_ingredient","href":"https:\/\/www.emmentaler.ch\/es\/wp-json\/wp\/v2\/recipe_main_ingredient\/593"},{"embeddable":true,"taxonomy":"recipe_diet_type","href":"https:\/\/www.emmentaler.ch\/es\/wp-json\/wp\/v2\/recipe_diet_type\/569"},{"embeddable":true,"taxonomy":"recipe_difficulty","href":"https:\/\/www.emmentaler.ch\/es\/wp-json\/wp\/v2\/recipe_difficulty\/577"},{"embeddable":true,"taxonomy":"recipe_categories","href":"https:\/\/www.emmentaler.ch\/es\/wp-json\/wp\/v2\/recipe_categories\/608"},{"embeddable":true,"taxonomy":"recipe_preparation_time","href":"https:\/\/www.emmentaler.ch\/es\/wp-json\/wp\/v2\/recipe_preparation_time\/380"}],"acf:post":[{"embeddable":true,"href":"https:\/\/www.emmentaler.ch\/es\/wp-json\/wp\/v2\/pages\/68478"}],"wp:featuredmedia":[{"embeddable":true,"href":"https:\/\/www.emmentaler.ch\/es\/wp-json\/wp\/v2\/media\/53955"}],"wp:attachment":[{"href":"https:\/\/www.emmentaler.ch\/es\/wp-json\/wp\/v2\/media?parent=53939"}],"wp:term":[{"taxonomy":"post_tag","embeddable":true,"href":"https:\/\/www.emmentaler.ch\/es\/wp-json\/wp\/v2\/tags?post=53939"},{"taxonomy":"recipe_categories","embeddable":true,"href":"https:\/\/www.emmentaler.ch\/es\/wp-json\/wp\/v2\/recipe_categories?post=53939"},{"taxonomy":"et_countries","embeddable":true,"href":"https:\/\/www.emmentaler.ch\/es\/wp-json\/wp\/v2\/et_countries?post=53939"},{"taxonomy":"recipe_main_ingredient","embeddable":true,"href":"https:\/\/www.emmentaler.ch\/es\/wp-json\/wp\/v2\/recipe_main_ingredient?post=53939"},{"taxonomy":"recipe_difficulty","embeddable":true,"href":"https:\/\/www.emmentaler.ch\/es\/wp-json\/wp\/v2\/recipe_difficulty?post=53939"},{"taxonomy":"recipe_preparation_time","embeddable":true,"href":"https:\/\/www.emmentaler.ch\/es\/wp-json\/wp\/v2\/recipe_preparation_time?post=53939"},{"taxonomy":"recipe_diet_type","embeddable":true,"href":"https:\/\/www.emmentaler.ch\/es\/wp-json\/wp\/v2\/recipe_diet_type?post=53939"},{"taxonomy":"recipe_saison","embeddable":true,"href":"https:\/\/www.emmentaler.ch\/es\/wp-json\/wp\/v2\/recipe_saison?post=53939"}],"curies":[{"name":"wp","href":"https:\/\/api.w.org\/{rel}","templated":true}]}}

<span style="font-weight: 400;">Haz una salsa con el vinagre, el aceite, la mostaza, la sal y la pimienta. Corta las chalotas en tiras. Si es necesario, quita las hebras de los tirabeques y córtalos por la mitad transversalmente. </span>

<span style="font-weight: 400;">Corta la panceta en tiras anchas. Dórala en la sartén hasta que quede crujiente. Luego, sácala de la sartén. Fríe las chalotas y los tirabeques en aceite. Añade el caldo y los tirabeques y deja que se hagan durante un par de minutos hasta que queden crujientes. Mezcla los tirabeques, las chalotas y un poco de líquido en la salsa. Después, deja que se enfríe un poco.</span>

<span style="font-weight: 400;">Corta el Emmentaler AOC en pequeños dados de 1 cm. Echa el queso, las espinacas y la panceta en la salsa y mezcla bien.</span>
