{"id":53970,"date":"2022-04-27T13:36:19","date_gmt":"2022-04-27T11:36:19","guid":{"rendered":"https:\/\/www.emmentaler.ch\/rezept\/verduras-de-primavera-con-salsa-de-miel-y-naranja"},"modified":"2022-08-03T16:32:47","modified_gmt":"2022-08-03T14:32:47","slug":"verduras-de-primavera-con-salsa-de-miel-y-naranja","status":"publish","type":"recipes","link":"https:\/\/www.emmentaler.ch\/es\/recetas\/verduras-de-primavera-con-salsa-de-miel-y-naranja","title":{"rendered":"Verduras de primavera con salsa de miel y naranja"},"author":2,"featured_media":45434,"menu_order":0,"template":"","meta":{"inline_featured_image":false},"tags":[],"recipe_categories":[619],"et_countries":[],"recipe_main_ingredient":[602],"recipe_difficulty":[578],"recipe_preparation_time":[398],"recipe_diet_type":[570],"recipe_saison":[529,530],"acf":{"recipe_preparation_time":398,"recipe_categories":619,"recipe_time_txt":"","recipe_type":65993,"recipe_difficulty":578,"recipe_diet_type":[570],"recipe_main_ingredient":[602],"recipe_saison":[529,530],"recipe_count_portions":4,"recipe_ingedients":[{"recipe_ingedients_amount":"","recipe_ingedients_unit":"g","recipe_ingedients_product":""}],"temporare_zutaten":"2,5 dl de zumo de naranja\r\n1 cucharada de miel\r\n3 cucharadas de aceite de oliva\r\nSal, pimienta\r\n500 g de esp\u00e1rragos verdes\r\n250 g de zanahoria\r\n3 manojo de cebolletas\r\n120 g de Emmentaler AOC\r\n2 ramitas de estrag\u00f3n\r\n1 cucharita de pimienta roja","recipe_preparation":"<span style=\"font-weight: 400;\">Reduce el zumo de naranja en una olla peque\u00f1a hasta aprox. 1\u00a0dl. Haz una salsa con la miel, el aceite, la sal y la pimienta.<\/span>\r\n\r\n<span style=\"font-weight: 400;\">Prepara los esp\u00e1rragos, las zanahorias y las cebolletas, y troc\u00e9alo todo. Cu\u00e9celos al vapor o con un poco de caldo hasta que queden crujientes. Col\u00f3calos en una bandeja y ri\u00e9galos con la salsa.\u00a0<\/span>\r\n\r\n<span style=\"font-weight: 400;\">Luego, corta el Emmentaler AOC con un pelador en virutas finas, separa las hojitas de estrag\u00f3n de los tallos y machaca la pimienta roja con el mortero. Antes de servir, esparce el queso, el estrag\u00f3n y la pimienta sobre la verdura tibia.\u00a0<\/span>","recipe_images":[53986]},"_links":{"self":[{"href":"https:\/\/www.emmentaler.ch\/es\/wp-json\/wp\/v2\/recipes\/53970"}],"collection":[{"href":"https:\/\/www.emmentaler.ch\/es\/wp-json\/wp\/v2\/recipes"}],"about":[{"href":"https:\/\/www.emmentaler.ch\/es\/wp-json\/wp\/v2\/types\/recipes"}],"author":[{"embeddable":true,"href":"https:\/\/www.emmentaler.ch\/es\/wp-json\/wp\/v2\/users\/2"}],"version-history":[{"count":0,"href":"https:\/\/www.emmentaler.ch\/es\/wp-json\/wp\/v2\/recipes\/53970\/revisions"}],"acf:attachment":[{"embeddable":true,"href":"https:\/\/www.emmentaler.ch\/es\/wp-json\/wp\/v2\/media\/53986"}],"acf:term":[{"embeddable":true,"taxonomy":"recipe_saison","href":"https:\/\/www.emmentaler.ch\/es\/wp-json\/wp\/v2\/recipe_saison\/530"},{"embeddable":true,"taxonomy":"recipe_saison","href":"https:\/\/www.emmentaler.ch\/es\/wp-json\/wp\/v2\/recipe_saison\/529"},{"embeddable":true,"taxonomy":"recipe_main_ingredient","href":"https:\/\/www.emmentaler.ch\/es\/wp-json\/wp\/v2\/recipe_main_ingredient\/602"},{"embeddable":true,"taxonomy":"recipe_diet_type","href":"https:\/\/www.emmentaler.ch\/es\/wp-json\/wp\/v2\/recipe_diet_type\/570"},{"embeddable":true,"taxonomy":"recipe_difficulty","href":"https:\/\/www.emmentaler.ch\/es\/wp-json\/wp\/v2\/recipe_difficulty\/578"},{"embeddable":true,"taxonomy":"recipe_categories","href":"https:\/\/www.emmentaler.ch\/es\/wp-json\/wp\/v2\/recipe_categories\/619"},{"embeddable":true,"taxonomy":"recipe_preparation_time","href":"https:\/\/www.emmentaler.ch\/es\/wp-json\/wp\/v2\/recipe_preparation_time\/398"}],"acf:post":[{"embeddable":true,"href":"https:\/\/www.emmentaler.ch\/es\/wp-json\/wp\/v2\/pages\/65993"}],"wp:featuredmedia":[{"embeddable":true,"href":"https:\/\/www.emmentaler.ch\/es\/wp-json\/wp\/v2\/media\/45434"}],"wp:attachment":[{"href":"https:\/\/www.emmentaler.ch\/es\/wp-json\/wp\/v2\/media?parent=53970"}],"wp:term":[{"taxonomy":"post_tag","embeddable":true,"href":"https:\/\/www.emmentaler.ch\/es\/wp-json\/wp\/v2\/tags?post=53970"},{"taxonomy":"recipe_categories","embeddable":true,"href":"https:\/\/www.emmentaler.ch\/es\/wp-json\/wp\/v2\/recipe_categories?post=53970"},{"taxonomy":"et_countries","embeddable":true,"href":"https:\/\/www.emmentaler.ch\/es\/wp-json\/wp\/v2\/et_countries?post=53970"},{"taxonomy":"recipe_main_ingredient","embeddable":true,"href":"https:\/\/www.emmentaler.ch\/es\/wp-json\/wp\/v2\/recipe_main_ingredient?post=53970"},{"taxonomy":"recipe_difficulty","embeddable":true,"href":"https:\/\/www.emmentaler.ch\/es\/wp-json\/wp\/v2\/recipe_difficulty?post=53970"},{"taxonomy":"recipe_preparation_time","embeddable":true,"href":"https:\/\/www.emmentaler.ch\/es\/wp-json\/wp\/v2\/recipe_preparation_time?post=53970"},{"taxonomy":"recipe_diet_type","embeddable":true,"href":"https:\/\/www.emmentaler.ch\/es\/wp-json\/wp\/v2\/recipe_diet_type?post=53970"},{"taxonomy":"recipe_saison","embeddable":true,"href":"https:\/\/www.emmentaler.ch\/es\/wp-json\/wp\/v2\/recipe_saison?post=53970"}],"curies":[{"name":"wp","href":"https:\/\/api.w.org\/{rel}","templated":true}]}}

2,5 dl de zumo de naranja
1 cucharada de miel
3 cucharadas de aceite de oliva
Sal, pimienta
500 g de espárragos verdes
250 g de zanahoria
3 manojo de cebolletas
120 g de Emmentaler AOC
2 ramitas de estragón
1 cucharita de pimienta roja

<span style="font-weight: 400;">Reduce el zumo de naranja en una olla pequeña hasta aprox. 1 dl. Haz una salsa con la miel, el aceite, la sal y la pimienta.</span>

<span style="font-weight: 400;">Prepara los espárragos, las zanahorias y las cebolletas, y trocéalo todo. Cuécelos al vapor o con un poco de caldo hasta que queden crujientes. Colócalos en una bandeja y riégalos con la salsa. </span>

<span style="font-weight: 400;">Luego, corta el Emmentaler AOC con un pelador en virutas finas, separa las hojitas de estragón de los tallos y machaca la pimienta roja con el mortero. Antes de servir, esparce el queso, el estragón y la pimienta sobre la verdura tibia. </span>
