{"id":54001,"date":"2022-04-27T13:36:19","date_gmt":"2022-04-27T11:36:19","guid":{"rendered":"https:\/\/www.emmentaler.ch\/rezept\/risotto-de-primavera-con-avellanas"},"modified":"2022-08-03T16:27:13","modified_gmt":"2022-08-03T14:27:13","slug":"risotto-de-primavera-con-avellanas","status":"publish","type":"recipes","link":"https:\/\/www.emmentaler.ch\/es\/recetas\/risotto-de-primavera-con-avellanas","title":{"rendered":"Risotto de primavera con avellanas"},"author":2,"featured_media":54017,"menu_order":0,"template":"","meta":{"inline_featured_image":false},"tags":[],"recipe_categories":[619],"et_countries":[],"recipe_main_ingredient":[602],"recipe_difficulty":[578],"recipe_preparation_time":[373],"recipe_diet_type":[570],"recipe_saison":[529,530,561],"acf":{"recipe_preparation_time":373,"recipe_categories":619,"recipe_time_txt":"","recipe_type":68478,"recipe_difficulty":578,"recipe_diet_type":[570],"recipe_main_ingredient":[602],"recipe_saison":[529,530,561],"recipe_count_portions":4,"recipe_ingedients":[{"recipe_ingedients_amount":"","recipe_ingedients_unit":"g","recipe_ingedients_product":""}],"temporare_zutaten":"200 g de cebolletas con la parte verde\r\n2 cucharadas de aceite de oliva\r\n300 g de arroz para risotto\r\n1 dl de vino blanco o de manzana\r\n9 dl de caldo de verduras caliente\r\n350 g de esp\u00e1rragos verdes\r\n75 g de avellanas\r\n125 g de queso Rahmtaler\r\n2 cucharadas de crema agria\r\nSal, pimienta\r\n1 cucharadita de pimienta rosa, machacada gruesa\r\nUnas hojitas de perifollo","recipe_preparation":"<span style=\"font-weight: 400;\">Primero, corta las cebolletas en aros anchos de 5\u00a0mm. Reserva los aros verdes. Rehoga el resto de la cebolleta en aceite caliente. A\u00f1ade el arroz y reh\u00f3galo un poco. Incorpora el vino de manzana y remueve el caldo de vez en cuando. Deja cocer el arroz a fuego lento unos 20 minutos, sin dejar de remover.\u00a0<\/span>\r\n\r\n<span style=\"font-weight: 400;\">Mientras se cuece el arroz, prepara los esp\u00e1rragos y pela el tercio inferior. Luego, c\u00f3rtalos en trozos peque\u00f1os. Cu\u00e9celos al vapor o en agua hirviendo con sal durante 5-10 minutos hasta que queden crujientes.\u00a0<\/span>\r\n\r\n<span style=\"font-weight: 400;\">Trocea las avellanas y d\u00f3ralas un poco en la sart\u00e9n. Ralla fino el Rahmtaler.\u00a0<\/span>\r\n\r\n<span style=\"font-weight: 400;\">Echa los esp\u00e1rragos, las cebolletas, la crema agria y el Rahmtaler en el risotto y condimenta con sal y pimienta. Por \u00faltimo, esparce las avellanas, la pimienta rosa y el perifollo.\u00a0<\/span>","recipe_images":[54017]},"_links":{"self":[{"href":"https:\/\/www.emmentaler.ch\/es\/wp-json\/wp\/v2\/recipes\/54001"}],"collection":[{"href":"https:\/\/www.emmentaler.ch\/es\/wp-json\/wp\/v2\/recipes"}],"about":[{"href":"https:\/\/www.emmentaler.ch\/es\/wp-json\/wp\/v2\/types\/recipes"}],"author":[{"embeddable":true,"href":"https:\/\/www.emmentaler.ch\/es\/wp-json\/wp\/v2\/users\/2"}],"version-history":[{"count":0,"href":"https:\/\/www.emmentaler.ch\/es\/wp-json\/wp\/v2\/recipes\/54001\/revisions"}],"acf:attachment":[{"embeddable":true,"href":"https:\/\/www.emmentaler.ch\/es\/wp-json\/wp\/v2\/media\/54017"}],"acf:term":[{"embeddable":true,"taxonomy":"recipe_saison","href":"https:\/\/www.emmentaler.ch\/es\/wp-json\/wp\/v2\/recipe_saison\/561"},{"embeddable":true,"taxonomy":"recipe_saison","href":"https:\/\/www.emmentaler.ch\/es\/wp-json\/wp\/v2\/recipe_saison\/530"},{"embeddable":true,"taxonomy":"recipe_saison","href":"https:\/\/www.emmentaler.ch\/es\/wp-json\/wp\/v2\/recipe_saison\/529"},{"embeddable":true,"taxonomy":"recipe_main_ingredient","href":"https:\/\/www.emmentaler.ch\/es\/wp-json\/wp\/v2\/recipe_main_ingredient\/602"},{"embeddable":true,"taxonomy":"recipe_diet_type","href":"https:\/\/www.emmentaler.ch\/es\/wp-json\/wp\/v2\/recipe_diet_type\/570"},{"embeddable":true,"taxonomy":"recipe_difficulty","href":"https:\/\/www.emmentaler.ch\/es\/wp-json\/wp\/v2\/recipe_difficulty\/578"},{"embeddable":true,"taxonomy":"recipe_categories","href":"https:\/\/www.emmentaler.ch\/es\/wp-json\/wp\/v2\/recipe_categories\/619"},{"embeddable":true,"taxonomy":"recipe_preparation_time","href":"https:\/\/www.emmentaler.ch\/es\/wp-json\/wp\/v2\/recipe_preparation_time\/373"}],"acf:post":[{"embeddable":true,"href":"https:\/\/www.emmentaler.ch\/es\/wp-json\/wp\/v2\/pages\/68478"}],"wp:featuredmedia":[{"embeddable":true,"href":"https:\/\/www.emmentaler.ch\/es\/wp-json\/wp\/v2\/media\/54017"}],"wp:attachment":[{"href":"https:\/\/www.emmentaler.ch\/es\/wp-json\/wp\/v2\/media?parent=54001"}],"wp:term":[{"taxonomy":"post_tag","embeddable":true,"href":"https:\/\/www.emmentaler.ch\/es\/wp-json\/wp\/v2\/tags?post=54001"},{"taxonomy":"recipe_categories","embeddable":true,"href":"https:\/\/www.emmentaler.ch\/es\/wp-json\/wp\/v2\/recipe_categories?post=54001"},{"taxonomy":"et_countries","embeddable":true,"href":"https:\/\/www.emmentaler.ch\/es\/wp-json\/wp\/v2\/et_countries?post=54001"},{"taxonomy":"recipe_main_ingredient","embeddable":true,"href":"https:\/\/www.emmentaler.ch\/es\/wp-json\/wp\/v2\/recipe_main_ingredient?post=54001"},{"taxonomy":"recipe_difficulty","embeddable":true,"href":"https:\/\/www.emmentaler.ch\/es\/wp-json\/wp\/v2\/recipe_difficulty?post=54001"},{"taxonomy":"recipe_preparation_time","embeddable":true,"href":"https:\/\/www.emmentaler.ch\/es\/wp-json\/wp\/v2\/recipe_preparation_time?post=54001"},{"taxonomy":"recipe_diet_type","embeddable":true,"href":"https:\/\/www.emmentaler.ch\/es\/wp-json\/wp\/v2\/recipe_diet_type?post=54001"},{"taxonomy":"recipe_saison","embeddable":true,"href":"https:\/\/www.emmentaler.ch\/es\/wp-json\/wp\/v2\/recipe_saison?post=54001"}],"curies":[{"name":"wp","href":"https:\/\/api.w.org\/{rel}","templated":true}]}}

200 g de cebolletas con la parte verde
2 cucharadas de aceite de oliva
300 g de arroz para risotto
1 dl de vino blanco o de manzana
9 dl de caldo de verduras caliente
350 g de espárragos verdes
75 g de avellanas
125 g de queso Rahmtaler
2 cucharadas de crema agria
Sal, pimienta
1 cucharadita de pimienta rosa, machacada gruesa
Unas hojitas de perifollo

<span style="font-weight: 400;">Primero, corta las cebolletas en aros anchos de 5 mm. Reserva los aros verdes. Rehoga el resto de la cebolleta en aceite caliente. Añade el arroz y rehógalo un poco. Incorpora el vino de manzana y remueve el caldo de vez en cuando. Deja cocer el arroz a fuego lento unos 20 minutos, sin dejar de remover. </span>

<span style="font-weight: 400;">Mientras se cuece el arroz, prepara los espárragos y pela el tercio inferior. Luego, córtalos en trozos pequeños. Cuécelos al vapor o en agua hirviendo con sal durante 5-10 minutos hasta que queden crujientes. </span>

<span style="font-weight: 400;">Trocea las avellanas y dóralas un poco en la sartén. Ralla fino el Rahmtaler. </span>

<span style="font-weight: 400;">Echa los espárragos, las cebolletas, la crema agria y el Rahmtaler en el risotto y condimenta con sal y pimienta. Por último, esparce las avellanas, la pimienta rosa y el perifollo. </span>
