{"id":54063,"date":"2022-04-27T13:35:41","date_gmt":"2022-04-27T11:35:41","guid":{"rendered":"https:\/\/www.emmentaler.ch\/rezept\/sandwich-de-pera-y-emmentaler"},"modified":"2024-07-25T18:00:50","modified_gmt":"2024-07-25T16:00:50","slug":"sandwich-de-pera-y-emmentaler","status":"publish","type":"recipes","link":"https:\/\/www.emmentaler.ch\/es\/recetas\/sandwich-de-pera-y-emmentaler","title":{"rendered":"S\u00e1ndwich de pera y Emmentaler"},"author":2,"featured_media":54089,"menu_order":0,"template":"","meta":{"inline_featured_image":false},"tags":[843],"recipe_categories":[608],"et_countries":[],"recipe_main_ingredient":[602],"recipe_difficulty":[577],"recipe_preparation_time":[703],"recipe_diet_type":[570],"recipe_saison":[554,538,546],"acf":{"recipe_preparation_time":703,"recipe_categories":608,"recipe_time_txt":"","recipe_type":65988,"recipe_difficulty":577,"recipe_diet_type":[570],"recipe_main_ingredient":[602],"recipe_saison":[538,546,554],"recipe_count_portions":4,"recipe_ingedients":[{"recipe_ingedients_amount":"","recipe_ingedients_unit":"g","recipe_ingedients_product":""}],"temporare_zutaten":"1 cicorino rojo peque\u00f1o\r\n2 peras peque\u00f1as\r\n1 cucharadita de zumo de lim\u00f3n\r\n150 g de Emmentaler AOP\r\n4 cucharadas de queso fresco\r\n1 cucharadas de mostaza\r\n20 g de brotes de cebolla\r\n4 rebanadas de s\u00e1ndwich grandes","recipe_preparation":"<span style=\"font-weight: 400;\">Corta el cicorino en tiras. Corta las peras en cuatro trozos, qu\u00edtales las pepitas y c\u00f3rtalas en gajos. \u00c9chale el zumo de lim\u00f3n. Corta el Emmentaler AOP en peque\u00f1as lonchas. Mezcla el queso fresco con la mostaza.<\/span>\r\n\r\n<span style=\"font-weight: 400;\">Parte los panecillos por la mitad y unta la superficie con el queso fresco. Cubre la base de los panecillos con todos los ingredientes, t\u00e1palos y ejerce un poco de presi\u00f3n.<\/span>","recipe_images":[21215]},"_links":{"self":[{"href":"https:\/\/www.emmentaler.ch\/es\/wp-json\/wp\/v2\/recipes\/54063"}],"collection":[{"href":"https:\/\/www.emmentaler.ch\/es\/wp-json\/wp\/v2\/recipes"}],"about":[{"href":"https:\/\/www.emmentaler.ch\/es\/wp-json\/wp\/v2\/types\/recipes"}],"author":[{"embeddable":true,"href":"https:\/\/www.emmentaler.ch\/es\/wp-json\/wp\/v2\/users\/2"}],"version-history":[{"count":1,"href":"https:\/\/www.emmentaler.ch\/es\/wp-json\/wp\/v2\/recipes\/54063\/revisions"}],"predecessor-version":[{"id":137998,"href":"https:\/\/www.emmentaler.ch\/es\/wp-json\/wp\/v2\/recipes\/54063\/revisions\/137998"}],"acf:attachment":[{"embeddable":true,"href":"https:\/\/www.emmentaler.ch\/es\/wp-json\/wp\/v2\/media\/21215"}],"acf:term":[{"embeddable":true,"taxonomy":"recipe_saison","href":"https:\/\/www.emmentaler.ch\/es\/wp-json\/wp\/v2\/recipe_saison\/554"},{"embeddable":true,"taxonomy":"recipe_saison","href":"https:\/\/www.emmentaler.ch\/es\/wp-json\/wp\/v2\/recipe_saison\/546"},{"embeddable":true,"taxonomy":"recipe_saison","href":"https:\/\/www.emmentaler.ch\/es\/wp-json\/wp\/v2\/recipe_saison\/538"},{"embeddable":true,"taxonomy":"recipe_main_ingredient","href":"https:\/\/www.emmentaler.ch\/es\/wp-json\/wp\/v2\/recipe_main_ingredient\/602"},{"embeddable":true,"taxonomy":"recipe_diet_type","href":"https:\/\/www.emmentaler.ch\/es\/wp-json\/wp\/v2\/recipe_diet_type\/570"},{"embeddable":true,"taxonomy":"recipe_difficulty","href":"https:\/\/www.emmentaler.ch\/es\/wp-json\/wp\/v2\/recipe_difficulty\/577"},{"embeddable":true,"taxonomy":"recipe_categories","href":"https:\/\/www.emmentaler.ch\/es\/wp-json\/wp\/v2\/recipe_categories\/608"},{"embeddable":true,"taxonomy":"recipe_preparation_time","href":"https:\/\/www.emmentaler.ch\/es\/wp-json\/wp\/v2\/recipe_preparation_time\/703"}],"acf:post":[{"embeddable":true,"href":"https:\/\/www.emmentaler.ch\/es\/wp-json\/wp\/v2\/pages\/65988"}],"wp:featuredmedia":[{"embeddable":true,"href":"https:\/\/www.emmentaler.ch\/es\/wp-json\/wp\/v2\/media\/54089"}],"wp:attachment":[{"href":"https:\/\/www.emmentaler.ch\/es\/wp-json\/wp\/v2\/media?parent=54063"}],"wp:term":[{"taxonomy":"post_tag","embeddable":true,"href":"https:\/\/www.emmentaler.ch\/es\/wp-json\/wp\/v2\/tags?post=54063"},{"taxonomy":"recipe_categories","embeddable":true,"href":"https:\/\/www.emmentaler.ch\/es\/wp-json\/wp\/v2\/recipe_categories?post=54063"},{"taxonomy":"et_countries","embeddable":true,"href":"https:\/\/www.emmentaler.ch\/es\/wp-json\/wp\/v2\/et_countries?post=54063"},{"taxonomy":"recipe_main_ingredient","embeddable":true,"href":"https:\/\/www.emmentaler.ch\/es\/wp-json\/wp\/v2\/recipe_main_ingredient?post=54063"},{"taxonomy":"recipe_difficulty","embeddable":true,"href":"https:\/\/www.emmentaler.ch\/es\/wp-json\/wp\/v2\/recipe_difficulty?post=54063"},{"taxonomy":"recipe_preparation_time","embeddable":true,"href":"https:\/\/www.emmentaler.ch\/es\/wp-json\/wp\/v2\/recipe_preparation_time?post=54063"},{"taxonomy":"recipe_diet_type","embeddable":true,"href":"https:\/\/www.emmentaler.ch\/es\/wp-json\/wp\/v2\/recipe_diet_type?post=54063"},{"taxonomy":"recipe_saison","embeddable":true,"href":"https:\/\/www.emmentaler.ch\/es\/wp-json\/wp\/v2\/recipe_saison?post=54063"}],"curies":[{"name":"wp","href":"https:\/\/api.w.org\/{rel}","templated":true}]}}

Sándwich de pera y Emmentaler

1 cicorino rojo pequeño
2 peras pequeñas
1 cucharadita de zumo de limón
150 g de Emmentaler AOP
4 cucharadas de queso fresco
1 cucharadas de mostaza
20 g de brotes de cebolla
4 rebanadas de sándwich grandes

<span style="font-weight: 400;">Corta el cicorino en tiras. Corta las peras en cuatro trozos, quítales las pepitas y córtalas en gajos. Échale el zumo de limón. Corta el Emmentaler AOP en pequeñas lonchas. Mezcla el queso fresco con la mostaza.</span>

<span style="font-weight: 400;">Parte los panecillos por la mitad y unta la superficie con el queso fresco. Cubre la base de los panecillos con todos los ingredientes, tápalos y ejerce un poco de presión.</span>
