{"id":54125,"date":"2022-04-27T13:35:02","date_gmt":"2022-04-27T11:35:02","guid":{"rendered":"https:\/\/www.emmentaler.ch\/rezept\/bistec-con-emmentaler-y-uvas"},"modified":"2022-08-03T16:44:32","modified_gmt":"2022-08-03T14:44:32","slug":"bistec-con-emmentaler-y-uvas","status":"publish","type":"recipes","link":"https:\/\/www.emmentaler.ch\/es\/recetas\/bistec-con-emmentaler-y-uvas","title":{"rendered":"Bistec con Emmentaler y uvas"},"author":2,"featured_media":20921,"menu_order":0,"template":"","meta":{"inline_featured_image":false},"tags":[715],"recipe_categories":[730],"et_countries":[],"recipe_main_ingredient":[593],"recipe_difficulty":[578],"recipe_preparation_time":[380],"recipe_diet_type":[562],"recipe_saison":[538,561,546],"acf":{"recipe_preparation_time":380,"recipe_categories":730,"recipe_time_txt":"","recipe_type":65982,"recipe_difficulty":578,"recipe_diet_type":[562],"recipe_main_ingredient":[593],"recipe_saison":[561,538,546],"recipe_count_portions":4,"recipe_ingedients":[{"recipe_ingedients_amount":"","recipe_ingedients_unit":"g","recipe_ingedients_product":""}],"temporare_zutaten":"150 g de Emmentaler AOC\r\n200 g de uvas negras y blancas\r\n1 cucharadita de bayas de enebro\r\n1 cucharada de mantequilla\r\n0,5 dl de jerez seco\r\n1 cucharadita de maicena\r\n1 dl de fondo o caldo de ternera\r\n2 ramitas de tomillo\r\nSal, pimienta\r\n2 cucharadas de mantequilla para fre\u00edr\r\n4 bistecs de aprox. 150 g cada uno (de la cadera)","recipe_preparation":"<span style=\"font-weight: 400;\">Corta el Emmentaler AOC en trozos de aprox. 1\u00a0cm. Parte las uvas por la mitad y trocea las bayas de enebro.<\/span>\r\n\r\n<span style=\"font-weight: 400;\">Para la salsa, derrite mantequilla en una olla peque\u00f1a y rehoga las uvas y las bayas de enebro brevemente. Echa el jerez y deja que reduzca un poco. Mezcla la maicena con el fondo de carne, \u00e9chala en la salsa y deja cocer 1-2 minutos, sin dejar de remover. Separa el tomillo del tallo, a\u00f1\u00e1delo y condimenta la salsa con sal y pimienta.<\/span>\r\n\r\n<span style=\"font-weight: 400;\">A continuaci\u00f3n, calienta la mantequilla. Condimenta la carne con sal y pimienta y d\u00f3rala a fuego fuerte, 30 segundos por una cara, y 1 minuto por otra. Retira la sart\u00e9n del fuego y baja la temperatura. Cubre el bistec con una loncha de queso. Presta atenci\u00f3n a que el lado menos tostado quede en la parte de abajo. Tapa la sart\u00e9n y pon los bistecs otros 3-5 minutos m\u00e1s. S\u00edrvelo con la salsa.<\/span>\r\n\r\n&nbsp;","recipe_images":[54141]},"_links":{"self":[{"href":"https:\/\/www.emmentaler.ch\/es\/wp-json\/wp\/v2\/recipes\/54125"}],"collection":[{"href":"https:\/\/www.emmentaler.ch\/es\/wp-json\/wp\/v2\/recipes"}],"about":[{"href":"https:\/\/www.emmentaler.ch\/es\/wp-json\/wp\/v2\/types\/recipes"}],"author":[{"embeddable":true,"href":"https:\/\/www.emmentaler.ch\/es\/wp-json\/wp\/v2\/users\/2"}],"version-history":[{"count":0,"href":"https:\/\/www.emmentaler.ch\/es\/wp-json\/wp\/v2\/recipes\/54125\/revisions"}],"acf:attachment":[{"embeddable":true,"href":"https:\/\/www.emmentaler.ch\/es\/wp-json\/wp\/v2\/media\/54141"}],"acf:term":[{"embeddable":true,"taxonomy":"recipe_saison","href":"https:\/\/www.emmentaler.ch\/es\/wp-json\/wp\/v2\/recipe_saison\/546"},{"embeddable":true,"taxonomy":"recipe_saison","href":"https:\/\/www.emmentaler.ch\/es\/wp-json\/wp\/v2\/recipe_saison\/538"},{"embeddable":true,"taxonomy":"recipe_saison","href":"https:\/\/www.emmentaler.ch\/es\/wp-json\/wp\/v2\/recipe_saison\/561"},{"embeddable":true,"taxonomy":"recipe_main_ingredient","href":"https:\/\/www.emmentaler.ch\/es\/wp-json\/wp\/v2\/recipe_main_ingredient\/593"},{"embeddable":true,"taxonomy":"recipe_diet_type","href":"https:\/\/www.emmentaler.ch\/es\/wp-json\/wp\/v2\/recipe_diet_type\/562"},{"embeddable":true,"taxonomy":"recipe_difficulty","href":"https:\/\/www.emmentaler.ch\/es\/wp-json\/wp\/v2\/recipe_difficulty\/578"},{"embeddable":true,"taxonomy":"recipe_categories","href":"https:\/\/www.emmentaler.ch\/es\/wp-json\/wp\/v2\/recipe_categories\/730"},{"embeddable":true,"taxonomy":"recipe_preparation_time","href":"https:\/\/www.emmentaler.ch\/es\/wp-json\/wp\/v2\/recipe_preparation_time\/380"}],"acf:post":[{"embeddable":true,"href":"https:\/\/www.emmentaler.ch\/es\/wp-json\/wp\/v2\/pages\/65982"}],"wp:featuredmedia":[{"embeddable":true,"href":"https:\/\/www.emmentaler.ch\/es\/wp-json\/wp\/v2\/media\/20921"}],"wp:attachment":[{"href":"https:\/\/www.emmentaler.ch\/es\/wp-json\/wp\/v2\/media?parent=54125"}],"wp:term":[{"taxonomy":"post_tag","embeddable":true,"href":"https:\/\/www.emmentaler.ch\/es\/wp-json\/wp\/v2\/tags?post=54125"},{"taxonomy":"recipe_categories","embeddable":true,"href":"https:\/\/www.emmentaler.ch\/es\/wp-json\/wp\/v2\/recipe_categories?post=54125"},{"taxonomy":"et_countries","embeddable":true,"href":"https:\/\/www.emmentaler.ch\/es\/wp-json\/wp\/v2\/et_countries?post=54125"},{"taxonomy":"recipe_main_ingredient","embeddable":true,"href":"https:\/\/www.emmentaler.ch\/es\/wp-json\/wp\/v2\/recipe_main_ingredient?post=54125"},{"taxonomy":"recipe_difficulty","embeddable":true,"href":"https:\/\/www.emmentaler.ch\/es\/wp-json\/wp\/v2\/recipe_difficulty?post=54125"},{"taxonomy":"recipe_preparation_time","embeddable":true,"href":"https:\/\/www.emmentaler.ch\/es\/wp-json\/wp\/v2\/recipe_preparation_time?post=54125"},{"taxonomy":"recipe_diet_type","embeddable":true,"href":"https:\/\/www.emmentaler.ch\/es\/wp-json\/wp\/v2\/recipe_diet_type?post=54125"},{"taxonomy":"recipe_saison","embeddable":true,"href":"https:\/\/www.emmentaler.ch\/es\/wp-json\/wp\/v2\/recipe_saison?post=54125"}],"curies":[{"name":"wp","href":"https:\/\/api.w.org\/{rel}","templated":true}]}}

150 g de Emmentaler AOC
200 g de uvas negras y blancas
1 cucharadita de bayas de enebro
1 cucharada de mantequilla
0,5 dl de jerez seco
1 cucharadita de maicena
1 dl de fondo o caldo de ternera
2 ramitas de tomillo
Sal, pimienta
2 cucharadas de mantequilla para freír
4 bistecs de aprox. 150 g cada uno (de la cadera)

<span style="font-weight: 400;">Corta el Emmentaler AOC en trozos de aprox. 1 cm. Parte las uvas por la mitad y trocea las bayas de enebro.</span>

<span style="font-weight: 400;">Para la salsa, derrite mantequilla en una olla pequeña y rehoga las uvas y las bayas de enebro brevemente. Echa el jerez y deja que reduzca un poco. Mezcla la maicena con el fondo de carne, échala en la salsa y deja cocer 1-2 minutos, sin dejar de remover. Separa el tomillo del tallo, añádelo y condimenta la salsa con sal y pimienta.</span>

<span style="font-weight: 400;">A continuación, calienta la mantequilla. Condimenta la carne con sal y pimienta y dórala a fuego fuerte, 30 segundos por una cara, y 1 minuto por otra. Retira la sartén del fuego y baja la temperatura. Cubre el bistec con una loncha de queso. Presta atención a que el lado menos tostado quede en la parte de abajo. Tapa la sartén y pon los bistecs otros 3-5 minutos más. Sírvelo con la salsa.</span>

&nbsp;
