{"id":54218,"date":"2022-04-27T13:35:02","date_gmt":"2022-04-27T11:35:02","guid":{"rendered":"https:\/\/www.emmentaler.ch\/rezept\/ragu-de-setas-con-flan-de-emmentaler"},"modified":"2022-06-27T11:55:02","modified_gmt":"2022-06-27T09:55:02","slug":"ragu-de-setas-con-flan-de-emmentaler","status":"publish","type":"recipes","link":"https:\/\/www.emmentaler.ch\/es\/recetas\/ragu-de-setas-con-flan-de-emmentaler","title":{"rendered":"Rag\u00fa de setas con flan de Emmentaler"},"author":2,"featured_media":54244,"menu_order":0,"template":"","meta":{"inline_featured_image":false},"tags":[],"recipe_categories":[619],"et_countries":[],"recipe_main_ingredient":[602],"recipe_difficulty":[578],"recipe_preparation_time":[400],"recipe_diet_type":[562,570],"recipe_saison":[],"acf":{"recipe_preparation_time":400,"recipe_categories":619,"recipe_time_txt":"40 minutos m\u00e1s 45 minutos en el horno","recipe_type":65988,"recipe_difficulty":578,"recipe_diet_type":[562,570],"recipe_main_ingredient":[602],"recipe_saison":false,"recipe_count_portions":4,"recipe_ingedients":[{"recipe_ingedients_amount":"","recipe_ingedients_unit":"g","recipe_ingedients_product":""}],"temporare_zutaten":"200 g de Emmentaler AOP\r\n4 huevos\r\n1 yema de huevo\r\n2 dl de nata\r\nNuez moscada\r\nSal, pimienta\r\nMantequilla para untar los moldes\r\n750 g de setas variadas, p. ej., champi\u00f1ones, setas de cardo o rebozuelos 2 chalotas\r\n1 diente de ajo\r\n2 cucharadas de aceite de oliva\r\n3 cucharadas de madeira\r\n1 dl de caldo\r\n250 g de tomates cherry\r\n1 manojo de cebollino","recipe_preparation":"<span style=\"font-weight: 400;\">Ralla fino el Emmentaler AOP. Mezcla bien el queso, los huevos, la yema de huevo y la nata, y sazona con nuez moscada, sal y pimienta. Pinta los moldes para flan o las tazas con mantequilla. Rellena los moldes con la masa, s\u00e9llalos con papel transparente y col\u00f3calos en una bandeja para gratinar. Rellena con agua hirviendo hasta que dos tercios del molde est\u00e9n en el agua. Hornea a 160\u00ba en el horno precalentado durante 45\u00a0minutos aproximadamente.\u00a0<\/span>\r\n\r\n<span style=\"font-weight: 400;\">Mientras tanto, trocea las setas. Corta las chalotas y el ajo muy fino. Calienta aceite y fr\u00ede las setas a fuego fuerte. Luego, saz\u00f3nalas. A\u00f1ade las chalotas y el ajo, y riega con madeira. Vierte el caldo y deja cocer a fuego lento unos 5-10 minutos. Parte los tomates cherry por la mitad y \u00e9chalos con las setas, lleva a ebullici\u00f3n y sazona. Corta el cebollino en tubitos y esp\u00e1rcelo. Vuelca el flan en el plato y s\u00edrvelo con el rag\u00fa de setas.<\/span>\r\n\r\n<span style=\"font-weight: 400;\">Puedes acompa\u00f1arlo con arroz.<\/span>\r\n\r\n&nbsp;","recipe_images":[54234]},"_links":{"self":[{"href":"https:\/\/www.emmentaler.ch\/es\/wp-json\/wp\/v2\/recipes\/54218"}],"collection":[{"href":"https:\/\/www.emmentaler.ch\/es\/wp-json\/wp\/v2\/recipes"}],"about":[{"href":"https:\/\/www.emmentaler.ch\/es\/wp-json\/wp\/v2\/types\/recipes"}],"author":[{"embeddable":true,"href":"https:\/\/www.emmentaler.ch\/es\/wp-json\/wp\/v2\/users\/2"}],"version-history":[{"count":0,"href":"https:\/\/www.emmentaler.ch\/es\/wp-json\/wp\/v2\/recipes\/54218\/revisions"}],"acf:attachment":[{"embeddable":true,"href":"https:\/\/www.emmentaler.ch\/es\/wp-json\/wp\/v2\/media\/54234"}],"acf:term":[{"embeddable":true,"taxonomy":"recipe_main_ingredient","href":"https:\/\/www.emmentaler.ch\/es\/wp-json\/wp\/v2\/recipe_main_ingredient\/602"},{"embeddable":true,"taxonomy":"recipe_diet_type","href":"https:\/\/www.emmentaler.ch\/es\/wp-json\/wp\/v2\/recipe_diet_type\/570"},{"embeddable":true,"taxonomy":"recipe_diet_type","href":"https:\/\/www.emmentaler.ch\/es\/wp-json\/wp\/v2\/recipe_diet_type\/562"},{"embeddable":true,"taxonomy":"recipe_difficulty","href":"https:\/\/www.emmentaler.ch\/es\/wp-json\/wp\/v2\/recipe_difficulty\/578"},{"embeddable":true,"taxonomy":"recipe_categories","href":"https:\/\/www.emmentaler.ch\/es\/wp-json\/wp\/v2\/recipe_categories\/619"},{"embeddable":true,"taxonomy":"recipe_preparation_time","href":"https:\/\/www.emmentaler.ch\/es\/wp-json\/wp\/v2\/recipe_preparation_time\/400"}],"acf:post":[{"embeddable":true,"href":"https:\/\/www.emmentaler.ch\/es\/wp-json\/wp\/v2\/pages\/65988"}],"wp:featuredmedia":[{"embeddable":true,"href":"https:\/\/www.emmentaler.ch\/es\/wp-json\/wp\/v2\/media\/54244"}],"wp:attachment":[{"href":"https:\/\/www.emmentaler.ch\/es\/wp-json\/wp\/v2\/media?parent=54218"}],"wp:term":[{"taxonomy":"post_tag","embeddable":true,"href":"https:\/\/www.emmentaler.ch\/es\/wp-json\/wp\/v2\/tags?post=54218"},{"taxonomy":"recipe_categories","embeddable":true,"href":"https:\/\/www.emmentaler.ch\/es\/wp-json\/wp\/v2\/recipe_categories?post=54218"},{"taxonomy":"et_countries","embeddable":true,"href":"https:\/\/www.emmentaler.ch\/es\/wp-json\/wp\/v2\/et_countries?post=54218"},{"taxonomy":"recipe_main_ingredient","embeddable":true,"href":"https:\/\/www.emmentaler.ch\/es\/wp-json\/wp\/v2\/recipe_main_ingredient?post=54218"},{"taxonomy":"recipe_difficulty","embeddable":true,"href":"https:\/\/www.emmentaler.ch\/es\/wp-json\/wp\/v2\/recipe_difficulty?post=54218"},{"taxonomy":"recipe_preparation_time","embeddable":true,"href":"https:\/\/www.emmentaler.ch\/es\/wp-json\/wp\/v2\/recipe_preparation_time?post=54218"},{"taxonomy":"recipe_diet_type","embeddable":true,"href":"https:\/\/www.emmentaler.ch\/es\/wp-json\/wp\/v2\/recipe_diet_type?post=54218"},{"taxonomy":"recipe_saison","embeddable":true,"href":"https:\/\/www.emmentaler.ch\/es\/wp-json\/wp\/v2\/recipe_saison?post=54218"}],"curies":[{"name":"wp","href":"https:\/\/api.w.org\/{rel}","templated":true}]}}

Ragú de setas con flan de Emmentaler

40 minutos más 45 minutos en el horno

200 g de Emmentaler AOP
4 huevos
1 yema de huevo
2 dl de nata
Nuez moscada
Sal, pimienta
Mantequilla para untar los moldes
750 g de setas variadas, p. ej., champiñones, setas de cardo o rebozuelos 2 chalotas
1 diente de ajo
2 cucharadas de aceite de oliva
3 cucharadas de madeira
1 dl de caldo
250 g de tomates cherry
1 manojo de cebollino

<span style="font-weight: 400;">Ralla fino el Emmentaler AOP. Mezcla bien el queso, los huevos, la yema de huevo y la nata, y sazona con nuez moscada, sal y pimienta. Pinta los moldes para flan o las tazas con mantequilla. Rellena los moldes con la masa, séllalos con papel transparente y colócalos en una bandeja para gratinar. Rellena con agua hirviendo hasta que dos tercios del molde estén en el agua. Hornea a 160º en el horno precalentado durante 45 minutos aproximadamente. </span>

<span style="font-weight: 400;">Mientras tanto, trocea las setas. Corta las chalotas y el ajo muy fino. Calienta aceite y fríe las setas a fuego fuerte. Luego, sazónalas. Añade las chalotas y el ajo, y riega con madeira. Vierte el caldo y deja cocer a fuego lento unos 5-10 minutos. Parte los tomates cherry por la mitad y échalos con las setas, lleva a ebullición y sazona. Corta el cebollino en tubitos y espárcelo. Vuelca el flan en el plato y sírvelo con el ragú de setas.</span>

<span style="font-weight: 400;">Puedes acompañarlo con arroz.</span>

&nbsp;
