{"id":54249,"date":"2022-04-27T13:35:41","date_gmt":"2022-04-27T11:35:41","guid":{"rendered":"https:\/\/www.emmentaler.ch\/rezept\/knoepfli-con-emmentaler"},"modified":"2024-07-25T18:03:17","modified_gmt":"2024-07-25T16:03:17","slug":"knoepfli-con-emmentaler","status":"publish","type":"recipes","link":"https:\/\/www.emmentaler.ch\/es\/recetas\/knoepfli-con-emmentaler","title":{"rendered":"Kn\u00f6pfli con Emmentaler"},"author":2,"featured_media":54275,"menu_order":0,"template":"","meta":{"inline_featured_image":false},"tags":[843],"recipe_categories":[619],"et_countries":[],"recipe_main_ingredient":[602],"recipe_difficulty":[577],"recipe_preparation_time":[627],"recipe_diet_type":[569,570],"recipe_saison":[561],"acf":{"recipe_preparation_time":627,"recipe_categories":619,"recipe_time_txt":"","recipe_type":65947,"recipe_difficulty":577,"recipe_diet_type":[569,570],"recipe_main_ingredient":[602],"recipe_saison":[561],"recipe_count_portions":4,"recipe_ingedients":[{"recipe_ingedients_amount":"","recipe_ingedients_unit":"g","recipe_ingedients_product":""}],"temporare_zutaten":"500 g de acelgas\r\n3 tomates\r\n12 tomates secos conservados en aceite\r\n1 cebolla\r\n150 g de Emmentaler AOP\r\n1 cucharadas de mantequilla para fre\u00edr\r\n500 g de kn\u00f6pfli\r\n2 cucharadas de aceite\r\nSal, pimienta","recipe_preparation":"<span style=\"font-weight: 400;\">Corta los tallos y las hojitas en tiras de aprox. 1 cm. Corta los tomates en dados y los tomates secos en tiras. Pica fino la cebolla. Corta el Emmentaler AOP con un pelador en virutas.<\/span>\r\n\r\n<span style=\"font-weight: 400;\">Calienta mantequilla en una sart\u00e9n. Saltea los kn\u00f6pfli 4-5 minutos y s\u00e1calos de la sart\u00e9n. Calienta aceite y rehoga los tallos y las cebollas unos 5 minutos. A\u00f1ade las hojas de las hierbas, los tomates y los tomates secos y reh\u00f3galo todo a fuego fuerte durante 3 minutos. Condimenta con sal y pimienta.\u00a0<\/span>\r\n\r\n<span style=\"font-weight: 400;\">Remueve los kn\u00f6pfli, cali\u00e9ntalos un poco, s\u00edrvelos y espolvorea las virutas de queso por encima.<\/span>","recipe_images":[21091]},"_links":{"self":[{"href":"https:\/\/www.emmentaler.ch\/es\/wp-json\/wp\/v2\/recipes\/54249"}],"collection":[{"href":"https:\/\/www.emmentaler.ch\/es\/wp-json\/wp\/v2\/recipes"}],"about":[{"href":"https:\/\/www.emmentaler.ch\/es\/wp-json\/wp\/v2\/types\/recipes"}],"author":[{"embeddable":true,"href":"https:\/\/www.emmentaler.ch\/es\/wp-json\/wp\/v2\/users\/2"}],"version-history":[{"count":1,"href":"https:\/\/www.emmentaler.ch\/es\/wp-json\/wp\/v2\/recipes\/54249\/revisions"}],"predecessor-version":[{"id":138005,"href":"https:\/\/www.emmentaler.ch\/es\/wp-json\/wp\/v2\/recipes\/54249\/revisions\/138005"}],"acf:attachment":[{"embeddable":true,"href":"https:\/\/www.emmentaler.ch\/es\/wp-json\/wp\/v2\/media\/21091"}],"acf:term":[{"embeddable":true,"taxonomy":"recipe_saison","href":"https:\/\/www.emmentaler.ch\/es\/wp-json\/wp\/v2\/recipe_saison\/561"},{"embeddable":true,"taxonomy":"recipe_main_ingredient","href":"https:\/\/www.emmentaler.ch\/es\/wp-json\/wp\/v2\/recipe_main_ingredient\/602"},{"embeddable":true,"taxonomy":"recipe_diet_type","href":"https:\/\/www.emmentaler.ch\/es\/wp-json\/wp\/v2\/recipe_diet_type\/570"},{"embeddable":true,"taxonomy":"recipe_diet_type","href":"https:\/\/www.emmentaler.ch\/es\/wp-json\/wp\/v2\/recipe_diet_type\/569"},{"embeddable":true,"taxonomy":"recipe_difficulty","href":"https:\/\/www.emmentaler.ch\/es\/wp-json\/wp\/v2\/recipe_difficulty\/577"},{"embeddable":true,"taxonomy":"recipe_categories","href":"https:\/\/www.emmentaler.ch\/es\/wp-json\/wp\/v2\/recipe_categories\/619"},{"embeddable":true,"taxonomy":"recipe_preparation_time","href":"https:\/\/www.emmentaler.ch\/es\/wp-json\/wp\/v2\/recipe_preparation_time\/627"}],"acf:post":[{"embeddable":true,"href":"https:\/\/www.emmentaler.ch\/es\/wp-json\/wp\/v2\/pages\/65947"}],"wp:featuredmedia":[{"embeddable":true,"href":"https:\/\/www.emmentaler.ch\/es\/wp-json\/wp\/v2\/media\/54275"}],"wp:attachment":[{"href":"https:\/\/www.emmentaler.ch\/es\/wp-json\/wp\/v2\/media?parent=54249"}],"wp:term":[{"taxonomy":"post_tag","embeddable":true,"href":"https:\/\/www.emmentaler.ch\/es\/wp-json\/wp\/v2\/tags?post=54249"},{"taxonomy":"recipe_categories","embeddable":true,"href":"https:\/\/www.emmentaler.ch\/es\/wp-json\/wp\/v2\/recipe_categories?post=54249"},{"taxonomy":"et_countries","embeddable":true,"href":"https:\/\/www.emmentaler.ch\/es\/wp-json\/wp\/v2\/et_countries?post=54249"},{"taxonomy":"recipe_main_ingredient","embeddable":true,"href":"https:\/\/www.emmentaler.ch\/es\/wp-json\/wp\/v2\/recipe_main_ingredient?post=54249"},{"taxonomy":"recipe_difficulty","embeddable":true,"href":"https:\/\/www.emmentaler.ch\/es\/wp-json\/wp\/v2\/recipe_difficulty?post=54249"},{"taxonomy":"recipe_preparation_time","embeddable":true,"href":"https:\/\/www.emmentaler.ch\/es\/wp-json\/wp\/v2\/recipe_preparation_time?post=54249"},{"taxonomy":"recipe_diet_type","embeddable":true,"href":"https:\/\/www.emmentaler.ch\/es\/wp-json\/wp\/v2\/recipe_diet_type?post=54249"},{"taxonomy":"recipe_saison","embeddable":true,"href":"https:\/\/www.emmentaler.ch\/es\/wp-json\/wp\/v2\/recipe_saison?post=54249"}],"curies":[{"name":"wp","href":"https:\/\/api.w.org\/{rel}","templated":true}]}}

Knöpfli con Emmentaler

500 g de acelgas
3 tomates
12 tomates secos conservados en aceite
1 cebolla
150 g de Emmentaler AOP
1 cucharadas de mantequilla para freír
500 g de knöpfli
2 cucharadas de aceite
Sal, pimienta

<span style="font-weight: 400;">Corta los tallos y las hojitas en tiras de aprox. 1 cm. Corta los tomates en dados y los tomates secos en tiras. Pica fino la cebolla. Corta el Emmentaler AOP con un pelador en virutas.</span>

<span style="font-weight: 400;">Calienta mantequilla en una sartén. Saltea los knöpfli 4-5 minutos y sácalos de la sartén. Calienta aceite y rehoga los tallos y las cebollas unos 5 minutos. Añade las hojas de las hierbas, los tomates y los tomates secos y rehógalo todo a fuego fuerte durante 3 minutos. Condimenta con sal y pimienta. </span>

<span style="font-weight: 400;">Remueve los knöpfli, caliéntalos un poco, sírvelos y espolvorea las virutas de queso por encima.</span>
