{"id":54280,"date":"2022-04-27T13:35:41","date_gmt":"2022-04-27T11:35:41","guid":{"rendered":"https:\/\/www.emmentaler.ch\/rezept\/ensalada-de-canonigos-con-frutos-secos-y-emmentaler"},"modified":"2024-07-25T18:02:12","modified_gmt":"2024-07-25T16:02:12","slug":"ensalada-de-canonigos-con-frutos-secos-y-emmentaler","status":"publish","type":"recipes","link":"https:\/\/www.emmentaler.ch\/es\/recetas\/ensalada-de-canonigos-con-frutos-secos-y-emmentaler","title":{"rendered":"Ensalada de can\u00f3nigos con frutos secos y Emmentaler"},"author":2,"featured_media":54306,"menu_order":0,"template":"","meta":{"inline_featured_image":false},"tags":[843],"recipe_categories":[619],"et_countries":[],"recipe_main_ingredient":[594,602],"recipe_difficulty":[577],"recipe_preparation_time":[703],"recipe_diet_type":[562,569,570],"recipe_saison":[529,530,561,546],"acf":{"recipe_preparation_time":703,"recipe_categories":619,"recipe_time_txt":"","recipe_type":65932,"recipe_difficulty":577,"recipe_diet_type":[562,569,570],"recipe_main_ingredient":[594,602],"recipe_saison":[529,530,561,546],"recipe_count_portions":4,"recipe_ingedients":[{"recipe_ingedients_amount":"","recipe_ingedients_unit":"g","recipe_ingedients_product":""}],"temporare_zutaten":"100 g de frutos secos, p. ej., almendras, anacardos y nueces\r\n\u00bd cucharada de aceite\r\nChile en polvo\r\nSal\r\n250 g de Emmentaler AOC\r\n1 manojo de r\u00e1banos\r\n50 g de albaricoques secos\r\n6 cucharadas de vinagre bals\u00e1mico blanco\r\n6 cucharadas de aceite de colza\r\n1 diente de ajo, prensado\r\n1 cucharadita de mostaza\r\nPimienta\r\n100 g de can\u00f3nigos","recipe_preparation":"<span style=\"font-weight: 400;\">Tuesta los frutos secos en aceite caliente hasta que cojan un tono marr\u00f3n. S\u00e1calos de la sart\u00e9n y condimenta con chile en polvo y sal.<\/span>\r\n\r\n<span style=\"font-weight: 400;\">Corta el Emmentaler en trozos peque\u00f1os, los r\u00e1banos en cuatro trozos y los albaricoques en tiras.\u00a0<\/span>\r\n\r\n<span style=\"font-weight: 400;\">Mezcla el vinagre bals\u00e1mico, el aceite, el ajo, la mostaza, la sal y la pimienta. Mezcla el queso, los r\u00e1banos y los albaricoques con la salsa. Remueve la ensalada de can\u00f3nigos y esparce los frutos secos.<\/span>","recipe_images":[21122]},"_links":{"self":[{"href":"https:\/\/www.emmentaler.ch\/es\/wp-json\/wp\/v2\/recipes\/54280"}],"collection":[{"href":"https:\/\/www.emmentaler.ch\/es\/wp-json\/wp\/v2\/recipes"}],"about":[{"href":"https:\/\/www.emmentaler.ch\/es\/wp-json\/wp\/v2\/types\/recipes"}],"author":[{"embeddable":true,"href":"https:\/\/www.emmentaler.ch\/es\/wp-json\/wp\/v2\/users\/2"}],"version-history":[{"count":1,"href":"https:\/\/www.emmentaler.ch\/es\/wp-json\/wp\/v2\/recipes\/54280\/revisions"}],"predecessor-version":[{"id":138002,"href":"https:\/\/www.emmentaler.ch\/es\/wp-json\/wp\/v2\/recipes\/54280\/revisions\/138002"}],"acf:attachment":[{"embeddable":true,"href":"https:\/\/www.emmentaler.ch\/es\/wp-json\/wp\/v2\/media\/21122"}],"acf:term":[{"embeddable":true,"taxonomy":"recipe_saison","href":"https:\/\/www.emmentaler.ch\/es\/wp-json\/wp\/v2\/recipe_saison\/546"},{"embeddable":true,"taxonomy":"recipe_saison","href":"https:\/\/www.emmentaler.ch\/es\/wp-json\/wp\/v2\/recipe_saison\/561"},{"embeddable":true,"taxonomy":"recipe_saison","href":"https:\/\/www.emmentaler.ch\/es\/wp-json\/wp\/v2\/recipe_saison\/530"},{"embeddable":true,"taxonomy":"recipe_saison","href":"https:\/\/www.emmentaler.ch\/es\/wp-json\/wp\/v2\/recipe_saison\/529"},{"embeddable":true,"taxonomy":"recipe_main_ingredient","href":"https:\/\/www.emmentaler.ch\/es\/wp-json\/wp\/v2\/recipe_main_ingredient\/602"},{"embeddable":true,"taxonomy":"recipe_main_ingredient","href":"https:\/\/www.emmentaler.ch\/es\/wp-json\/wp\/v2\/recipe_main_ingredient\/594"},{"embeddable":true,"taxonomy":"recipe_diet_type","href":"https:\/\/www.emmentaler.ch\/es\/wp-json\/wp\/v2\/recipe_diet_type\/570"},{"embeddable":true,"taxonomy":"recipe_diet_type","href":"https:\/\/www.emmentaler.ch\/es\/wp-json\/wp\/v2\/recipe_diet_type\/569"},{"embeddable":true,"taxonomy":"recipe_diet_type","href":"https:\/\/www.emmentaler.ch\/es\/wp-json\/wp\/v2\/recipe_diet_type\/562"},{"embeddable":true,"taxonomy":"recipe_difficulty","href":"https:\/\/www.emmentaler.ch\/es\/wp-json\/wp\/v2\/recipe_difficulty\/577"},{"embeddable":true,"taxonomy":"recipe_categories","href":"https:\/\/www.emmentaler.ch\/es\/wp-json\/wp\/v2\/recipe_categories\/619"},{"embeddable":true,"taxonomy":"recipe_preparation_time","href":"https:\/\/www.emmentaler.ch\/es\/wp-json\/wp\/v2\/recipe_preparation_time\/703"}],"acf:post":[{"embeddable":true,"href":"https:\/\/www.emmentaler.ch\/es\/wp-json\/wp\/v2\/pages\/65932"}],"wp:featuredmedia":[{"embeddable":true,"href":"https:\/\/www.emmentaler.ch\/es\/wp-json\/wp\/v2\/media\/54306"}],"wp:attachment":[{"href":"https:\/\/www.emmentaler.ch\/es\/wp-json\/wp\/v2\/media?parent=54280"}],"wp:term":[{"taxonomy":"post_tag","embeddable":true,"href":"https:\/\/www.emmentaler.ch\/es\/wp-json\/wp\/v2\/tags?post=54280"},{"taxonomy":"recipe_categories","embeddable":true,"href":"https:\/\/www.emmentaler.ch\/es\/wp-json\/wp\/v2\/recipe_categories?post=54280"},{"taxonomy":"et_countries","embeddable":true,"href":"https:\/\/www.emmentaler.ch\/es\/wp-json\/wp\/v2\/et_countries?post=54280"},{"taxonomy":"recipe_main_ingredient","embeddable":true,"href":"https:\/\/www.emmentaler.ch\/es\/wp-json\/wp\/v2\/recipe_main_ingredient?post=54280"},{"taxonomy":"recipe_difficulty","embeddable":true,"href":"https:\/\/www.emmentaler.ch\/es\/wp-json\/wp\/v2\/recipe_difficulty?post=54280"},{"taxonomy":"recipe_preparation_time","embeddable":true,"href":"https:\/\/www.emmentaler.ch\/es\/wp-json\/wp\/v2\/recipe_preparation_time?post=54280"},{"taxonomy":"recipe_diet_type","embeddable":true,"href":"https:\/\/www.emmentaler.ch\/es\/wp-json\/wp\/v2\/recipe_diet_type?post=54280"},{"taxonomy":"recipe_saison","embeddable":true,"href":"https:\/\/www.emmentaler.ch\/es\/wp-json\/wp\/v2\/recipe_saison?post=54280"}],"curies":[{"name":"wp","href":"https:\/\/api.w.org\/{rel}","templated":true}]}}

Ensalada de canónigos con frutos secos y Emmentaler

100 g de frutos secos, p. ej., almendras, anacardos y nueces
½ cucharada de aceite
Chile en polvo
Sal
250 g de Emmentaler AOC
1 manojo de rábanos
50 g de albaricoques secos
6 cucharadas de vinagre balsámico blanco
6 cucharadas de aceite de colza
1 diente de ajo, prensado
1 cucharadita de mostaza
Pimienta
100 g de canónigos

<span style="font-weight: 400;">Tuesta los frutos secos en aceite caliente hasta que cojan un tono marrón. Sácalos de la sartén y condimenta con chile en polvo y sal.</span>

<span style="font-weight: 400;">Corta el Emmentaler en trozos pequeños, los rábanos en cuatro trozos y los albaricoques en tiras. </span>

<span style="font-weight: 400;">Mezcla el vinagre balsámico, el aceite, el ajo, la mostaza, la sal y la pimienta. Mezcla el queso, los rábanos y los albaricoques con la salsa. Remueve la ensalada de canónigos y esparce los frutos secos.</span>
