{"id":54311,"date":"2022-04-27T13:39:22","date_gmt":"2022-04-27T11:39:22","guid":{"rendered":"https:\/\/www.emmentaler.ch\/rezept\/pastel-de-tortitas"},"modified":"2022-06-29T15:05:06","modified_gmt":"2022-06-29T13:05:06","slug":"pastel-de-tortitas","status":"publish","type":"recipes","link":"https:\/\/www.emmentaler.ch\/es\/recetas\/pastel-de-tortitas","title":{"rendered":"Pastel de tortitas"},"author":2,"featured_media":23157,"menu_order":0,"template":"","meta":{"inline_featured_image":false},"tags":[],"recipe_categories":[611],"et_countries":[],"recipe_main_ingredient":[602],"recipe_difficulty":[577],"recipe_preparation_time":[377,378],"recipe_diet_type":[570],"recipe_saison":[561],"acf":{"recipe_preparation_time":377,"recipe_categories":611,"recipe_time_txt":"30 minutos m\u00e1s 30 minutos de descanso","recipe_type":65932,"recipe_difficulty":577,"recipe_diet_type":[570],"recipe_main_ingredient":[602],"recipe_saison":[561],"recipe_count_portions":4,"recipe_ingedients":[{"recipe_ingedients_amount":"","recipe_ingedients_unit":"g","recipe_ingedients_product":""}],"temporare_zutaten":"150 g de harina\r\n2 dl de leche\r\n1 dl de agua\r\n4 huevos\r\nSal\r\nMantequilla para cocinar\r\n1 pepino para ensalada\r\n600 g de tomates\r\n250 g de Emmentaler AOC\r\n1 manojo de cebollino\r\n1 manojo de perejil\r\n1 manojo de albahaca\r\n500 g de queso cottage\r\n2 cucharadas de aceite de oliva\r\n2 cucharadas de vinagre de vino tinto\r\nCayena\r\nSal, pimienta","recipe_preparation":"<span style=\"font-weight: 400;\">Mezcla bien la harina, la leche y el agua. Bate los huevos y a\u00f1\u00e1delos, con un poco de sal. Deja reposar la masa durante 30 minutos.<\/span>\r\n\r\n<span style=\"font-weight: 400;\">Pela el pepino y p\u00e1rtelo a lo largo por la mitad. Qu\u00edtale las pepitas con una cuchara y c\u00f3rtalo en peque\u00f1os dados. Parte los tomates por la mitad, quita las pepitas y c\u00f3rtalos en dados. Corta el Emmentaler en peque\u00f1os dados. Pica las hierbas arom\u00e1ticas.<\/span>\r\n\r\n<span style=\"font-weight: 400;\">Mezcla bien todos los ingredientes para el relleno.<\/span>\r\n\r\n<span style=\"font-weight: 400;\">Calienta una olla con un poco de mantequilla. Haz 4-5 tortitas con la masa y res\u00e9rvalas para que mantengan el calor.<\/span>\r\n\r\n<span style=\"font-weight: 400;\">Coloca alternativamente las tortitas y la mezcla de verduras y queso. Si fuera necesario, puedes utilizar un anillo para tortitas. Sirve el plato en caliente.\u00a0<\/span>","recipe_images":[23157]},"_links":{"self":[{"href":"https:\/\/www.emmentaler.ch\/es\/wp-json\/wp\/v2\/recipes\/54311"}],"collection":[{"href":"https:\/\/www.emmentaler.ch\/es\/wp-json\/wp\/v2\/recipes"}],"about":[{"href":"https:\/\/www.emmentaler.ch\/es\/wp-json\/wp\/v2\/types\/recipes"}],"author":[{"embeddable":true,"href":"https:\/\/www.emmentaler.ch\/es\/wp-json\/wp\/v2\/users\/2"}],"version-history":[{"count":0,"href":"https:\/\/www.emmentaler.ch\/es\/wp-json\/wp\/v2\/recipes\/54311\/revisions"}],"acf:attachment":[{"embeddable":true,"href":"https:\/\/www.emmentaler.ch\/es\/wp-json\/wp\/v2\/media\/23157"}],"acf:term":[{"embeddable":true,"taxonomy":"recipe_saison","href":"https:\/\/www.emmentaler.ch\/es\/wp-json\/wp\/v2\/recipe_saison\/561"},{"embeddable":true,"taxonomy":"recipe_main_ingredient","href":"https:\/\/www.emmentaler.ch\/es\/wp-json\/wp\/v2\/recipe_main_ingredient\/602"},{"embeddable":true,"taxonomy":"recipe_diet_type","href":"https:\/\/www.emmentaler.ch\/es\/wp-json\/wp\/v2\/recipe_diet_type\/570"},{"embeddable":true,"taxonomy":"recipe_difficulty","href":"https:\/\/www.emmentaler.ch\/es\/wp-json\/wp\/v2\/recipe_difficulty\/577"},{"embeddable":true,"taxonomy":"recipe_categories","href":"https:\/\/www.emmentaler.ch\/es\/wp-json\/wp\/v2\/recipe_categories\/611"},{"embeddable":true,"taxonomy":"recipe_preparation_time","href":"https:\/\/www.emmentaler.ch\/es\/wp-json\/wp\/v2\/recipe_preparation_time\/377"}],"acf:post":[{"embeddable":true,"href":"https:\/\/www.emmentaler.ch\/es\/wp-json\/wp\/v2\/pages\/65932"}],"wp:featuredmedia":[{"embeddable":true,"href":"https:\/\/www.emmentaler.ch\/es\/wp-json\/wp\/v2\/media\/23157"}],"wp:attachment":[{"href":"https:\/\/www.emmentaler.ch\/es\/wp-json\/wp\/v2\/media?parent=54311"}],"wp:term":[{"taxonomy":"post_tag","embeddable":true,"href":"https:\/\/www.emmentaler.ch\/es\/wp-json\/wp\/v2\/tags?post=54311"},{"taxonomy":"recipe_categories","embeddable":true,"href":"https:\/\/www.emmentaler.ch\/es\/wp-json\/wp\/v2\/recipe_categories?post=54311"},{"taxonomy":"et_countries","embeddable":true,"href":"https:\/\/www.emmentaler.ch\/es\/wp-json\/wp\/v2\/et_countries?post=54311"},{"taxonomy":"recipe_main_ingredient","embeddable":true,"href":"https:\/\/www.emmentaler.ch\/es\/wp-json\/wp\/v2\/recipe_main_ingredient?post=54311"},{"taxonomy":"recipe_difficulty","embeddable":true,"href":"https:\/\/www.emmentaler.ch\/es\/wp-json\/wp\/v2\/recipe_difficulty?post=54311"},{"taxonomy":"recipe_preparation_time","embeddable":true,"href":"https:\/\/www.emmentaler.ch\/es\/wp-json\/wp\/v2\/recipe_preparation_time?post=54311"},{"taxonomy":"recipe_diet_type","embeddable":true,"href":"https:\/\/www.emmentaler.ch\/es\/wp-json\/wp\/v2\/recipe_diet_type?post=54311"},{"taxonomy":"recipe_saison","embeddable":true,"href":"https:\/\/www.emmentaler.ch\/es\/wp-json\/wp\/v2\/recipe_saison?post=54311"}],"curies":[{"name":"wp","href":"https:\/\/api.w.org\/{rel}","templated":true}]}}

30 minutos más 30 minutos de descanso

<span style="font-weight: 400;">Mezcla bien la harina, la leche y el agua. Bate los huevos y añádelos, con un poco de sal. Deja reposar la masa durante 30 minutos.</span>

<span style="font-weight: 400;">Pela el pepino y pártelo a lo largo por la mitad. Quítale las pepitas con una cuchara y córtalo en pequeños dados. Parte los tomates por la mitad, quita las pepitas y córtalos en dados. Corta el Emmentaler en pequeños dados. Pica las hierbas aromáticas.</span>

<span style="font-weight: 400;">Mezcla bien todos los ingredientes para el relleno.</span>

<span style="font-weight: 400;">Calienta una olla con un poco de mantequilla. Haz 4-5 tortitas con la masa y resérvalas para que mantengan el calor.</span>

<span style="font-weight: 400;">Coloca alternativamente las tortitas y la mezcla de verduras y queso. Si fuera necesario, puedes utilizar un anillo para tortitas. Sirve el plato en caliente. </span>
