{"id":54342,"date":"2022-04-27T13:38:44","date_gmt":"2022-04-27T11:38:44","guid":{"rendered":"https:\/\/www.emmentaler.ch\/rezept\/cazuela-de-knoepfli-de-calabaza"},"modified":"2022-08-12T17:23:18","modified_gmt":"2022-08-12T15:23:18","slug":"cazuela-de-knoepfli-de-calabaza","status":"publish","type":"recipes","link":"https:\/\/www.emmentaler.ch\/es\/recetas\/cazuela-de-knoepfli-de-calabaza","title":{"rendered":"Cazuela de kn\u00f6pfli de calabaza"},"author":2,"featured_media":54358,"menu_order":0,"template":"","meta":{"inline_featured_image":false},"tags":[],"recipe_categories":[619],"et_countries":[],"recipe_main_ingredient":[602],"recipe_difficulty":[578],"recipe_preparation_time":[386],"recipe_diet_type":[569,570],"recipe_saison":[538],"acf":{"recipe_preparation_time":386,"recipe_categories":619,"recipe_time_txt":"40 minutos m\u00e1s 30 minutos de descanso","recipe_type":65952,"recipe_difficulty":578,"recipe_diet_type":[569,570],"recipe_main_ingredient":[602],"recipe_saison":[538],"recipe_count_portions":4,"recipe_ingedients":[{"recipe_ingedients_amount":"","recipe_ingedients_unit":"g","recipe_ingedients_product":""}],"temporare_zutaten":"450 g de pulpa de calabaza Hokkaido\r\n300 g de harina de espelta\r\n3 huevos\r\n1 cucharadita de sal\r\n1 cebolla peque\u00f1a\r\n1 tallo de puerro\r\n1 cucharada de aceite\r\n1 dl de sidra\r\n1,5 dl de caldo\r\n350 g de casta\u00f1as congeladas\r\nUn poco de romero\r\nPimienta\r\n125 g de Emmentaler AOC suave","recipe_preparation":"<span style=\"font-weight: 400;\">Corta la calabaza en dados, hi\u00e9rvela al vapor unos 20\u00a0minutos hasta que quede blanda y deja que se enfr\u00ede. Echa la harina, los huevos, la sal y el pur\u00e9 de calabaza en un recipiente y remueve hasta formar una masa lisa. Deja que repose 30 minutos.<\/span>\r\n\r\n<span style=\"font-weight: 400;\">Corta fina la cebolla y corta el puerro en rodajas. Reh\u00f3galos en aceite caliente y vierte la sidra. A\u00f1ade el caldo y las casta\u00f1as y deja cocer 10 minutos a fuego lento. Condimenta con romero, sal y pimienta.<\/span>\r\n\r\n<span style=\"font-weight: 400;\">Corta el Emmentaler AOC en peque\u00f1os dados. Calienta agua con sal. Ve echando la masa en el tamiz para kn\u00f6pfli directamente en agua hirviendo. En cuanto los kn\u00f6pfli suban a la superficie, s\u00e1calos con una espumadera. Echa los kn\u00f6pfli en la mezcla de casta\u00f1as, cali\u00e9ntalos un poco y m\u00e9zclalos con los dados de queso.\u00a0<\/span>","recipe_images":[54358]},"_links":{"self":[{"href":"https:\/\/www.emmentaler.ch\/es\/wp-json\/wp\/v2\/recipes\/54342"}],"collection":[{"href":"https:\/\/www.emmentaler.ch\/es\/wp-json\/wp\/v2\/recipes"}],"about":[{"href":"https:\/\/www.emmentaler.ch\/es\/wp-json\/wp\/v2\/types\/recipes"}],"author":[{"embeddable":true,"href":"https:\/\/www.emmentaler.ch\/es\/wp-json\/wp\/v2\/users\/2"}],"version-history":[{"count":0,"href":"https:\/\/www.emmentaler.ch\/es\/wp-json\/wp\/v2\/recipes\/54342\/revisions"}],"acf:attachment":[{"embeddable":true,"href":"https:\/\/www.emmentaler.ch\/es\/wp-json\/wp\/v2\/media\/54358"}],"acf:term":[{"embeddable":true,"taxonomy":"recipe_saison","href":"https:\/\/www.emmentaler.ch\/es\/wp-json\/wp\/v2\/recipe_saison\/538"},{"embeddable":true,"taxonomy":"recipe_main_ingredient","href":"https:\/\/www.emmentaler.ch\/es\/wp-json\/wp\/v2\/recipe_main_ingredient\/602"},{"embeddable":true,"taxonomy":"recipe_diet_type","href":"https:\/\/www.emmentaler.ch\/es\/wp-json\/wp\/v2\/recipe_diet_type\/570"},{"embeddable":true,"taxonomy":"recipe_diet_type","href":"https:\/\/www.emmentaler.ch\/es\/wp-json\/wp\/v2\/recipe_diet_type\/569"},{"embeddable":true,"taxonomy":"recipe_difficulty","href":"https:\/\/www.emmentaler.ch\/es\/wp-json\/wp\/v2\/recipe_difficulty\/578"},{"embeddable":true,"taxonomy":"recipe_categories","href":"https:\/\/www.emmentaler.ch\/es\/wp-json\/wp\/v2\/recipe_categories\/619"},{"embeddable":true,"taxonomy":"recipe_preparation_time","href":"https:\/\/www.emmentaler.ch\/es\/wp-json\/wp\/v2\/recipe_preparation_time\/386"}],"acf:post":[{"embeddable":true,"href":"https:\/\/www.emmentaler.ch\/es\/wp-json\/wp\/v2\/pages\/65952"}],"wp:featuredmedia":[{"embeddable":true,"href":"https:\/\/www.emmentaler.ch\/es\/wp-json\/wp\/v2\/media\/54358"}],"wp:attachment":[{"href":"https:\/\/www.emmentaler.ch\/es\/wp-json\/wp\/v2\/media?parent=54342"}],"wp:term":[{"taxonomy":"post_tag","embeddable":true,"href":"https:\/\/www.emmentaler.ch\/es\/wp-json\/wp\/v2\/tags?post=54342"},{"taxonomy":"recipe_categories","embeddable":true,"href":"https:\/\/www.emmentaler.ch\/es\/wp-json\/wp\/v2\/recipe_categories?post=54342"},{"taxonomy":"et_countries","embeddable":true,"href":"https:\/\/www.emmentaler.ch\/es\/wp-json\/wp\/v2\/et_countries?post=54342"},{"taxonomy":"recipe_main_ingredient","embeddable":true,"href":"https:\/\/www.emmentaler.ch\/es\/wp-json\/wp\/v2\/recipe_main_ingredient?post=54342"},{"taxonomy":"recipe_difficulty","embeddable":true,"href":"https:\/\/www.emmentaler.ch\/es\/wp-json\/wp\/v2\/recipe_difficulty?post=54342"},{"taxonomy":"recipe_preparation_time","embeddable":true,"href":"https:\/\/www.emmentaler.ch\/es\/wp-json\/wp\/v2\/recipe_preparation_time?post=54342"},{"taxonomy":"recipe_diet_type","embeddable":true,"href":"https:\/\/www.emmentaler.ch\/es\/wp-json\/wp\/v2\/recipe_diet_type?post=54342"},{"taxonomy":"recipe_saison","embeddable":true,"href":"https:\/\/www.emmentaler.ch\/es\/wp-json\/wp\/v2\/recipe_saison?post=54342"}],"curies":[{"name":"wp","href":"https:\/\/api.w.org\/{rel}","templated":true}]}}

Cazuela de knöpfli de calabaza

40 minutos más 30 minutos de descanso

450 g de pulpa de calabaza Hokkaido
300 g de harina de espelta
3 huevos
1 cucharadita de sal
1 cebolla pequeña
1 tallo de puerro
1 cucharada de aceite
1 dl de sidra
1,5 dl de caldo
350 g de castañas congeladas
Un poco de romero
Pimienta
125 g de Emmentaler AOC suave

<span style="font-weight: 400;">Corta la calabaza en dados, hiérvela al vapor unos 20 minutos hasta que quede blanda y deja que se enfríe. Echa la harina, los huevos, la sal y el puré de calabaza en un recipiente y remueve hasta formar una masa lisa. Deja que repose 30 minutos.</span>

<span style="font-weight: 400;">Corta fina la cebolla y corta el puerro en rodajas. Rehógalos en aceite caliente y vierte la sidra. Añade el caldo y las castañas y deja cocer 10 minutos a fuego lento. Condimenta con romero, sal y pimienta.</span>

<span style="font-weight: 400;">Corta el Emmentaler AOC en pequeños dados. Calienta agua con sal. Ve echando la masa en el tamiz para knöpfli directamente en agua hirviendo. En cuanto los knöpfli suban a la superficie, sácalos con una espumadera. Echa los knöpfli en la mezcla de castañas, caliéntalos un poco y mézclalos con los dados de queso. </span>
