{"id":54435,"date":"2022-04-27T13:38:44","date_gmt":"2022-04-27T11:38:44","guid":{"rendered":"https:\/\/www.emmentaler.ch\/rezept\/crepes-de-hierbas-aromaticas"},"modified":"2022-06-27T15:24:02","modified_gmt":"2022-06-27T13:24:02","slug":"crepes-de-hierbas-aromaticas","status":"publish","type":"recipes","link":"https:\/\/www.emmentaler.ch\/es\/recetas\/crepes-de-hierbas-aromaticas","title":{"rendered":"Crepes de hierbas arom\u00e1ticas"},"author":2,"featured_media":22724,"menu_order":0,"template":"","meta":{"inline_featured_image":false},"tags":[],"recipe_categories":[619],"et_countries":[],"recipe_main_ingredient":[602],"recipe_difficulty":[578],"recipe_preparation_time":[406],"recipe_diet_type":[570],"recipe_saison":[561],"acf":{"recipe_preparation_time":406,"recipe_categories":619,"recipe_time_txt":"45 minutos, m\u00e1s 30 minutos para hinchar, m\u00e1s 25 minutos en el horno","recipe_type":65947,"recipe_difficulty":578,"recipe_diet_type":[570],"recipe_main_ingredient":[602],"recipe_saison":[561],"recipe_count_portions":4,"recipe_ingedients":[{"recipe_ingedients_amount":"","recipe_ingedients_unit":"g","recipe_ingedients_product":""}],"temporare_zutaten":"200 g de Emmentaler AOC\r\n125 g de harina\r\n\u00bd cucharadita de sal\r\n2,5 dl de leche\r\n4 huevos\r\nMantequilla para fre\u00edr\r\n50 g de nueces\r\n2 pu\u00f1ados de hierbas arom\u00e1ticas varidadas, p. ej., perejil, perifollo, cebollino y albahaca\r\n350 g de reques\u00f3n\r\nSal, pimienta\r\nUn poco de c\u00e1scara de lim\u00f3n rallada\r\n500 g de tomates cherry en rama\r\n1 cucharadas de aceite de oliva","recipe_preparation":"<span style=\"font-weight: 400;\">Ralla fino el Emmentaler AOC. Mezcla la harina, la sal, la leche y 25\u00a0g de queso. Bate los huevos y \u00e9chalos a la masa. Remu\u00e9velos y deja que reposen 30 minutos. Haz los crepes, uno a uno, en una sart\u00e9n grande con un poco de mantequilla derretida.<\/span>\r\n\r\n<span style=\"font-weight: 400;\">Trocea las nueces. Luego, pica las hierbas arom\u00e1ticas y m\u00e9zclalas con las nueces, el reques\u00f3n y 125\u00a0g de Emmentaler AOC. Condimenta con sal, pimienta y la piel de lim\u00f3n. Echa el relleno en los crepes, enr\u00f3llalos y col\u00f3calos en una bandeja para gratinar. Reparte los tomates por encima, espolovrea el queso y echa un chorre\u00f3n de aceite. M\u00e9telos en el horno precalentado a 200\u00ba unos 25\u00a0minutos.<\/span>","recipe_images":[54451]},"_links":{"self":[{"href":"https:\/\/www.emmentaler.ch\/es\/wp-json\/wp\/v2\/recipes\/54435"}],"collection":[{"href":"https:\/\/www.emmentaler.ch\/es\/wp-json\/wp\/v2\/recipes"}],"about":[{"href":"https:\/\/www.emmentaler.ch\/es\/wp-json\/wp\/v2\/types\/recipes"}],"author":[{"embeddable":true,"href":"https:\/\/www.emmentaler.ch\/es\/wp-json\/wp\/v2\/users\/2"}],"version-history":[{"count":0,"href":"https:\/\/www.emmentaler.ch\/es\/wp-json\/wp\/v2\/recipes\/54435\/revisions"}],"acf:attachment":[{"embeddable":true,"href":"https:\/\/www.emmentaler.ch\/es\/wp-json\/wp\/v2\/media\/54451"}],"acf:term":[{"embeddable":true,"taxonomy":"recipe_saison","href":"https:\/\/www.emmentaler.ch\/es\/wp-json\/wp\/v2\/recipe_saison\/561"},{"embeddable":true,"taxonomy":"recipe_main_ingredient","href":"https:\/\/www.emmentaler.ch\/es\/wp-json\/wp\/v2\/recipe_main_ingredient\/602"},{"embeddable":true,"taxonomy":"recipe_diet_type","href":"https:\/\/www.emmentaler.ch\/es\/wp-json\/wp\/v2\/recipe_diet_type\/570"},{"embeddable":true,"taxonomy":"recipe_difficulty","href":"https:\/\/www.emmentaler.ch\/es\/wp-json\/wp\/v2\/recipe_difficulty\/578"},{"embeddable":true,"taxonomy":"recipe_categories","href":"https:\/\/www.emmentaler.ch\/es\/wp-json\/wp\/v2\/recipe_categories\/619"},{"embeddable":true,"taxonomy":"recipe_preparation_time","href":"https:\/\/www.emmentaler.ch\/es\/wp-json\/wp\/v2\/recipe_preparation_time\/406"}],"acf:post":[{"embeddable":true,"href":"https:\/\/www.emmentaler.ch\/es\/wp-json\/wp\/v2\/pages\/65947"}],"wp:featuredmedia":[{"embeddable":true,"href":"https:\/\/www.emmentaler.ch\/es\/wp-json\/wp\/v2\/media\/22724"}],"wp:attachment":[{"href":"https:\/\/www.emmentaler.ch\/es\/wp-json\/wp\/v2\/media?parent=54435"}],"wp:term":[{"taxonomy":"post_tag","embeddable":true,"href":"https:\/\/www.emmentaler.ch\/es\/wp-json\/wp\/v2\/tags?post=54435"},{"taxonomy":"recipe_categories","embeddable":true,"href":"https:\/\/www.emmentaler.ch\/es\/wp-json\/wp\/v2\/recipe_categories?post=54435"},{"taxonomy":"et_countries","embeddable":true,"href":"https:\/\/www.emmentaler.ch\/es\/wp-json\/wp\/v2\/et_countries?post=54435"},{"taxonomy":"recipe_main_ingredient","embeddable":true,"href":"https:\/\/www.emmentaler.ch\/es\/wp-json\/wp\/v2\/recipe_main_ingredient?post=54435"},{"taxonomy":"recipe_difficulty","embeddable":true,"href":"https:\/\/www.emmentaler.ch\/es\/wp-json\/wp\/v2\/recipe_difficulty?post=54435"},{"taxonomy":"recipe_preparation_time","embeddable":true,"href":"https:\/\/www.emmentaler.ch\/es\/wp-json\/wp\/v2\/recipe_preparation_time?post=54435"},{"taxonomy":"recipe_diet_type","embeddable":true,"href":"https:\/\/www.emmentaler.ch\/es\/wp-json\/wp\/v2\/recipe_diet_type?post=54435"},{"taxonomy":"recipe_saison","embeddable":true,"href":"https:\/\/www.emmentaler.ch\/es\/wp-json\/wp\/v2\/recipe_saison?post=54435"}],"curies":[{"name":"wp","href":"https:\/\/api.w.org\/{rel}","templated":true}]}}

Crepes de hierbas aromáticas

45 minutos, más 30 minutos para hinchar, más 25 minutos en el horno

200 g de Emmentaler AOC
125 g de harina
½ cucharadita de sal
2,5 dl de leche
4 huevos
Mantequilla para freír
50 g de nueces
2 puñados de hierbas aromáticas varidadas, p. ej., perejil, perifollo, cebollino y albahaca
350 g de requesón
Sal, pimienta
Un poco de cáscara de limón rallada
500 g de tomates cherry en rama
1 cucharadas de aceite de oliva

<span style="font-weight: 400;">Ralla fino el Emmentaler AOC. Mezcla la harina, la sal, la leche y 25 g de queso. Bate los huevos y échalos a la masa. Remuévelos y deja que reposen 30 minutos. Haz los crepes, uno a uno, en una sartén grande con un poco de mantequilla derretida.</span>

<span style="font-weight: 400;">Trocea las nueces. Luego, pica las hierbas aromáticas y mézclalas con las nueces, el requesón y 125 g de Emmentaler AOC. Condimenta con sal, pimienta y la piel de limón. Echa el relleno en los crepes, enróllalos y colócalos en una bandeja para gratinar. Reparte los tomates por encima, espolovrea el queso y echa un chorreón de aceite. Mételos en el horno precalentado a 200º unos 25 minutos.</span>
