{"id":54497,"date":"2022-04-27T13:38:00","date_gmt":"2022-04-27T11:38:00","guid":{"rendered":"https:\/\/www.emmentaler.ch\/rezept\/terrina-de-queso-con-mostaza-de-albaricoque"},"modified":"2022-08-18T15:42:34","modified_gmt":"2022-08-18T13:42:34","slug":"terrina-de-queso-con-mostaza-de-albaricoque","status":"publish","type":"recipes","link":"https:\/\/www.emmentaler.ch\/es\/recetas\/terrina-de-queso-con-mostaza-de-albaricoque","title":{"rendered":"Terrina de queso con mostaza de albaricoque"},"author":2,"featured_media":22570,"menu_order":0,"template":"","meta":{"inline_featured_image":false},"tags":[],"recipe_categories":[613],"et_countries":[],"recipe_main_ingredient":[594],"recipe_difficulty":[578],"recipe_preparation_time":[420],"recipe_diet_type":[562,570],"recipe_saison":[529,561,546],"acf":{"recipe_preparation_time":420,"recipe_categories":613,"recipe_time_txt":"30 minutos m\u00e1s 3 horas para solidificar","recipe_type":65967,"recipe_difficulty":578,"recipe_diet_type":[562,570],"recipe_main_ingredient":[594],"recipe_saison":[529,561,546],"recipe_count_portions":5,"recipe_ingedients":[{"recipe_ingedients_amount":"5","recipe_ingedients_unit":"g","recipe_ingedients_product":"de pi\u00f1ones"},{"recipe_ingedients_amount":"5","recipe_ingedients_unit":"g","recipe_ingedients_product":"de albaricoques secos"},{"recipe_ingedients_amount":"30","recipe_ingedients_unit":"g","recipe_ingedients_product":"de Emmentaler DOP picante"},{"recipe_ingedients_amount":"20","recipe_ingedients_unit":"g","recipe_ingedients_product":"de queso quark desnatado"},{"recipe_ingedients_amount":"0.4","recipe_ingedients_unit":"El","recipe_ingedients_product":"de jerez seco"},{"recipe_ingedients_amount":"20","recipe_ingedients_unit":"ml","recipe_ingedients_product":"de nata"},{"recipe_ingedients_amount":"0.4","recipe_ingedients_unit":"St\u00fcck","recipe_ingedients_product":"hojas de gelatina, a remojo en agua fr\u00eda"},{"recipe_ingedients_amount":"20","recipe_ingedients_unit":"g","recipe_ingedients_product":"lonchas finas de Emmentaler DOP"},{"recipe_ingedients_amount":"10","recipe_ingedients_unit":"g","recipe_ingedients_product":"de albaricoques secos"},{"recipe_ingedients_amount":"0.6","recipe_ingedients_unit":"El","recipe_ingedients_product":"de mostaza"},{"recipe_ingedients_amount":"0.4","recipe_ingedients_unit":"El","recipe_ingedients_product":"de miel"},{"recipe_ingedients_amount":"","recipe_ingedients_unit":"Bedarf","recipe_ingedients_product":"Cayena"},{"recipe_ingedients_amount":"","recipe_ingedients_unit":"Bedarf","recipe_ingedients_product":"Sal, pimienta"}],"temporare_zutaten":"25 g de pi\u00f1ones\r\n25 g de albaricoques secos\r\n150 g de Emmentaler AOC curado\r\n100 g de queso quark desnatado\r\n2 cucharadas de jerez seco\r\n1 dl de nata\r\n2 hojas de gelatina, a remojo en agua fr\u00eda\r\nCayena\r\nSal, pimienta\r\nAprox. 100 g de lonchas finas de\r\nEmmentaler AOC\r\n50 g de albaricoques secos\r\n3 cucharadas de mostaza\r\n1 cucharada de miel","recipe_preparation":"<span style=\"font-weight: 400;\">Primero, coloca papel transparente en un molde para terrina (de aprox. 0,5 l de contenido). A continuaci\u00f3n, tuesta los pi\u00f1ones en una sart\u00e9n sin aceite. Corta los albaricoques en peque\u00f1os dados y ralla fino el Emmentaler DOP.<\/span>\r\n\r\n<span style=\"font-weight: 400;\">Mezcla el queso quark desnatado con el jerez, los albaricoques, los pi\u00f1ones y el queso rallado.<\/span>\r\n\r\n<span style=\"font-weight: 400;\">Echa la nata con la gelatina escurrida en una peque\u00f1a olla. Cali\u00e9ntala un poco mientras remueves, hasta que se disuelva la gelatina. Remueve r\u00e1pido la mezcla de queso y el queso quark. Condimenta la masa bastante.\u00a0<\/span>\r\n\r\n<span style=\"font-weight: 400;\">Cubre la base de la terrina con <\/span><span style=\"font-weight: 400;\">1<\/span><span style=\"font-weight: 400;\">\/<\/span><span style=\"font-weight: 400;\">3<\/span><span style=\"font-weight: 400;\"> de las lonchas de queso. Unta la mitad de la masa de queso y ponle lonchas de queso. Echa el resto de la masa y c\u00fabrela con el resto de lonchas de queso. Deja enfriar la terrina al menos 3 horas.\u00a0<\/span>\r\n\r\n<span style=\"font-weight: 400;\">Corta los albaricoques en tiras, y ponlos a hervir en 1\u00a0dl de agua. Luego, d\u00e9jalos en remojo durante aprox. 30\u00a0minutos. A\u00f1ade la mostaza y la miel y trit\u00faralo todo, pero no hagas un pur\u00e9 demasiado fino. A\u00f1ade la mezcla y s\u00edrvela cuando se enfr\u00ede con la terrina.<\/span>","recipe_images":[22570]},"_links":{"self":[{"href":"https:\/\/www.emmentaler.ch\/es\/wp-json\/wp\/v2\/recipes\/54497"}],"collection":[{"href":"https:\/\/www.emmentaler.ch\/es\/wp-json\/wp\/v2\/recipes"}],"about":[{"href":"https:\/\/www.emmentaler.ch\/es\/wp-json\/wp\/v2\/types\/recipes"}],"author":[{"embeddable":true,"href":"https:\/\/www.emmentaler.ch\/es\/wp-json\/wp\/v2\/users\/2"}],"version-history":[{"count":0,"href":"https:\/\/www.emmentaler.ch\/es\/wp-json\/wp\/v2\/recipes\/54497\/revisions"}],"acf:attachment":[{"embeddable":true,"href":"https:\/\/www.emmentaler.ch\/es\/wp-json\/wp\/v2\/media\/22570"}],"acf:term":[{"embeddable":true,"taxonomy":"recipe_saison","href":"https:\/\/www.emmentaler.ch\/es\/wp-json\/wp\/v2\/recipe_saison\/546"},{"embeddable":true,"taxonomy":"recipe_saison","href":"https:\/\/www.emmentaler.ch\/es\/wp-json\/wp\/v2\/recipe_saison\/561"},{"embeddable":true,"taxonomy":"recipe_saison","href":"https:\/\/www.emmentaler.ch\/es\/wp-json\/wp\/v2\/recipe_saison\/529"},{"embeddable":true,"taxonomy":"recipe_main_ingredient","href":"https:\/\/www.emmentaler.ch\/es\/wp-json\/wp\/v2\/recipe_main_ingredient\/594"},{"embeddable":true,"taxonomy":"recipe_diet_type","href":"https:\/\/www.emmentaler.ch\/es\/wp-json\/wp\/v2\/recipe_diet_type\/570"},{"embeddable":true,"taxonomy":"recipe_diet_type","href":"https:\/\/www.emmentaler.ch\/es\/wp-json\/wp\/v2\/recipe_diet_type\/562"},{"embeddable":true,"taxonomy":"recipe_difficulty","href":"https:\/\/www.emmentaler.ch\/es\/wp-json\/wp\/v2\/recipe_difficulty\/578"},{"embeddable":true,"taxonomy":"recipe_categories","href":"https:\/\/www.emmentaler.ch\/es\/wp-json\/wp\/v2\/recipe_categories\/613"},{"embeddable":true,"taxonomy":"recipe_preparation_time","href":"https:\/\/www.emmentaler.ch\/es\/wp-json\/wp\/v2\/recipe_preparation_time\/420"}],"acf:post":[{"embeddable":true,"href":"https:\/\/www.emmentaler.ch\/es\/wp-json\/wp\/v2\/pages\/65967"}],"wp:featuredmedia":[{"embeddable":true,"href":"https:\/\/www.emmentaler.ch\/es\/wp-json\/wp\/v2\/media\/22570"}],"wp:attachment":[{"href":"https:\/\/www.emmentaler.ch\/es\/wp-json\/wp\/v2\/media?parent=54497"}],"wp:term":[{"taxonomy":"post_tag","embeddable":true,"href":"https:\/\/www.emmentaler.ch\/es\/wp-json\/wp\/v2\/tags?post=54497"},{"taxonomy":"recipe_categories","embeddable":true,"href":"https:\/\/www.emmentaler.ch\/es\/wp-json\/wp\/v2\/recipe_categories?post=54497"},{"taxonomy":"et_countries","embeddable":true,"href":"https:\/\/www.emmentaler.ch\/es\/wp-json\/wp\/v2\/et_countries?post=54497"},{"taxonomy":"recipe_main_ingredient","embeddable":true,"href":"https:\/\/www.emmentaler.ch\/es\/wp-json\/wp\/v2\/recipe_main_ingredient?post=54497"},{"taxonomy":"recipe_difficulty","embeddable":true,"href":"https:\/\/www.emmentaler.ch\/es\/wp-json\/wp\/v2\/recipe_difficulty?post=54497"},{"taxonomy":"recipe_preparation_time","embeddable":true,"href":"https:\/\/www.emmentaler.ch\/es\/wp-json\/wp\/v2\/recipe_preparation_time?post=54497"},{"taxonomy":"recipe_diet_type","embeddable":true,"href":"https:\/\/www.emmentaler.ch\/es\/wp-json\/wp\/v2\/recipe_diet_type?post=54497"},{"taxonomy":"recipe_saison","embeddable":true,"href":"https:\/\/www.emmentaler.ch\/es\/wp-json\/wp\/v2\/recipe_saison?post=54497"}],"curies":[{"name":"wp","href":"https:\/\/api.w.org\/{rel}","templated":true}]}}

30 minutos más 3 horas para solidificar

de piñones

Stück

hojas de gelatina, a remojo en agua fría

25 g de piñones
25 g de albaricoques secos
150 g de Emmentaler AOC curado
100 g de queso quark desnatado
2 cucharadas de jerez seco
1 dl de nata
2 hojas de gelatina, a remojo en agua fría
Cayena
Sal, pimienta
Aprox. 100 g de lonchas finas de
Emmentaler AOC
50 g de albaricoques secos
3 cucharadas de mostaza
1 cucharada de miel

<span style="font-weight: 400;">Primero, coloca papel transparente en un molde para terrina (de aprox. 0,5 l de contenido). A continuación, tuesta los piñones en una sartén sin aceite. Corta los albaricoques en pequeños dados y ralla fino el Emmentaler DOP.</span>

<span style="font-weight: 400;">Mezcla el queso quark desnatado con el jerez, los albaricoques, los piñones y el queso rallado.</span>

<span style="font-weight: 400;">Echa la nata con la gelatina escurrida en una pequeña olla. Caliéntala un poco mientras remueves, hasta que se disuelva la gelatina. Remueve rápido la mezcla de queso y el queso quark. Condimenta la masa bastante. </span>

<span style="font-weight: 400;">Cubre la base de la terrina con </span><span style="font-weight: 400;">1</span><span style="font-weight: 400;">/</span><span style="font-weight: 400;">3</span><span style="font-weight: 400;"> de las lonchas de queso. Unta la mitad de la masa de queso y ponle lonchas de queso. Echa el resto de la masa y cúbrela con el resto de lonchas de queso. Deja enfriar la terrina al menos 3 horas. </span>

<span style="font-weight: 400;">Corta los albaricoques en tiras, y ponlos a hervir en 1 dl de agua. Luego, déjalos en remojo durante aprox. 30 minutos. Añade la mostaza y la miel y tritúralo todo, pero no hagas un puré demasiado fino. Añade la mezcla y sírvela cuando se enfríe con la terrina.</span>
