{"id":54528,"date":"2022-04-27T13:37:12","date_gmt":"2022-04-27T11:37:12","guid":{"rendered":"https:\/\/www.emmentaler.ch\/rezept\/caracoles-de-verdura"},"modified":"2022-07-29T17:44:06","modified_gmt":"2022-07-29T15:44:06","slug":"caracoles-de-verdura","status":"publish","type":"recipes","link":"https:\/\/www.emmentaler.ch\/es\/recetas\/caracoles-de-verdura","title":{"rendered":"Caracoles de verdura"},"author":2,"featured_media":30281,"menu_order":0,"template":"","meta":{"inline_featured_image":false},"tags":[],"recipe_categories":[611],"et_countries":[],"recipe_main_ingredient":[602],"recipe_difficulty":[578],"recipe_preparation_time":[422],"recipe_diet_type":[570],"recipe_saison":[529,561],"acf":{"recipe_preparation_time":422,"recipe_categories":611,"recipe_time_txt":"30 minutos, m\u00e1s 60 minutos para levantarse, m\u00e1s 20 minutos en el horno","recipe_type":68478,"recipe_difficulty":578,"recipe_diet_type":[570],"recipe_main_ingredient":[602],"recipe_saison":[529,561],"recipe_count_portions":4,"recipe_ingedients":[{"recipe_ingedients_amount":"","recipe_ingedients_unit":"g","recipe_ingedients_product":""}],"temporare_zutaten":"200 g de Emmentaler AOC\r\n10 g de levadura\r\nAprox. 1,5 dl de agua\r\n250 g de harina blanca\r\n\u00bd cucharadita de sal\r\n1 cucharada de aceite de oliva\r\n150 g de calabac\u00edn\r\n\u00bd pimiento amarillo\r\n\u00bd manojo de hierbas arom\u00e1ticas variadas, p. ej., tomillo, romero y perejil\r\n2 dientes de ajo\r\n1 cucharada de alcaparras\r\nSal, pimienta\r\n5 cucharadas de pur\u00e9 de tomate","recipe_preparation":"<span style=\"font-weight: 400;\">Ralla fino el Emmentaler AOC. Echa 25\u00a0g de queso con la harina, la sal y el aceite de oliva en un recipiente. Desmenuza la levadura y \u00e9chala en el recipiente con el agua. Am\u00e1salo todo durante 5-10 minutos hasta formar una masa homog\u00e9nea. Conserva la masa cubierta en un lugar c\u00e1lido hasta que doble su volumen.<\/span>\r\n\r\n<span style=\"font-weight: 400;\">Para el relleno, corta los calabacines y el pimiento en peque\u00f1os dados de aprox. 5\u00a0mm. Pica fino el ajo y las hierbas arom\u00e1ticas. Reserva 2 cucharadas de queso. Mezcla el resto de queso con los calabacines, el pimiento, las hierbas, el ajo y las alcaparras, y condimenta con sal y pimienta.<\/span>\r\n\r\n<span style=\"font-weight: 400;\">Desenrolla la masa en una bandeja rectangular de aprox. 20\u00a0x\u00a035\u00a0cm. Extiende el pur\u00e9 de tomate sobre la masa. Distribuye el relleno y ejerce un poco de presi\u00f3n. Enrolla la masa desde uno de los lados longitudinales y corta rodajas de aprox. 3\u00a0cm de grosor. Coloca los caracoles en una bandeja con papel de horno, espolvorea el resto del queso y horn\u00e9alos a 220\u00ba unos 20 minutos. Se pueden servir fr\u00edos o tibios.<\/span>","recipe_images":[54544]},"_links":{"self":[{"href":"https:\/\/www.emmentaler.ch\/es\/wp-json\/wp\/v2\/recipes\/54528"}],"collection":[{"href":"https:\/\/www.emmentaler.ch\/es\/wp-json\/wp\/v2\/recipes"}],"about":[{"href":"https:\/\/www.emmentaler.ch\/es\/wp-json\/wp\/v2\/types\/recipes"}],"author":[{"embeddable":true,"href":"https:\/\/www.emmentaler.ch\/es\/wp-json\/wp\/v2\/users\/2"}],"version-history":[{"count":0,"href":"https:\/\/www.emmentaler.ch\/es\/wp-json\/wp\/v2\/recipes\/54528\/revisions"}],"acf:attachment":[{"embeddable":true,"href":"https:\/\/www.emmentaler.ch\/es\/wp-json\/wp\/v2\/media\/54544"}],"acf:term":[{"embeddable":true,"taxonomy":"recipe_saison","href":"https:\/\/www.emmentaler.ch\/es\/wp-json\/wp\/v2\/recipe_saison\/561"},{"embeddable":true,"taxonomy":"recipe_saison","href":"https:\/\/www.emmentaler.ch\/es\/wp-json\/wp\/v2\/recipe_saison\/529"},{"embeddable":true,"taxonomy":"recipe_main_ingredient","href":"https:\/\/www.emmentaler.ch\/es\/wp-json\/wp\/v2\/recipe_main_ingredient\/602"},{"embeddable":true,"taxonomy":"recipe_diet_type","href":"https:\/\/www.emmentaler.ch\/es\/wp-json\/wp\/v2\/recipe_diet_type\/570"},{"embeddable":true,"taxonomy":"recipe_difficulty","href":"https:\/\/www.emmentaler.ch\/es\/wp-json\/wp\/v2\/recipe_difficulty\/578"},{"embeddable":true,"taxonomy":"recipe_categories","href":"https:\/\/www.emmentaler.ch\/es\/wp-json\/wp\/v2\/recipe_categories\/611"},{"embeddable":true,"taxonomy":"recipe_preparation_time","href":"https:\/\/www.emmentaler.ch\/es\/wp-json\/wp\/v2\/recipe_preparation_time\/422"}],"acf:post":[{"embeddable":true,"href":"https:\/\/www.emmentaler.ch\/es\/wp-json\/wp\/v2\/pages\/68478"}],"wp:featuredmedia":[{"embeddable":true,"href":"https:\/\/www.emmentaler.ch\/es\/wp-json\/wp\/v2\/media\/30281"}],"wp:attachment":[{"href":"https:\/\/www.emmentaler.ch\/es\/wp-json\/wp\/v2\/media?parent=54528"}],"wp:term":[{"taxonomy":"post_tag","embeddable":true,"href":"https:\/\/www.emmentaler.ch\/es\/wp-json\/wp\/v2\/tags?post=54528"},{"taxonomy":"recipe_categories","embeddable":true,"href":"https:\/\/www.emmentaler.ch\/es\/wp-json\/wp\/v2\/recipe_categories?post=54528"},{"taxonomy":"et_countries","embeddable":true,"href":"https:\/\/www.emmentaler.ch\/es\/wp-json\/wp\/v2\/et_countries?post=54528"},{"taxonomy":"recipe_main_ingredient","embeddable":true,"href":"https:\/\/www.emmentaler.ch\/es\/wp-json\/wp\/v2\/recipe_main_ingredient?post=54528"},{"taxonomy":"recipe_difficulty","embeddable":true,"href":"https:\/\/www.emmentaler.ch\/es\/wp-json\/wp\/v2\/recipe_difficulty?post=54528"},{"taxonomy":"recipe_preparation_time","embeddable":true,"href":"https:\/\/www.emmentaler.ch\/es\/wp-json\/wp\/v2\/recipe_preparation_time?post=54528"},{"taxonomy":"recipe_diet_type","embeddable":true,"href":"https:\/\/www.emmentaler.ch\/es\/wp-json\/wp\/v2\/recipe_diet_type?post=54528"},{"taxonomy":"recipe_saison","embeddable":true,"href":"https:\/\/www.emmentaler.ch\/es\/wp-json\/wp\/v2\/recipe_saison?post=54528"}],"curies":[{"name":"wp","href":"https:\/\/api.w.org\/{rel}","templated":true}]}}

30 minutos, más 60 minutos para levantarse, más 20 minutos en el horno

200 g de Emmentaler AOC
10 g de levadura
Aprox. 1,5 dl de agua
250 g de harina blanca
½ cucharadita de sal
1 cucharada de aceite de oliva
150 g de calabacín
½ pimiento amarillo
½ manojo de hierbas aromáticas variadas, p. ej., tomillo, romero y perejil
2 dientes de ajo
1 cucharada de alcaparras
Sal, pimienta
5 cucharadas de puré de tomate

<span style="font-weight: 400;">Ralla fino el Emmentaler AOC. Echa 25 g de queso con la harina, la sal y el aceite de oliva en un recipiente. Desmenuza la levadura y échala en el recipiente con el agua. Amásalo todo durante 5-10 minutos hasta formar una masa homogénea. Conserva la masa cubierta en un lugar cálido hasta que doble su volumen.</span>

<span style="font-weight: 400;">Para el relleno, corta los calabacines y el pimiento en pequeños dados de aprox. 5 mm. Pica fino el ajo y las hierbas aromáticas. Reserva 2 cucharadas de queso. Mezcla el resto de queso con los calabacines, el pimiento, las hierbas, el ajo y las alcaparras, y condimenta con sal y pimienta.</span>

<span style="font-weight: 400;">Desenrolla la masa en una bandeja rectangular de aprox. 20 x 35 cm. Extiende el puré de tomate sobre la masa. Distribuye el relleno y ejerce un poco de presión. Enrolla la masa desde uno de los lados longitudinales y corta rodajas de aprox. 3 cm de grosor. Coloca los caracoles en una bandeja con papel de horno, espolvorea el resto del queso y hornéalos a 220º unos 20 minutos. Se pueden servir fríos o tibios.</span>
