{"id":54681,"date":"2022-04-27T13:40:42","date_gmt":"2022-04-27T11:40:42","guid":{"rendered":"https:\/\/www.emmentaler.ch\/rezept\/pastelitos-de-risotto-con-verduras-de-primavera"},"modified":"2022-07-26T17:09:55","modified_gmt":"2022-07-26T15:09:55","slug":"pastelitos-de-risotto-con-verduras-de-primavera","status":"publish","type":"recipes","link":"https:\/\/www.emmentaler.ch\/es\/recetas\/pastelitos-de-risotto-con-verduras-de-primavera","title":{"rendered":"Pastelitos de risotto con verduras de primavera"},"author":2,"featured_media":54702,"menu_order":0,"template":"","meta":{"inline_featured_image":false},"tags":[],"recipe_categories":[619],"et_countries":[],"recipe_main_ingredient":[602],"recipe_difficulty":[585],"recipe_preparation_time":[410],"recipe_diet_type":[570],"recipe_saison":[530,561],"acf":{"recipe_preparation_time":410,"recipe_categories":619,"recipe_time_txt":"60 minutos, m\u00e1s 3 horas para enfriar","recipe_type":65940,"recipe_difficulty":585,"recipe_diet_type":[570],"recipe_main_ingredient":[602],"recipe_saison":[530,561],"recipe_count_portions":4,"recipe_ingedients":[{"recipe_ingedients_amount":".25","recipe_ingedients_unit":"g","recipe_ingedients_product":""}],"temporare_zutaten":"1 cebolla\r\n1 diente de ajo\r\n3 cucharadas de aceite de oliva\r\n300 g de arroz para risotto\r\nAprox. 8 dl de caldo de verduras caliente\r\n150 g de Emmentaler AOP, surchoix\r\nSal, pimienta\r\n750 g de verduras de primavera, p. ej., zanahorias, esp\u00e1rragos o colinabo\r\n1 cucharadas de mantequilla\r\n2 cucharadas de verm\u00fa seco, p. ej., Noilly Prat\r\n1 dl de caldo de verduras\r\n2 dl de nata\r\n1 lim\u00f3n con la c\u00e1scara\r\n1 manojo de perifollo\r\nPimienta rosa","recipe_preparation":"Corta la cebolla y el ajo muy fino. Reh\u00f3galos con una cucharada de aceite. A\u00f1ade el arroz y reh\u00f3galo tambi\u00e9n un poco. Ve a\u00f1adiendo el caldo caliente poco a poco y deja hervir unos 20\u00a0minutos removiendo de vez en cuando.\r\n\r\nRalla fino el Emmentaler AOP y m\u00e9zclalo con el arroz. Condimenta con sal y pimienta. Extiende el risotto en un papel de horno, observa que tenga un grosor de 2-3 cm y deja que se enfr\u00ede.\r\n\r\nCorta las verduras en trozos peque\u00f1os. Con un molde para cortar redondo, corta la masa de risotto. D\u00f3ralo por ambos lados en el resto del aceite durante 2-3\u00a0minutos y conserva en caliente.\r\n\r\nRehoga la verdura en mantequilla y echa el verm\u00fa. A\u00f1ade el caldo, ponle una tapadera y cu\u00e9cela hasta que est\u00e9 blanda. A\u00f1ade la nata y termina de cocer sin la tapadera. Ralla un poco de c\u00e1scara de lim\u00f3n y condimenta con un poco de zumo de lim\u00f3n, sal y pimienta. Separa las hojitas del perifollo y espolvorea las verduras con la pimienta rosa. Acomp\u00e1\u00f1alas con los pastelitos de risotto.","recipe_images":[54697]},"_links":{"self":[{"href":"https:\/\/www.emmentaler.ch\/es\/wp-json\/wp\/v2\/recipes\/54681"}],"collection":[{"href":"https:\/\/www.emmentaler.ch\/es\/wp-json\/wp\/v2\/recipes"}],"about":[{"href":"https:\/\/www.emmentaler.ch\/es\/wp-json\/wp\/v2\/types\/recipes"}],"author":[{"embeddable":true,"href":"https:\/\/www.emmentaler.ch\/es\/wp-json\/wp\/v2\/users\/2"}],"version-history":[{"count":0,"href":"https:\/\/www.emmentaler.ch\/es\/wp-json\/wp\/v2\/recipes\/54681\/revisions"}],"acf:attachment":[{"embeddable":true,"href":"https:\/\/www.emmentaler.ch\/es\/wp-json\/wp\/v2\/media\/54697"}],"acf:term":[{"embeddable":true,"taxonomy":"recipe_saison","href":"https:\/\/www.emmentaler.ch\/es\/wp-json\/wp\/v2\/recipe_saison\/561"},{"embeddable":true,"taxonomy":"recipe_saison","href":"https:\/\/www.emmentaler.ch\/es\/wp-json\/wp\/v2\/recipe_saison\/530"},{"embeddable":true,"taxonomy":"recipe_main_ingredient","href":"https:\/\/www.emmentaler.ch\/es\/wp-json\/wp\/v2\/recipe_main_ingredient\/602"},{"embeddable":true,"taxonomy":"recipe_diet_type","href":"https:\/\/www.emmentaler.ch\/es\/wp-json\/wp\/v2\/recipe_diet_type\/570"},{"embeddable":true,"taxonomy":"recipe_difficulty","href":"https:\/\/www.emmentaler.ch\/es\/wp-json\/wp\/v2\/recipe_difficulty\/585"},{"embeddable":true,"taxonomy":"recipe_categories","href":"https:\/\/www.emmentaler.ch\/es\/wp-json\/wp\/v2\/recipe_categories\/619"},{"embeddable":true,"taxonomy":"recipe_preparation_time","href":"https:\/\/www.emmentaler.ch\/es\/wp-json\/wp\/v2\/recipe_preparation_time\/410"}],"acf:post":[{"embeddable":true,"href":"https:\/\/www.emmentaler.ch\/es\/wp-json\/wp\/v2\/pages\/65940"}],"wp:featuredmedia":[{"embeddable":true,"href":"https:\/\/www.emmentaler.ch\/es\/wp-json\/wp\/v2\/media\/54702"}],"wp:attachment":[{"href":"https:\/\/www.emmentaler.ch\/es\/wp-json\/wp\/v2\/media?parent=54681"}],"wp:term":[{"taxonomy":"post_tag","embeddable":true,"href":"https:\/\/www.emmentaler.ch\/es\/wp-json\/wp\/v2\/tags?post=54681"},{"taxonomy":"recipe_categories","embeddable":true,"href":"https:\/\/www.emmentaler.ch\/es\/wp-json\/wp\/v2\/recipe_categories?post=54681"},{"taxonomy":"et_countries","embeddable":true,"href":"https:\/\/www.emmentaler.ch\/es\/wp-json\/wp\/v2\/et_countries?post=54681"},{"taxonomy":"recipe_main_ingredient","embeddable":true,"href":"https:\/\/www.emmentaler.ch\/es\/wp-json\/wp\/v2\/recipe_main_ingredient?post=54681"},{"taxonomy":"recipe_difficulty","embeddable":true,"href":"https:\/\/www.emmentaler.ch\/es\/wp-json\/wp\/v2\/recipe_difficulty?post=54681"},{"taxonomy":"recipe_preparation_time","embeddable":true,"href":"https:\/\/www.emmentaler.ch\/es\/wp-json\/wp\/v2\/recipe_preparation_time?post=54681"},{"taxonomy":"recipe_diet_type","embeddable":true,"href":"https:\/\/www.emmentaler.ch\/es\/wp-json\/wp\/v2\/recipe_diet_type?post=54681"},{"taxonomy":"recipe_saison","embeddable":true,"href":"https:\/\/www.emmentaler.ch\/es\/wp-json\/wp\/v2\/recipe_saison?post=54681"}],"curies":[{"name":"wp","href":"https:\/\/api.w.org\/{rel}","templated":true}]}}

60 minutos, más 3 horas para enfriar

1 cebolla
1 diente de ajo
3 cucharadas de aceite de oliva
300 g de arroz para risotto
Aprox. 8 dl de caldo de verduras caliente
150 g de Emmentaler AOP, surchoix
Sal, pimienta
750 g de verduras de primavera, p. ej., zanahorias, espárragos o colinabo
1 cucharadas de mantequilla
2 cucharadas de vermú seco, p. ej., Noilly Prat
1 dl de caldo de verduras
2 dl de nata
1 limón con la cáscara
1 manojo de perifollo
Pimienta rosa

Corta la cebolla y el ajo muy fino. Rehógalos con una cucharada de aceite. Añade el arroz y rehógalo también un poco. Ve añadiendo el caldo caliente poco a poco y deja hervir unos 20 minutos removiendo de vez en cuando.

Ralla fino el Emmentaler AOP y mézclalo con el arroz. Condimenta con sal y pimienta. Extiende el risotto en un papel de horno, observa que tenga un grosor de 2-3 cm y deja que se enfríe.

Corta las verduras en trozos pequeños. Con un molde para cortar redondo, corta la masa de risotto. Dóralo por ambos lados en el resto del aceite durante 2-3 minutos y conserva en caliente.

Rehoga la verdura en mantequilla y echa el vermú. Añade el caldo, ponle una tapadera y cuécela hasta que esté blanda. Añade la nata y termina de cocer sin la tapadera. Ralla un poco de cáscara de limón y condimenta con un poco de zumo de limón, sal y pimienta. Separa las hojitas del perifollo y espolvorea las verduras con la pimienta rosa. Acompáñalas con los pastelitos de risotto.
