{"id":54712,"date":"2022-04-27T13:47:25","date_gmt":"2022-04-27T11:47:25","guid":{"rendered":"https:\/\/www.emmentaler.ch\/rezept\/panecillos-de-huevos-revueltos-con-emmentaler"},"modified":"2024-07-25T12:25:44","modified_gmt":"2024-07-25T10:25:44","slug":"panecillos-de-huevos-revueltos-con-emmentaler","status":"publish","type":"recipes","link":"https:\/\/www.emmentaler.ch\/es\/recetas\/panecillos-de-huevos-revueltos-con-emmentaler","title":{"rendered":"Panecillos de huevos revueltos con Emmentaler"},"author":2,"featured_media":47932,"menu_order":0,"template":"","meta":{"inline_featured_image":false},"tags":[838,843],"recipe_categories":[611],"et_countries":[],"recipe_main_ingredient":[],"recipe_difficulty":[577],"recipe_preparation_time":[703],"recipe_diet_type":[570],"recipe_saison":[561],"acf":{"recipe_preparation_time":703,"recipe_categories":611,"recipe_time_txt":"","recipe_type":65952,"recipe_difficulty":577,"recipe_diet_type":[570],"recipe_main_ingredient":false,"recipe_saison":[561],"recipe_count_portions":2,"recipe_ingedients":[{"recipe_ingedients_amount":"","recipe_ingedients_unit":"g","recipe_ingedients_product":""}],"temporare_zutaten":"2 panecillos grandes\r\n1 manojo de diferentes hierbas arom\u00e1ticas, p. ej., cebollino, perejil y eneldo\r\n3 huevos\r\n3 cucharadas de leche\r\nSal, pimienta\r\n75 g de Emmentaler AOP suave y rallado\r\n1-2 cebolletas\r\n1 cucharada de mantequilla","recipe_preparation":"Corta los panecillos de manera transversal y qu\u00edtales la miga (se utilizar\u00e1 para otra cosa). Pica fino las hierbas arom\u00e1ticas. Bate los huevos con la leche, sal y pimienta. A\u00f1ade el Emmentaler AOP y las hierbas arom\u00e1ticas.\r\n\r\nCorta las cebolletas con la parte verde en rodajas finas. Luego, derrite mantequilla en una sart\u00e9n y rehoga las cebolletas durante 1-2 minutos. Echa la mezcla del huevo y mu\u00e9vela un poco con la paleta a fuego lento hasta que la masa se solidifique ligeramente.\r\n\r\nEcha los huevos revueltos en las dos bases del pan. Coloca la tapa de los panecillos y ejerce un poco de presi\u00f3n. Pueden tomarse fr\u00edos o calientes.","recipe_images":[26147]},"_links":{"self":[{"href":"https:\/\/www.emmentaler.ch\/es\/wp-json\/wp\/v2\/recipes\/54712"}],"collection":[{"href":"https:\/\/www.emmentaler.ch\/es\/wp-json\/wp\/v2\/recipes"}],"about":[{"href":"https:\/\/www.emmentaler.ch\/es\/wp-json\/wp\/v2\/types\/recipes"}],"author":[{"embeddable":true,"href":"https:\/\/www.emmentaler.ch\/es\/wp-json\/wp\/v2\/users\/2"}],"version-history":[{"count":1,"href":"https:\/\/www.emmentaler.ch\/es\/wp-json\/wp\/v2\/recipes\/54712\/revisions"}],"predecessor-version":[{"id":137565,"href":"https:\/\/www.emmentaler.ch\/es\/wp-json\/wp\/v2\/recipes\/54712\/revisions\/137565"}],"acf:attachment":[{"embeddable":true,"href":"https:\/\/www.emmentaler.ch\/es\/wp-json\/wp\/v2\/media\/26147"}],"acf:term":[{"embeddable":true,"taxonomy":"recipe_saison","href":"https:\/\/www.emmentaler.ch\/es\/wp-json\/wp\/v2\/recipe_saison\/561"},{"embeddable":true,"taxonomy":"recipe_diet_type","href":"https:\/\/www.emmentaler.ch\/es\/wp-json\/wp\/v2\/recipe_diet_type\/570"},{"embeddable":true,"taxonomy":"recipe_difficulty","href":"https:\/\/www.emmentaler.ch\/es\/wp-json\/wp\/v2\/recipe_difficulty\/577"},{"embeddable":true,"taxonomy":"recipe_categories","href":"https:\/\/www.emmentaler.ch\/es\/wp-json\/wp\/v2\/recipe_categories\/611"},{"embeddable":true,"taxonomy":"recipe_preparation_time","href":"https:\/\/www.emmentaler.ch\/es\/wp-json\/wp\/v2\/recipe_preparation_time\/703"}],"acf:post":[{"embeddable":true,"href":"https:\/\/www.emmentaler.ch\/es\/wp-json\/wp\/v2\/pages\/65952"}],"wp:featuredmedia":[{"embeddable":true,"href":"https:\/\/www.emmentaler.ch\/es\/wp-json\/wp\/v2\/media\/47932"}],"wp:attachment":[{"href":"https:\/\/www.emmentaler.ch\/es\/wp-json\/wp\/v2\/media?parent=54712"}],"wp:term":[{"taxonomy":"post_tag","embeddable":true,"href":"https:\/\/www.emmentaler.ch\/es\/wp-json\/wp\/v2\/tags?post=54712"},{"taxonomy":"recipe_categories","embeddable":true,"href":"https:\/\/www.emmentaler.ch\/es\/wp-json\/wp\/v2\/recipe_categories?post=54712"},{"taxonomy":"et_countries","embeddable":true,"href":"https:\/\/www.emmentaler.ch\/es\/wp-json\/wp\/v2\/et_countries?post=54712"},{"taxonomy":"recipe_main_ingredient","embeddable":true,"href":"https:\/\/www.emmentaler.ch\/es\/wp-json\/wp\/v2\/recipe_main_ingredient?post=54712"},{"taxonomy":"recipe_difficulty","embeddable":true,"href":"https:\/\/www.emmentaler.ch\/es\/wp-json\/wp\/v2\/recipe_difficulty?post=54712"},{"taxonomy":"recipe_preparation_time","embeddable":true,"href":"https:\/\/www.emmentaler.ch\/es\/wp-json\/wp\/v2\/recipe_preparation_time?post=54712"},{"taxonomy":"recipe_diet_type","embeddable":true,"href":"https:\/\/www.emmentaler.ch\/es\/wp-json\/wp\/v2\/recipe_diet_type?post=54712"},{"taxonomy":"recipe_saison","embeddable":true,"href":"https:\/\/www.emmentaler.ch\/es\/wp-json\/wp\/v2\/recipe_saison?post=54712"}],"curies":[{"name":"wp","href":"https:\/\/api.w.org\/{rel}","templated":true}]}}

2 panecillos grandes
1 manojo de diferentes hierbas aromáticas, p. ej., cebollino, perejil y eneldo
3 huevos
3 cucharadas de leche
Sal, pimienta
75 g de Emmentaler AOP suave y rallado
1-2 cebolletas
1 cucharada de mantequilla

Corta los panecillos de manera transversal y quítales la miga (se utilizará para otra cosa). Pica fino las hierbas aromáticas. Bate los huevos con la leche, sal y pimienta. Añade el Emmentaler AOP y las hierbas aromáticas.

Corta las cebolletas con la parte verde en rodajas finas. Luego, derrite mantequilla en una sartén y rehoga las cebolletas durante 1-2 minutos. Echa la mezcla del huevo y muévela un poco con la paleta a fuego lento hasta que la masa se solidifique ligeramente.

Echa los huevos revueltos en las dos bases del pan. Coloca la tapa de los panecillos y ejerce un poco de presión. Pueden tomarse fríos o calientes.
