{"id":54743,"date":"2022-04-27T13:47:25","date_gmt":"2022-04-27T11:47:25","guid":{"rendered":"https:\/\/www.emmentaler.ch\/rezept\/pastel-de-cebolla-y-emmentaler"},"modified":"2023-03-31T12:26:54","modified_gmt":"2023-03-31T10:26:54","slug":"pastel-de-cebolla-y-emmentaler","status":"publish","type":"recipes","link":"https:\/\/www.emmentaler.ch\/es\/recetas\/pastel-de-cebolla-y-emmentaler","title":{"rendered":"Pastel de cebolla y Emmentaler"},"author":2,"featured_media":26116,"menu_order":0,"template":"","meta":{"inline_featured_image":false},"tags":[],"recipe_categories":[619],"et_countries":[],"recipe_main_ingredient":[602],"recipe_difficulty":[578],"recipe_preparation_time":[396],"recipe_diet_type":[570],"recipe_saison":[561],"acf":{"recipe_preparation_time":396,"recipe_categories":619,"recipe_time_txt":"25 minutos, m\u00e1s otros 30 para hornear","recipe_type":65993,"recipe_difficulty":578,"recipe_diet_type":[570],"recipe_main_ingredient":[602],"recipe_saison":[561],"recipe_count_portions":4,"recipe_ingedients":[{"recipe_ingedients_amount":"75","recipe_ingedients_unit":"g","recipe_ingedients_product":"de cebolla roja"},{"recipe_ingedients_amount":"6","recipe_ingedients_unit":"g","recipe_ingedients_product":"de mantequilla"},{"recipe_ingedients_amount":"75","recipe_ingedients_unit":"g","recipe_ingedients_product":"de patatas cocidas, del d\u00eda anterior"},{"recipe_ingedients_amount":".25","recipe_ingedients_unit":"Bd","recipe_ingedients_product":"de perejil"},{"recipe_ingedients_amount":".125","recipe_ingedients_unit":"Bd","recipe_ingedients_product":"de mejorana fresca"},{"recipe_ingedients_amount":".5","recipe_ingedients_unit":"St\u00fcck","recipe_ingedients_product":"huevos"},{"recipe_ingedients_amount":"25","recipe_ingedients_unit":"ml","recipe_ingedients_product":"de leche"},{"recipe_ingedients_amount":"50","recipe_ingedients_unit":"ml","recipe_ingedients_product":"crema agria semidesnatada, para cocer"},{"recipe_ingedients_amount":"37.5","recipe_ingedients_unit":"g","recipe_ingedients_product":"de Emmentaler AOP curado y rallado"},{"recipe_ingedients_amount":".25","recipe_ingedients_unit":"St\u00fcck","recipe_ingedients_product":"masa quebrada, redonda"},{"recipe_ingedients_amount":"","recipe_ingedients_unit":"Bedarf","recipe_ingedients_product":"Sal, pimienta, nuez moscada"}],"temporare_zutaten":"300 g de cebolla roja\r\n25 g de mantequilla\r\n300 g de patatas cocidas, del d\u00eda anterior\r\n1 manojo de perejil\r\n\u00bd manojo de mejorana fresca\r\n2 huevos\r\n1 dl de leche\r\n2 dl crema agria semidesnatada, para cocer\r\n150 g de Emmentaler AOP curado y rallado\r\n\r\n1 masa quebrada, redonda","recipe_preparation":"<span style=\"font-weight: 400;\">Para una bandeja de horno con un di\u00e1metro de 28 cm.<\/span>\r\n\r\nPela las cebollas y c\u00f3rtalas en rodajas. Calienta mantequilla en una sart\u00e9n y fr\u00ede la cebolla unos 5 minutos. Pela las patatas y r\u00e1llalas fino. Pica fino las hierbas arom\u00e1ticas. Bate los huevos y m\u00e9zclalos con leche, nata, Emmentaler AOP y las hierbas arom\u00e1ticas. Condimenta con sal, pimienta y nuez moscada.\r\n\r\nColoca la masa en una bandeja. Reparte el relleno por encima. Hornea a 200\u00ba en el tercio inferior del horno unos 30 minutos.","recipe_images":[26116]},"_links":{"self":[{"href":"https:\/\/www.emmentaler.ch\/es\/wp-json\/wp\/v2\/recipes\/54743"}],"collection":[{"href":"https:\/\/www.emmentaler.ch\/es\/wp-json\/wp\/v2\/recipes"}],"about":[{"href":"https:\/\/www.emmentaler.ch\/es\/wp-json\/wp\/v2\/types\/recipes"}],"author":[{"embeddable":true,"href":"https:\/\/www.emmentaler.ch\/es\/wp-json\/wp\/v2\/users\/2"}],"version-history":[{"count":0,"href":"https:\/\/www.emmentaler.ch\/es\/wp-json\/wp\/v2\/recipes\/54743\/revisions"}],"acf:attachment":[{"embeddable":true,"href":"https:\/\/www.emmentaler.ch\/es\/wp-json\/wp\/v2\/media\/26116"}],"acf:term":[{"embeddable":true,"taxonomy":"recipe_saison","href":"https:\/\/www.emmentaler.ch\/es\/wp-json\/wp\/v2\/recipe_saison\/561"},{"embeddable":true,"taxonomy":"recipe_main_ingredient","href":"https:\/\/www.emmentaler.ch\/es\/wp-json\/wp\/v2\/recipe_main_ingredient\/602"},{"embeddable":true,"taxonomy":"recipe_diet_type","href":"https:\/\/www.emmentaler.ch\/es\/wp-json\/wp\/v2\/recipe_diet_type\/570"},{"embeddable":true,"taxonomy":"recipe_difficulty","href":"https:\/\/www.emmentaler.ch\/es\/wp-json\/wp\/v2\/recipe_difficulty\/578"},{"embeddable":true,"taxonomy":"recipe_categories","href":"https:\/\/www.emmentaler.ch\/es\/wp-json\/wp\/v2\/recipe_categories\/619"},{"embeddable":true,"taxonomy":"recipe_preparation_time","href":"https:\/\/www.emmentaler.ch\/es\/wp-json\/wp\/v2\/recipe_preparation_time\/396"}],"acf:post":[{"embeddable":true,"href":"https:\/\/www.emmentaler.ch\/es\/wp-json\/wp\/v2\/pages\/65993"}],"wp:featuredmedia":[{"embeddable":true,"href":"https:\/\/www.emmentaler.ch\/es\/wp-json\/wp\/v2\/media\/26116"}],"wp:attachment":[{"href":"https:\/\/www.emmentaler.ch\/es\/wp-json\/wp\/v2\/media?parent=54743"}],"wp:term":[{"taxonomy":"post_tag","embeddable":true,"href":"https:\/\/www.emmentaler.ch\/es\/wp-json\/wp\/v2\/tags?post=54743"},{"taxonomy":"recipe_categories","embeddable":true,"href":"https:\/\/www.emmentaler.ch\/es\/wp-json\/wp\/v2\/recipe_categories?post=54743"},{"taxonomy":"et_countries","embeddable":true,"href":"https:\/\/www.emmentaler.ch\/es\/wp-json\/wp\/v2\/et_countries?post=54743"},{"taxonomy":"recipe_main_ingredient","embeddable":true,"href":"https:\/\/www.emmentaler.ch\/es\/wp-json\/wp\/v2\/recipe_main_ingredient?post=54743"},{"taxonomy":"recipe_difficulty","embeddable":true,"href":"https:\/\/www.emmentaler.ch\/es\/wp-json\/wp\/v2\/recipe_difficulty?post=54743"},{"taxonomy":"recipe_preparation_time","embeddable":true,"href":"https:\/\/www.emmentaler.ch\/es\/wp-json\/wp\/v2\/recipe_preparation_time?post=54743"},{"taxonomy":"recipe_diet_type","embeddable":true,"href":"https:\/\/www.emmentaler.ch\/es\/wp-json\/wp\/v2\/recipe_diet_type?post=54743"},{"taxonomy":"recipe_saison","embeddable":true,"href":"https:\/\/www.emmentaler.ch\/es\/wp-json\/wp\/v2\/recipe_saison?post=54743"}],"curies":[{"name":"wp","href":"https:\/\/api.w.org\/{rel}","templated":true}]}}

25 minutos, más otros 30 para hornear

de patatas cocidas, del día anterior

Stück

300 g de cebolla roja
25 g de mantequilla
300 g de patatas cocidas, del día anterior
1 manojo de perejil
½ manojo de mejorana fresca
2 huevos
1 dl de leche
2 dl crema agria semidesnatada, para cocer
150 g de Emmentaler AOP curado y rallado

1 masa quebrada, redonda

<span style="font-weight: 400;">Para una bandeja de horno con un diámetro de 28 cm.</span>

Pela las cebollas y córtalas en rodajas. Calienta mantequilla en una sartén y fríe la cebolla unos 5 minutos. Pela las patatas y rállalas fino. Pica fino las hierbas aromáticas. Bate los huevos y mézclalos con leche, nata, Emmentaler AOP y las hierbas aromáticas. Condimenta con sal, pimienta y nuez moscada.

Coloca la masa en una bandeja. Reparte el relleno por encima. Hornea a 200º en el tercio inferior del horno unos 30 minutos.
