{"id":54774,"date":"2022-04-27T13:47:25","date_gmt":"2022-04-27T11:47:25","guid":{"rendered":"https:\/\/www.emmentaler.ch\/rezept\/bollitos-de-coliflor-con-emmentaler-aop-a-la-parrilla-e-higos"},"modified":"2024-07-02T14:13:48","modified_gmt":"2024-07-02T12:13:48","slug":"bollitos-de-coliflor-con-emmentaler-aop-a-la-parrilla-e-higos","status":"publish","type":"recipes","link":"https:\/\/www.emmentaler.ch\/es\/recetas\/bollitos-de-coliflor-con-emmentaler-aop-a-la-parrilla-e-higos","title":{"rendered":"Bollitos de coliflor con Emmentaler AOP a la parrilla e higos"},"author":2,"featured_media":54795,"menu_order":0,"template":"","meta":{"inline_featured_image":false},"tags":[],"recipe_categories":[619],"et_countries":[],"recipe_main_ingredient":[594],"recipe_difficulty":[577],"recipe_preparation_time":[382],"recipe_diet_type":[562,569,570],"recipe_saison":[561],"acf":{"recipe_preparation_time":382,"recipe_categories":619,"recipe_time_txt":"","recipe_type":65947,"recipe_difficulty":577,"recipe_diet_type":[562,569,570],"recipe_main_ingredient":[594],"recipe_saison":[561],"recipe_count_portions":4,"recipe_ingedients":[{"recipe_ingedients_amount":"0.25","recipe_ingedients_unit":"St\u00fcck","recipe_ingedients_product":"coliflor"},{"recipe_ingedients_amount":"0.5","recipe_ingedients_unit":"St\u00fcck","recipe_ingedients_product":"huevos"},{"recipe_ingedients_amount":"20","recipe_ingedients_unit":"g","recipe_ingedients_product":"Emmentaler AOP, rallado"},{"recipe_ingedients_amount":".5","recipe_ingedients_unit":"El","recipe_ingedients_product":"harina de almendra"},{"recipe_ingedients_amount":".5","recipe_ingedients_unit":"El","recipe_ingedients_product":"harina de coco"},{"recipe_ingedients_amount":".125","recipe_ingedients_unit":"Tl","recipe_ingedients_product":"levadura en polvo"},{"recipe_ingedients_amount":".25","recipe_ingedients_unit":"El","recipe_ingedients_product":"hierbas provenzales"},{"recipe_ingedients_amount":".125","recipe_ingedients_unit":"Tl","recipe_ingedients_product":"sal"},{"recipe_ingedients_amount":".5","recipe_ingedients_unit":"Tl","recipe_ingedients_product":"semillas de s\u00e9samo"},{"recipe_ingedients_amount":"2","recipe_ingedients_unit":"St\u00fcck","recipe_ingedients_product":"lonchas de Emmentaler AOP"},{"recipe_ingedients_amount":".5","recipe_ingedients_unit":"St\u00fcck","recipe_ingedients_product":"Higos"},{"recipe_ingedients_amount":"12.5","recipe_ingedients_unit":"g","recipe_ingedients_product":"Ensalada de r\u00facula"}],"temporare_zutaten":"1 coliflor, aprox. 600 g\r\n2 huevos\r\n80 g de Emmentaler AOP, rallado\r\n2 cucharadas de harina de almendra\r\n2 cucharadas de harina de coco\r\n\u00bd cucharadita de levadura en polvo\r\n1 cucharadita de hierbas provenzales\r\n\u00bd cucharadita de sal\r\n2 cucharaditas de semillas de s\u00e9samo\r\n8 lonchas de Emmentaler AOP\r\n2 higos\r\n50 g de r\u00facula","recipe_preparation":"<span style=\"font-weight: 400;\">Precalienta el horno a 200\u00ba. Trocea la coliflor y haz un arroz de coliflor con ayuda de un mortero. <\/span><span style=\"font-weight: 400;\">Mezcla el arroz de coliflor, los huevos, el Emmentaler AOP, la harina de almendra y la de coco en un recipiente grande.\u00a0<\/span><span style=\"font-weight: 400;\">A\u00f1ade la levadura en polvo, las hierbas provenzales y la sal. Luego, coloca papel de horno en una bandeja. Haz 8 bolas con la masa y presiona para que queden planas, con un grosor de unos 2\u00a0cm y 7 cm de di\u00e1metro. Las ruedas deben ser compactas. Espolvorea con s\u00e9samo y m\u00e9telas en el horno precalentado. Despu\u00e9s de 20-25\u00a0minutos en el horno, deja que se enfr\u00eden. Cubre los bollitos con lonchas de Emmentaler AOP y un cuarto de higo cada uno. Vuelve a meterlos un poco en el horno y s\u00edrvelos inmediatamente.<\/span>\r\n\r\n<span style=\"font-weight: 400;\">Consejo: pon algo de r\u00facula en el plato y coloca los bollitos sobre ella.<\/span>","recipe_images":[26374,26379]},"_links":{"self":[{"href":"https:\/\/www.emmentaler.ch\/es\/wp-json\/wp\/v2\/recipes\/54774"}],"collection":[{"href":"https:\/\/www.emmentaler.ch\/es\/wp-json\/wp\/v2\/recipes"}],"about":[{"href":"https:\/\/www.emmentaler.ch\/es\/wp-json\/wp\/v2\/types\/recipes"}],"author":[{"embeddable":true,"href":"https:\/\/www.emmentaler.ch\/es\/wp-json\/wp\/v2\/users\/2"}],"version-history":[{"count":1,"href":"https:\/\/www.emmentaler.ch\/es\/wp-json\/wp\/v2\/recipes\/54774\/revisions"}],"predecessor-version":[{"id":137577,"href":"https:\/\/www.emmentaler.ch\/es\/wp-json\/wp\/v2\/recipes\/54774\/revisions\/137577"}],"acf:attachment":[{"embeddable":true,"href":"https:\/\/www.emmentaler.ch\/es\/wp-json\/wp\/v2\/media\/26379"},{"embeddable":true,"href":"https:\/\/www.emmentaler.ch\/es\/wp-json\/wp\/v2\/media\/26374"}],"acf:term":[{"embeddable":true,"taxonomy":"recipe_saison","href":"https:\/\/www.emmentaler.ch\/es\/wp-json\/wp\/v2\/recipe_saison\/561"},{"embeddable":true,"taxonomy":"recipe_main_ingredient","href":"https:\/\/www.emmentaler.ch\/es\/wp-json\/wp\/v2\/recipe_main_ingredient\/594"},{"embeddable":true,"taxonomy":"recipe_diet_type","href":"https:\/\/www.emmentaler.ch\/es\/wp-json\/wp\/v2\/recipe_diet_type\/570"},{"embeddable":true,"taxonomy":"recipe_diet_type","href":"https:\/\/www.emmentaler.ch\/es\/wp-json\/wp\/v2\/recipe_diet_type\/569"},{"embeddable":true,"taxonomy":"recipe_diet_type","href":"https:\/\/www.emmentaler.ch\/es\/wp-json\/wp\/v2\/recipe_diet_type\/562"},{"embeddable":true,"taxonomy":"recipe_difficulty","href":"https:\/\/www.emmentaler.ch\/es\/wp-json\/wp\/v2\/recipe_difficulty\/577"},{"embeddable":true,"taxonomy":"recipe_categories","href":"https:\/\/www.emmentaler.ch\/es\/wp-json\/wp\/v2\/recipe_categories\/619"},{"embeddable":true,"taxonomy":"recipe_preparation_time","href":"https:\/\/www.emmentaler.ch\/es\/wp-json\/wp\/v2\/recipe_preparation_time\/382"}],"acf:post":[{"embeddable":true,"href":"https:\/\/www.emmentaler.ch\/es\/wp-json\/wp\/v2\/pages\/65947"}],"wp:featuredmedia":[{"embeddable":true,"href":"https:\/\/www.emmentaler.ch\/es\/wp-json\/wp\/v2\/media\/54795"}],"wp:attachment":[{"href":"https:\/\/www.emmentaler.ch\/es\/wp-json\/wp\/v2\/media?parent=54774"}],"wp:term":[{"taxonomy":"post_tag","embeddable":true,"href":"https:\/\/www.emmentaler.ch\/es\/wp-json\/wp\/v2\/tags?post=54774"},{"taxonomy":"recipe_categories","embeddable":true,"href":"https:\/\/www.emmentaler.ch\/es\/wp-json\/wp\/v2\/recipe_categories?post=54774"},{"taxonomy":"et_countries","embeddable":true,"href":"https:\/\/www.emmentaler.ch\/es\/wp-json\/wp\/v2\/et_countries?post=54774"},{"taxonomy":"recipe_main_ingredient","embeddable":true,"href":"https:\/\/www.emmentaler.ch\/es\/wp-json\/wp\/v2\/recipe_main_ingredient?post=54774"},{"taxonomy":"recipe_difficulty","embeddable":true,"href":"https:\/\/www.emmentaler.ch\/es\/wp-json\/wp\/v2\/recipe_difficulty?post=54774"},{"taxonomy":"recipe_preparation_time","embeddable":true,"href":"https:\/\/www.emmentaler.ch\/es\/wp-json\/wp\/v2\/recipe_preparation_time?post=54774"},{"taxonomy":"recipe_diet_type","embeddable":true,"href":"https:\/\/www.emmentaler.ch\/es\/wp-json\/wp\/v2\/recipe_diet_type?post=54774"},{"taxonomy":"recipe_saison","embeddable":true,"href":"https:\/\/www.emmentaler.ch\/es\/wp-json\/wp\/v2\/recipe_saison?post=54774"}],"curies":[{"name":"wp","href":"https:\/\/api.w.org\/{rel}","templated":true}]}}

Stück

semillas de sésamo

Ensalada de rúcula

1 coliflor, aprox. 600 g
2 huevos
80 g de Emmentaler AOP, rallado
2 cucharadas de harina de almendra
2 cucharadas de harina de coco
½ cucharadita de levadura en polvo
1 cucharadita de hierbas provenzales
½ cucharadita de sal
2 cucharaditas de semillas de sésamo
8 lonchas de Emmentaler AOP
2 higos
50 g de rúcula

<span style="font-weight: 400;">Precalienta el horno a 200º. Trocea la coliflor y haz un arroz de coliflor con ayuda de un mortero. </span><span style="font-weight: 400;">Mezcla el arroz de coliflor, los huevos, el Emmentaler AOP, la harina de almendra y la de coco en un recipiente grande. </span><span style="font-weight: 400;">Añade la levadura en polvo, las hierbas provenzales y la sal. Luego, coloca papel de horno en una bandeja. Haz 8 bolas con la masa y presiona para que queden planas, con un grosor de unos 2 cm y 7 cm de diámetro. Las ruedas deben ser compactas. Espolvorea con sésamo y mételas en el horno precalentado. Después de 20-25 minutos en el horno, deja que se enfríen. Cubre los bollitos con lonchas de Emmentaler AOP y un cuarto de higo cada uno. Vuelve a meterlos un poco en el horno y sírvelos inmediatamente.</span>

<span style="font-weight: 400;">Consejo: pon algo de rúcula en el plato y coloca los bollitos sobre ella.</span>
