{"id":54898,"date":"2022-04-27T13:47:25","date_gmt":"2022-04-27T11:47:25","guid":{"rendered":"https:\/\/www.emmentaler.ch\/rezept\/calabacines-rellenos-de-queso"},"modified":"2022-08-19T11:57:56","modified_gmt":"2022-08-19T09:57:56","slug":"calabacines-rellenos-de-queso","status":"publish","type":"recipes","link":"https:\/\/www.emmentaler.ch\/es\/recetas\/calabacines-rellenos-de-queso","title":{"rendered":"Calabacines rellenos de queso"},"author":2,"featured_media":54914,"menu_order":0,"template":"","meta":{"inline_featured_image":false},"tags":[],"recipe_categories":[611],"et_countries":[],"recipe_main_ingredient":[602],"recipe_difficulty":[577],"recipe_preparation_time":[378],"recipe_diet_type":[570],"recipe_saison":[529,561],"acf":{"recipe_preparation_time":378,"recipe_categories":611,"recipe_time_txt":"30 minutos, m\u00e1s otros 30 para hornear","recipe_type":65967,"recipe_difficulty":577,"recipe_diet_type":[570],"recipe_main_ingredient":[602],"recipe_saison":[529,561],"recipe_count_portions":4,"recipe_ingedients":[{"recipe_ingedients_amount":"","recipe_ingedients_unit":"g","recipe_ingedients_product":""}],"temporare_zutaten":"1 manojo de perejil\r\n\u00bd manojo de albahaca\r\n50 g de tomates secos conservados en aceite\r\n50 g de aceitunas negras, sin hueso\r\n2 cucharadas de pan rallado\r\n2 cucharadas de semillas de girasol\r\n2 yemas de huevo\r\n175 g de Emmentaler AOP curado y rallado\r\nSal, pimienta\r\n2 latas de tomate triturado (cada una de 400 g)\r\n1 dl de caldo\r\n800 g de calabacines grandes","recipe_preparation":"<span style=\"font-weight: 400;\">Pica fino las hierbas arom\u00e1ticas, los tomates secos y las aceitunas, y \u00e9chalo todo en un recipiente. A\u00f1ade el pan rallado, las semillas de girasol, la yema de huevo, el Emmentaler AOP, la sal y la pimienta, y m\u00e9zclalo todo bien.\u00a0<\/span>\r\n\r\n<span style=\"font-weight: 400;\">Remueve los tomates con el caldo, condimenta y vi\u00e9rtelo en una bandeja para gratinar. Corta los calabacines en trozos longitudinales de 4-5\u00a0cm. Saca el interior blanco con un vaciador de manzanas. Rellena los calabacines con la mezcla de queso y ponlos en la bandeja.\u00a0<\/span>\r\n\r\n<span style=\"font-weight: 400;\">Hornea a 180\u00ba en el horno precalentado unos 30 minutos.<\/span>","recipe_images":[26173]},"_links":{"self":[{"href":"https:\/\/www.emmentaler.ch\/es\/wp-json\/wp\/v2\/recipes\/54898"}],"collection":[{"href":"https:\/\/www.emmentaler.ch\/es\/wp-json\/wp\/v2\/recipes"}],"about":[{"href":"https:\/\/www.emmentaler.ch\/es\/wp-json\/wp\/v2\/types\/recipes"}],"author":[{"embeddable":true,"href":"https:\/\/www.emmentaler.ch\/es\/wp-json\/wp\/v2\/users\/2"}],"version-history":[{"count":0,"href":"https:\/\/www.emmentaler.ch\/es\/wp-json\/wp\/v2\/recipes\/54898\/revisions"}],"acf:attachment":[{"embeddable":true,"href":"https:\/\/www.emmentaler.ch\/es\/wp-json\/wp\/v2\/media\/26173"}],"acf:term":[{"embeddable":true,"taxonomy":"recipe_saison","href":"https:\/\/www.emmentaler.ch\/es\/wp-json\/wp\/v2\/recipe_saison\/561"},{"embeddable":true,"taxonomy":"recipe_saison","href":"https:\/\/www.emmentaler.ch\/es\/wp-json\/wp\/v2\/recipe_saison\/529"},{"embeddable":true,"taxonomy":"recipe_main_ingredient","href":"https:\/\/www.emmentaler.ch\/es\/wp-json\/wp\/v2\/recipe_main_ingredient\/602"},{"embeddable":true,"taxonomy":"recipe_diet_type","href":"https:\/\/www.emmentaler.ch\/es\/wp-json\/wp\/v2\/recipe_diet_type\/570"},{"embeddable":true,"taxonomy":"recipe_difficulty","href":"https:\/\/www.emmentaler.ch\/es\/wp-json\/wp\/v2\/recipe_difficulty\/577"},{"embeddable":true,"taxonomy":"recipe_categories","href":"https:\/\/www.emmentaler.ch\/es\/wp-json\/wp\/v2\/recipe_categories\/611"},{"embeddable":true,"taxonomy":"recipe_preparation_time","href":"https:\/\/www.emmentaler.ch\/es\/wp-json\/wp\/v2\/recipe_preparation_time\/378"}],"acf:post":[{"embeddable":true,"href":"https:\/\/www.emmentaler.ch\/es\/wp-json\/wp\/v2\/pages\/65967"}],"wp:featuredmedia":[{"embeddable":true,"href":"https:\/\/www.emmentaler.ch\/es\/wp-json\/wp\/v2\/media\/54914"}],"wp:attachment":[{"href":"https:\/\/www.emmentaler.ch\/es\/wp-json\/wp\/v2\/media?parent=54898"}],"wp:term":[{"taxonomy":"post_tag","embeddable":true,"href":"https:\/\/www.emmentaler.ch\/es\/wp-json\/wp\/v2\/tags?post=54898"},{"taxonomy":"recipe_categories","embeddable":true,"href":"https:\/\/www.emmentaler.ch\/es\/wp-json\/wp\/v2\/recipe_categories?post=54898"},{"taxonomy":"et_countries","embeddable":true,"href":"https:\/\/www.emmentaler.ch\/es\/wp-json\/wp\/v2\/et_countries?post=54898"},{"taxonomy":"recipe_main_ingredient","embeddable":true,"href":"https:\/\/www.emmentaler.ch\/es\/wp-json\/wp\/v2\/recipe_main_ingredient?post=54898"},{"taxonomy":"recipe_difficulty","embeddable":true,"href":"https:\/\/www.emmentaler.ch\/es\/wp-json\/wp\/v2\/recipe_difficulty?post=54898"},{"taxonomy":"recipe_preparation_time","embeddable":true,"href":"https:\/\/www.emmentaler.ch\/es\/wp-json\/wp\/v2\/recipe_preparation_time?post=54898"},{"taxonomy":"recipe_diet_type","embeddable":true,"href":"https:\/\/www.emmentaler.ch\/es\/wp-json\/wp\/v2\/recipe_diet_type?post=54898"},{"taxonomy":"recipe_saison","embeddable":true,"href":"https:\/\/www.emmentaler.ch\/es\/wp-json\/wp\/v2\/recipe_saison?post=54898"}],"curies":[{"name":"wp","href":"https:\/\/api.w.org\/{rel}","templated":true}]}}

30 minutos, más otros 30 para hornear

<span style="font-weight: 400;">Pica fino las hierbas aromáticas, los tomates secos y las aceitunas, y échalo todo en un recipiente. Añade el pan rallado, las semillas de girasol, la yema de huevo, el Emmentaler AOP, la sal y la pimienta, y mézclalo todo bien. </span>

<span style="font-weight: 400;">Remueve los tomates con el caldo, condimenta y viértelo en una bandeja para gratinar. Corta los calabacines en trozos longitudinales de 4-5 cm. Saca el interior blanco con un vaciador de manzanas. Rellena los calabacines con la mezcla de queso y ponlos en la bandeja. </span>

<span style="font-weight: 400;">Hornea a 180º en el horno precalentado unos 30 minutos.</span>
