{"id":54929,"date":"2022-04-27T13:57:46","date_gmt":"2022-04-27T11:57:46","guid":{"rendered":"https:\/\/www.emmentaler.ch\/rezept\/chuleta-con-coliflor-tostada"},"modified":"2022-08-12T17:58:51","modified_gmt":"2022-08-12T15:58:51","slug":"chuleta-con-coliflor-tostada","status":"publish","type":"recipes","link":"https:\/\/www.emmentaler.ch\/es\/recetas\/chuleta-con-coliflor-tostada","title":{"rendered":"Chuleta con coliflor tostada"},"author":2,"featured_media":54950,"menu_order":0,"template":"","meta":{"inline_featured_image":false},"tags":[],"recipe_categories":[619],"et_countries":[],"recipe_main_ingredient":[593,602],"recipe_difficulty":[578],"recipe_preparation_time":[372],"recipe_diet_type":[],"recipe_saison":[561],"acf":{"recipe_preparation_time":372,"recipe_categories":619,"recipe_time_txt":"","recipe_type":65967,"recipe_difficulty":578,"recipe_diet_type":false,"recipe_main_ingredient":[593,602],"recipe_saison":[561],"recipe_count_portions":4,"recipe_ingedients":[{"recipe_ingedients_amount":"","recipe_ingedients_unit":"g","recipe_ingedients_product":""}],"temporare_zutaten":"750 g de coliflor\r\n5 cucharadas de aceite de colza\r\nSal, pimienta\r\n1 cebolla peque\u00f1a\r\n1 diente de ajo\r\n75 g de bacon\r\n100 g de Emmentaler AOP curado\r\n4 tallos de mejorana\r\n4 chuletas de cerdo de aprox. 220 g cada una, con un corte tipo bolsillo hecho por el carnicero","recipe_preparation":"<span style=\"font-weight: 400;\">Precalienta el horno a 220\u00ba (por arriba y por abajo). Corta la coliflor en ramilletes peque\u00f1os y m\u00e9zclala con 3 cucharadas de aceite, sal y pimienta en un recipiente. Rep\u00e1rtela en una bandeja con papel de horno y hornea 30 minutos en la altura media.\u00a0<\/span>\r\n\r\n<span style=\"font-weight: 400;\">Mientras tanto, corta en taquitos peque\u00f1os el ajo y la cebolla. Corta el bacon en tiras y fr\u00edelo en una sart\u00e9n sin aceite. A\u00f1ade las cebollas y el ajo y deja que se doren un poco. \u00c9chalo todo en un recipiente y deja que se enfr\u00ede.<\/span>\r\n\r\n<span style=\"font-weight: 400;\">A continuaci\u00f3n, ralla el Emmentaler AOP, trocea las hojitas de mejorana y a\u00f1\u00e1delas a la mezcla del bacon. Rellena las chuletas con la masa y presiona bien.\u00a0<\/span>\r\n\r\n<span style=\"font-weight: 400;\">Despu\u00e9s de 30 minutos, baja la temperatura del horno a 160\u00ba. Calienta 2 cucharadas de aceite en una sart\u00e9n. Condimenta las chuletas y d\u00f3ralas durante aprox. 2 minutos por cada lado. Ponlas con la coliflor y termina de hacerlas durante 8-10 minutos en la altura media del horno.<\/span>\r\n\r\n<span style=\"font-weight: 400;\">Consejo: se puede acompa\u00f1ar de risotto.<\/span>","recipe_images":[54945]},"_links":{"self":[{"href":"https:\/\/www.emmentaler.ch\/es\/wp-json\/wp\/v2\/recipes\/54929"}],"collection":[{"href":"https:\/\/www.emmentaler.ch\/es\/wp-json\/wp\/v2\/recipes"}],"about":[{"href":"https:\/\/www.emmentaler.ch\/es\/wp-json\/wp\/v2\/types\/recipes"}],"author":[{"embeddable":true,"href":"https:\/\/www.emmentaler.ch\/es\/wp-json\/wp\/v2\/users\/2"}],"version-history":[{"count":0,"href":"https:\/\/www.emmentaler.ch\/es\/wp-json\/wp\/v2\/recipes\/54929\/revisions"}],"acf:attachment":[{"embeddable":true,"href":"https:\/\/www.emmentaler.ch\/es\/wp-json\/wp\/v2\/media\/54945"}],"acf:term":[{"embeddable":true,"taxonomy":"recipe_saison","href":"https:\/\/www.emmentaler.ch\/es\/wp-json\/wp\/v2\/recipe_saison\/561"},{"embeddable":true,"taxonomy":"recipe_main_ingredient","href":"https:\/\/www.emmentaler.ch\/es\/wp-json\/wp\/v2\/recipe_main_ingredient\/602"},{"embeddable":true,"taxonomy":"recipe_main_ingredient","href":"https:\/\/www.emmentaler.ch\/es\/wp-json\/wp\/v2\/recipe_main_ingredient\/593"},{"embeddable":true,"taxonomy":"recipe_difficulty","href":"https:\/\/www.emmentaler.ch\/es\/wp-json\/wp\/v2\/recipe_difficulty\/578"},{"embeddable":true,"taxonomy":"recipe_categories","href":"https:\/\/www.emmentaler.ch\/es\/wp-json\/wp\/v2\/recipe_categories\/619"},{"embeddable":true,"taxonomy":"recipe_preparation_time","href":"https:\/\/www.emmentaler.ch\/es\/wp-json\/wp\/v2\/recipe_preparation_time\/372"}],"acf:post":[{"embeddable":true,"href":"https:\/\/www.emmentaler.ch\/es\/wp-json\/wp\/v2\/pages\/65967"}],"wp:featuredmedia":[{"embeddable":true,"href":"https:\/\/www.emmentaler.ch\/es\/wp-json\/wp\/v2\/media\/54950"}],"wp:attachment":[{"href":"https:\/\/www.emmentaler.ch\/es\/wp-json\/wp\/v2\/media?parent=54929"}],"wp:term":[{"taxonomy":"post_tag","embeddable":true,"href":"https:\/\/www.emmentaler.ch\/es\/wp-json\/wp\/v2\/tags?post=54929"},{"taxonomy":"recipe_categories","embeddable":true,"href":"https:\/\/www.emmentaler.ch\/es\/wp-json\/wp\/v2\/recipe_categories?post=54929"},{"taxonomy":"et_countries","embeddable":true,"href":"https:\/\/www.emmentaler.ch\/es\/wp-json\/wp\/v2\/et_countries?post=54929"},{"taxonomy":"recipe_main_ingredient","embeddable":true,"href":"https:\/\/www.emmentaler.ch\/es\/wp-json\/wp\/v2\/recipe_main_ingredient?post=54929"},{"taxonomy":"recipe_difficulty","embeddable":true,"href":"https:\/\/www.emmentaler.ch\/es\/wp-json\/wp\/v2\/recipe_difficulty?post=54929"},{"taxonomy":"recipe_preparation_time","embeddable":true,"href":"https:\/\/www.emmentaler.ch\/es\/wp-json\/wp\/v2\/recipe_preparation_time?post=54929"},{"taxonomy":"recipe_diet_type","embeddable":true,"href":"https:\/\/www.emmentaler.ch\/es\/wp-json\/wp\/v2\/recipe_diet_type?post=54929"},{"taxonomy":"recipe_saison","embeddable":true,"href":"https:\/\/www.emmentaler.ch\/es\/wp-json\/wp\/v2\/recipe_saison?post=54929"}],"curies":[{"name":"wp","href":"https:\/\/api.w.org\/{rel}","templated":true}]}}

750 g de coliflor
5 cucharadas de aceite de colza
Sal, pimienta
1 cebolla pequeña
1 diente de ajo
75 g de bacon
100 g de Emmentaler AOP curado
4 tallos de mejorana
4 chuletas de cerdo de aprox. 220 g cada una, con un corte tipo bolsillo hecho por el carnicero

<span style="font-weight: 400;">Precalienta el horno a 220º (por arriba y por abajo). Corta la coliflor en ramilletes pequeños y mézclala con 3 cucharadas de aceite, sal y pimienta en un recipiente. Repártela en una bandeja con papel de horno y hornea 30 minutos en la altura media. </span>

<span style="font-weight: 400;">Mientras tanto, corta en taquitos pequeños el ajo y la cebolla. Corta el bacon en tiras y fríelo en una sartén sin aceite. Añade las cebollas y el ajo y deja que se doren un poco. Échalo todo en un recipiente y deja que se enfríe.</span>

<span style="font-weight: 400;">A continuación, ralla el Emmentaler AOP, trocea las hojitas de mejorana y añádelas a la mezcla del bacon. Rellena las chuletas con la masa y presiona bien. </span>

<span style="font-weight: 400;">Después de 30 minutos, baja la temperatura del horno a 160º. Calienta 2 cucharadas de aceite en una sartén. Condimenta las chuletas y dóralas durante aprox. 2 minutos por cada lado. Ponlas con la coliflor y termina de hacerlas durante 8-10 minutos en la altura media del horno.</span>

<span style="font-weight: 400;">Consejo: se puede acompañar de risotto.</span>
