{"id":54991,"date":"2022-04-27T13:47:25","date_gmt":"2022-04-27T11:47:25","guid":{"rendered":"https:\/\/www.emmentaler.ch\/rezept\/cordon-bleu-vegetariano-con-col-de-milan"},"modified":"2024-07-02T12:30:30","modified_gmt":"2024-07-02T10:30:30","slug":"cordon-bleu-vegetariano-con-col-de-milan","status":"publish","type":"recipes","link":"https:\/\/www.emmentaler.ch\/es\/recetas\/cordon-bleu-vegetariano-con-col-de-milan","title":{"rendered":"Cordon bleu vegetariano con col de Mil\u00e1n"},"author":2,"featured_media":55012,"menu_order":0,"template":"","meta":{"inline_featured_image":false},"tags":[],"recipe_categories":[619],"et_countries":[],"recipe_main_ingredient":[602],"recipe_difficulty":[578],"recipe_preparation_time":[384],"recipe_diet_type":[569,570],"recipe_saison":[561],"acf":{"recipe_preparation_time":384,"recipe_categories":619,"recipe_time_txt":"","recipe_type":65993,"recipe_difficulty":578,"recipe_diet_type":[569,570],"recipe_main_ingredient":[602],"recipe_saison":[561],"recipe_count_portions":4,"recipe_ingedients":[{"recipe_ingedients_amount":"","recipe_ingedients_unit":"g","recipe_ingedients_product":""}],"temporare_zutaten":"8 hojas grandes de col de Mil\u00e1n\r\n200 g de Emmentaler AOP\r\n8 tomates secos conservados en aceite\r\nAprox. 5 cucharadas de harina\r\n2 huevos\r\n125 g de pan rallado\r\nAceite para fre\u00edr\r\n8 trocitos de lim\u00f3n","recipe_preparation":"Escalda las hojas de col de Mil\u00e1n unos 3 minutos en agua hirviendo con sal. S\u00e1calas con una espumadera y d\u00e9jalas en agua fr\u00eda. Luego, ponlas en un pa\u00f1o de cocina y s\u00e9calas con golpecitos. Corta los nervios de las hojas.\r\n\r\nDespu\u00e9s, corta el Emmentaler AOP en 8 lonchas gruesas de m\u00e1s o menos 1 cm, con un tama\u00f1o aproximado de 7 x 4 cm. Cubre las hojas con un tomate cada una. Distribuye las lonchas de queso por encima. Pliega las hojas de col de forma transversal y enr\u00f3llalas fuerte. Presiona para que quede un poco plano.\r\n\r\nA continuaci\u00f3n, bate los huevos. Luego, pasa los paquetitos de col por harina, despu\u00e9s por huevo y, al final, por pan rallado. Presiona bien el empanado.\r\n\r\nCalienta aceite en una sart\u00e9n grande y fr\u00ede los paquetitos de col a fuego medio 5 minutos cada uno. S\u00edrvelos con un trocito de lim\u00f3n.","recipe_images":[26204]},"_links":{"self":[{"href":"https:\/\/www.emmentaler.ch\/es\/wp-json\/wp\/v2\/recipes\/54991"}],"collection":[{"href":"https:\/\/www.emmentaler.ch\/es\/wp-json\/wp\/v2\/recipes"}],"about":[{"href":"https:\/\/www.emmentaler.ch\/es\/wp-json\/wp\/v2\/types\/recipes"}],"author":[{"embeddable":true,"href":"https:\/\/www.emmentaler.ch\/es\/wp-json\/wp\/v2\/users\/2"}],"version-history":[{"count":1,"href":"https:\/\/www.emmentaler.ch\/es\/wp-json\/wp\/v2\/recipes\/54991\/revisions"}],"predecessor-version":[{"id":137572,"href":"https:\/\/www.emmentaler.ch\/es\/wp-json\/wp\/v2\/recipes\/54991\/revisions\/137572"}],"acf:attachment":[{"embeddable":true,"href":"https:\/\/www.emmentaler.ch\/es\/wp-json\/wp\/v2\/media\/26204"}],"acf:term":[{"embeddable":true,"taxonomy":"recipe_saison","href":"https:\/\/www.emmentaler.ch\/es\/wp-json\/wp\/v2\/recipe_saison\/561"},{"embeddable":true,"taxonomy":"recipe_main_ingredient","href":"https:\/\/www.emmentaler.ch\/es\/wp-json\/wp\/v2\/recipe_main_ingredient\/602"},{"embeddable":true,"taxonomy":"recipe_diet_type","href":"https:\/\/www.emmentaler.ch\/es\/wp-json\/wp\/v2\/recipe_diet_type\/570"},{"embeddable":true,"taxonomy":"recipe_diet_type","href":"https:\/\/www.emmentaler.ch\/es\/wp-json\/wp\/v2\/recipe_diet_type\/569"},{"embeddable":true,"taxonomy":"recipe_difficulty","href":"https:\/\/www.emmentaler.ch\/es\/wp-json\/wp\/v2\/recipe_difficulty\/578"},{"embeddable":true,"taxonomy":"recipe_categories","href":"https:\/\/www.emmentaler.ch\/es\/wp-json\/wp\/v2\/recipe_categories\/619"},{"embeddable":true,"taxonomy":"recipe_preparation_time","href":"https:\/\/www.emmentaler.ch\/es\/wp-json\/wp\/v2\/recipe_preparation_time\/384"}],"acf:post":[{"embeddable":true,"href":"https:\/\/www.emmentaler.ch\/es\/wp-json\/wp\/v2\/pages\/65993"}],"wp:featuredmedia":[{"embeddable":true,"href":"https:\/\/www.emmentaler.ch\/es\/wp-json\/wp\/v2\/media\/55012"}],"wp:attachment":[{"href":"https:\/\/www.emmentaler.ch\/es\/wp-json\/wp\/v2\/media?parent=54991"}],"wp:term":[{"taxonomy":"post_tag","embeddable":true,"href":"https:\/\/www.emmentaler.ch\/es\/wp-json\/wp\/v2\/tags?post=54991"},{"taxonomy":"recipe_categories","embeddable":true,"href":"https:\/\/www.emmentaler.ch\/es\/wp-json\/wp\/v2\/recipe_categories?post=54991"},{"taxonomy":"et_countries","embeddable":true,"href":"https:\/\/www.emmentaler.ch\/es\/wp-json\/wp\/v2\/et_countries?post=54991"},{"taxonomy":"recipe_main_ingredient","embeddable":true,"href":"https:\/\/www.emmentaler.ch\/es\/wp-json\/wp\/v2\/recipe_main_ingredient?post=54991"},{"taxonomy":"recipe_difficulty","embeddable":true,"href":"https:\/\/www.emmentaler.ch\/es\/wp-json\/wp\/v2\/recipe_difficulty?post=54991"},{"taxonomy":"recipe_preparation_time","embeddable":true,"href":"https:\/\/www.emmentaler.ch\/es\/wp-json\/wp\/v2\/recipe_preparation_time?post=54991"},{"taxonomy":"recipe_diet_type","embeddable":true,"href":"https:\/\/www.emmentaler.ch\/es\/wp-json\/wp\/v2\/recipe_diet_type?post=54991"},{"taxonomy":"recipe_saison","embeddable":true,"href":"https:\/\/www.emmentaler.ch\/es\/wp-json\/wp\/v2\/recipe_saison?post=54991"}],"curies":[{"name":"wp","href":"https:\/\/api.w.org\/{rel}","templated":true}]}}

Cordon bleu vegetariano con col de Milán

8 hojas grandes de col de Milán
200 g de Emmentaler AOP
8 tomates secos conservados en aceite
Aprox. 5 cucharadas de harina
2 huevos
125 g de pan rallado
Aceite para freír
8 trocitos de limón

Escalda las hojas de col de Milán unos 3 minutos en agua hirviendo con sal. Sácalas con una espumadera y déjalas en agua fría. Luego, ponlas en un paño de cocina y sécalas con golpecitos. Corta los nervios de las hojas.

Después, corta el Emmentaler AOP en 8 lonchas gruesas de más o menos 1 cm, con un tamaño aproximado de 7 x 4 cm. Cubre las hojas con un tomate cada una. Distribuye las lonchas de queso por encima. Pliega las hojas de col de forma transversal y enróllalas fuerte. Presiona para que quede un poco plano.

A continuación, bate los huevos. Luego, pasa los paquetitos de col por harina, después por huevo y, al final, por pan rallado. Presiona bien el empanado.

Calienta aceite en una sartén grande y fríe los paquetitos de col a fuego medio 5 minutos cada uno. Sírvelos con un trocito de limón.
