{"id":55053,"date":"2022-04-27T13:45:45","date_gmt":"2022-04-27T11:45:45","guid":{"rendered":"https:\/\/www.emmentaler.ch\/rezept\/fusilli-con-esparragos-gratinados"},"modified":"2022-08-15T13:04:30","modified_gmt":"2022-08-15T11:04:30","slug":"fusilli-con-esparragos-gratinados","status":"publish","type":"recipes","link":"https:\/\/www.emmentaler.ch\/es\/recetas\/fusilli-con-esparragos-gratinados","title":{"rendered":"Fusilli con esp\u00e1rragos gratinados"},"author":2,"featured_media":90795,"menu_order":0,"template":"","meta":{"inline_featured_image":false},"tags":[],"recipe_categories":[619],"et_countries":[],"recipe_main_ingredient":[602],"recipe_difficulty":[577],"recipe_preparation_time":[384],"recipe_diet_type":[570],"recipe_saison":[530,546],"acf":{"recipe_preparation_time":384,"recipe_categories":619,"recipe_time_txt":"20 minutos m\u00e1s 25 minutos en el horno","recipe_type":68478,"recipe_difficulty":577,"recipe_diet_type":[570],"recipe_main_ingredient":[602],"recipe_saison":[530,546],"recipe_count_portions":4,"recipe_ingedients":[{"recipe_ingedients_amount":"","recipe_ingedients_unit":"g","recipe_ingedients_product":""}],"temporare_zutaten":"250 g de fusilli u otro tipo de pasta\r\nSal\r\n750 g de esp\u00e1rragos verdes\r\n1 manojo de cebolletas\r\n1 cucharada de aceite de oliva\r\n1 dl de caldo de verduras\r\n150 g de Emmentaler AOP rallado\r\n3-5 cucharadas de pesto de albahaca o de ajo\r\nsilvestre\r\n150 g de queso quark cremoso\r\nPimienta\r\n2 cucharadas de pi\u00f1ones","recipe_preparation":"<span style=\"font-weight: 400;\">Cuece los fusilli al dente en agua hirviendo con sal. Quita los extremos amaderados de los esp\u00e1rragos y c\u00f3rtalos en trozos de 3-4\u00a0cm. Corta las cebolletas en aros. Fr\u00ede los esp\u00e1rragos y la cebolleta en aceite caliente. Echa el caldo y deja que cuezan tapados durante 5-7\u00a0minutos hasta que est\u00e9n crujientes. Escurre el l\u00edquido y m\u00e9zclalo todo bien con el Emmentaler AOP, el pesto de albahaca y el queso quark. Condimenta con sal y pimienta.<\/span>\r\n\r\n<span style=\"font-weight: 400;\">Mezcla los fusilli secos, los esp\u00e1rragos y la mezcla y \u00e9chalo todo en una bandeja para gratinar. Espolvorea pi\u00f1ones por encima. Gratina a 200\u00ba en la altura media del horno precalentado, durante unos 25 minutos.<\/span>","recipe_images":[90795]},"_links":{"self":[{"href":"https:\/\/www.emmentaler.ch\/es\/wp-json\/wp\/v2\/recipes\/55053"}],"collection":[{"href":"https:\/\/www.emmentaler.ch\/es\/wp-json\/wp\/v2\/recipes"}],"about":[{"href":"https:\/\/www.emmentaler.ch\/es\/wp-json\/wp\/v2\/types\/recipes"}],"author":[{"embeddable":true,"href":"https:\/\/www.emmentaler.ch\/es\/wp-json\/wp\/v2\/users\/2"}],"version-history":[{"count":0,"href":"https:\/\/www.emmentaler.ch\/es\/wp-json\/wp\/v2\/recipes\/55053\/revisions"}],"acf:attachment":[{"embeddable":true,"href":"https:\/\/www.emmentaler.ch\/es\/wp-json\/wp\/v2\/media\/90795"}],"acf:term":[{"embeddable":true,"taxonomy":"recipe_saison","href":"https:\/\/www.emmentaler.ch\/es\/wp-json\/wp\/v2\/recipe_saison\/546"},{"embeddable":true,"taxonomy":"recipe_saison","href":"https:\/\/www.emmentaler.ch\/es\/wp-json\/wp\/v2\/recipe_saison\/530"},{"embeddable":true,"taxonomy":"recipe_main_ingredient","href":"https:\/\/www.emmentaler.ch\/es\/wp-json\/wp\/v2\/recipe_main_ingredient\/602"},{"embeddable":true,"taxonomy":"recipe_diet_type","href":"https:\/\/www.emmentaler.ch\/es\/wp-json\/wp\/v2\/recipe_diet_type\/570"},{"embeddable":true,"taxonomy":"recipe_difficulty","href":"https:\/\/www.emmentaler.ch\/es\/wp-json\/wp\/v2\/recipe_difficulty\/577"},{"embeddable":true,"taxonomy":"recipe_categories","href":"https:\/\/www.emmentaler.ch\/es\/wp-json\/wp\/v2\/recipe_categories\/619"},{"embeddable":true,"taxonomy":"recipe_preparation_time","href":"https:\/\/www.emmentaler.ch\/es\/wp-json\/wp\/v2\/recipe_preparation_time\/384"}],"acf:post":[{"embeddable":true,"href":"https:\/\/www.emmentaler.ch\/es\/wp-json\/wp\/v2\/pages\/68478"}],"wp:featuredmedia":[{"embeddable":true,"href":"https:\/\/www.emmentaler.ch\/es\/wp-json\/wp\/v2\/media\/90795"}],"wp:attachment":[{"href":"https:\/\/www.emmentaler.ch\/es\/wp-json\/wp\/v2\/media?parent=55053"}],"wp:term":[{"taxonomy":"post_tag","embeddable":true,"href":"https:\/\/www.emmentaler.ch\/es\/wp-json\/wp\/v2\/tags?post=55053"},{"taxonomy":"recipe_categories","embeddable":true,"href":"https:\/\/www.emmentaler.ch\/es\/wp-json\/wp\/v2\/recipe_categories?post=55053"},{"taxonomy":"et_countries","embeddable":true,"href":"https:\/\/www.emmentaler.ch\/es\/wp-json\/wp\/v2\/et_countries?post=55053"},{"taxonomy":"recipe_main_ingredient","embeddable":true,"href":"https:\/\/www.emmentaler.ch\/es\/wp-json\/wp\/v2\/recipe_main_ingredient?post=55053"},{"taxonomy":"recipe_difficulty","embeddable":true,"href":"https:\/\/www.emmentaler.ch\/es\/wp-json\/wp\/v2\/recipe_difficulty?post=55053"},{"taxonomy":"recipe_preparation_time","embeddable":true,"href":"https:\/\/www.emmentaler.ch\/es\/wp-json\/wp\/v2\/recipe_preparation_time?post=55053"},{"taxonomy":"recipe_diet_type","embeddable":true,"href":"https:\/\/www.emmentaler.ch\/es\/wp-json\/wp\/v2\/recipe_diet_type?post=55053"},{"taxonomy":"recipe_saison","embeddable":true,"href":"https:\/\/www.emmentaler.ch\/es\/wp-json\/wp\/v2\/recipe_saison?post=55053"}],"curies":[{"name":"wp","href":"https:\/\/api.w.org\/{rel}","templated":true}]}}

Fusilli con espárragos gratinados

20 minutos más 25 minutos en el horno

250 g de fusilli u otro tipo de pasta
Sal
750 g de espárragos verdes
1 manojo de cebolletas
1 cucharada de aceite de oliva
1 dl de caldo de verduras
150 g de Emmentaler AOP rallado
3-5 cucharadas de pesto de albahaca o de ajo
silvestre
150 g de queso quark cremoso
Pimienta
2 cucharadas de piñones

<span style="font-weight: 400;">Cuece los fusilli al dente en agua hirviendo con sal. Quita los extremos amaderados de los espárragos y córtalos en trozos de 3-4 cm. Corta las cebolletas en aros. Fríe los espárragos y la cebolleta en aceite caliente. Echa el caldo y deja que cuezan tapados durante 5-7 minutos hasta que estén crujientes. Escurre el líquido y mézclalo todo bien con el Emmentaler AOP, el pesto de albahaca y el queso quark. Condimenta con sal y pimienta.</span>

<span style="font-weight: 400;">Mezcla los fusilli secos, los espárragos y la mezcla y échalo todo en una bandeja para gratinar. Espolvorea piñones por encima. Gratina a 200º en la altura media del horno precalentado, durante unos 25 minutos.</span>
