{"id":55084,"date":"2022-04-27T13:39:22","date_gmt":"2022-04-27T11:39:22","guid":{"rendered":"https:\/\/www.emmentaler.ch\/rezept\/orecchiette-con-colmenillas"},"modified":"2022-08-16T10:33:05","modified_gmt":"2022-08-16T08:33:05","slug":"orecchiette-con-colmenillas","status":"publish","type":"recipes","link":"https:\/\/www.emmentaler.ch\/es\/recetas\/orecchiette-con-colmenillas","title":{"rendered":"Orecchiette con colmenillas"},"author":2,"featured_media":55105,"menu_order":0,"template":"","meta":{"inline_featured_image":false},"tags":[],"recipe_categories":[619],"et_countries":[],"recipe_main_ingredient":[594,602],"recipe_difficulty":[578],"recipe_preparation_time":[382],"recipe_diet_type":[570],"recipe_saison":[530,546],"acf":{"recipe_preparation_time":382,"recipe_categories":619,"recipe_time_txt":"","recipe_type":65982,"recipe_difficulty":578,"recipe_diet_type":[570],"recipe_main_ingredient":[594,602],"recipe_saison":[530,546],"recipe_count_portions":4,"recipe_ingedients":[{"recipe_ingedients_amount":"","recipe_ingedients_unit":"g","recipe_ingedients_product":""}],"temporare_zutaten":"20 g de colmenillas secas\r\n300 g de esp\u00e1rragos verdes\r\n2 chalotas\r\n125 g de Emmentaler AOC curado\r\n2 cucharadas de mantequilla\r\n400 g de orecchiette o de otro tipo de pasta\r\npeque\u00f1a\r\nAprox. 1 l de caldo de verduras caliente\r\n0,5 dl de jerez\r\n1,5 dl de nata\r\nSal, pimienta\r\n1 manojo de cebollino","recipe_preparation":"<span style=\"font-weight: 400;\">Pon las colmenillas en remojo en agua caliente durante 30\u00a0minutos. L\u00e1valas bien con agua corriente y p\u00e1rtelas por la mitad o en cuatro trozos.<\/span>\r\n\r\n<span style=\"font-weight: 400;\">Pela el tercio inferior de los esp\u00e1rragos y c\u00f3rtalos en trozos peque\u00f1os. Pica las chalotas. Ralla fino el queso. Rehoga la mitad de las chalotas con una cucharada de mantequilla. A\u00f1ade las orecchiette y el caldo poco a poco. Remueve de vez en cuando. Despu\u00e9s de 15\u00a0minutos de cocinado, a\u00f1ade los esp\u00e1rragos y cu\u00e9celos unos 10-15 minutos m\u00e1s.<\/span>\r\n\r\n<span style=\"font-weight: 400;\">Rehoga el resto de las chalotas y las colmenillas con una cucharada de mantequilla. A\u00f1ade el jerez y deja que hierva. A\u00f1ade la nata y cuece un par de minutos a fuego lento. Despu\u00e9s, condimenta con sal y pimienta. Remueve las colmenillas y el queso, mezcl\u00e1ndolas con las orecchiette ya cocidas. Corta el cebollino en tubitos y esp\u00e1rcelo por encima.<\/span>","recipe_images":[55095]},"_links":{"self":[{"href":"https:\/\/www.emmentaler.ch\/es\/wp-json\/wp\/v2\/recipes\/55084"}],"collection":[{"href":"https:\/\/www.emmentaler.ch\/es\/wp-json\/wp\/v2\/recipes"}],"about":[{"href":"https:\/\/www.emmentaler.ch\/es\/wp-json\/wp\/v2\/types\/recipes"}],"author":[{"embeddable":true,"href":"https:\/\/www.emmentaler.ch\/es\/wp-json\/wp\/v2\/users\/2"}],"version-history":[{"count":0,"href":"https:\/\/www.emmentaler.ch\/es\/wp-json\/wp\/v2\/recipes\/55084\/revisions"}],"acf:attachment":[{"embeddable":true,"href":"https:\/\/www.emmentaler.ch\/es\/wp-json\/wp\/v2\/media\/55095"}],"acf:term":[{"embeddable":true,"taxonomy":"recipe_saison","href":"https:\/\/www.emmentaler.ch\/es\/wp-json\/wp\/v2\/recipe_saison\/546"},{"embeddable":true,"taxonomy":"recipe_saison","href":"https:\/\/www.emmentaler.ch\/es\/wp-json\/wp\/v2\/recipe_saison\/530"},{"embeddable":true,"taxonomy":"recipe_main_ingredient","href":"https:\/\/www.emmentaler.ch\/es\/wp-json\/wp\/v2\/recipe_main_ingredient\/602"},{"embeddable":true,"taxonomy":"recipe_main_ingredient","href":"https:\/\/www.emmentaler.ch\/es\/wp-json\/wp\/v2\/recipe_main_ingredient\/594"},{"embeddable":true,"taxonomy":"recipe_diet_type","href":"https:\/\/www.emmentaler.ch\/es\/wp-json\/wp\/v2\/recipe_diet_type\/570"},{"embeddable":true,"taxonomy":"recipe_difficulty","href":"https:\/\/www.emmentaler.ch\/es\/wp-json\/wp\/v2\/recipe_difficulty\/578"},{"embeddable":true,"taxonomy":"recipe_categories","href":"https:\/\/www.emmentaler.ch\/es\/wp-json\/wp\/v2\/recipe_categories\/619"},{"embeddable":true,"taxonomy":"recipe_preparation_time","href":"https:\/\/www.emmentaler.ch\/es\/wp-json\/wp\/v2\/recipe_preparation_time\/382"}],"acf:post":[{"embeddable":true,"href":"https:\/\/www.emmentaler.ch\/es\/wp-json\/wp\/v2\/pages\/65982"}],"wp:featuredmedia":[{"embeddable":true,"href":"https:\/\/www.emmentaler.ch\/es\/wp-json\/wp\/v2\/media\/55105"}],"wp:attachment":[{"href":"https:\/\/www.emmentaler.ch\/es\/wp-json\/wp\/v2\/media?parent=55084"}],"wp:term":[{"taxonomy":"post_tag","embeddable":true,"href":"https:\/\/www.emmentaler.ch\/es\/wp-json\/wp\/v2\/tags?post=55084"},{"taxonomy":"recipe_categories","embeddable":true,"href":"https:\/\/www.emmentaler.ch\/es\/wp-json\/wp\/v2\/recipe_categories?post=55084"},{"taxonomy":"et_countries","embeddable":true,"href":"https:\/\/www.emmentaler.ch\/es\/wp-json\/wp\/v2\/et_countries?post=55084"},{"taxonomy":"recipe_main_ingredient","embeddable":true,"href":"https:\/\/www.emmentaler.ch\/es\/wp-json\/wp\/v2\/recipe_main_ingredient?post=55084"},{"taxonomy":"recipe_difficulty","embeddable":true,"href":"https:\/\/www.emmentaler.ch\/es\/wp-json\/wp\/v2\/recipe_difficulty?post=55084"},{"taxonomy":"recipe_preparation_time","embeddable":true,"href":"https:\/\/www.emmentaler.ch\/es\/wp-json\/wp\/v2\/recipe_preparation_time?post=55084"},{"taxonomy":"recipe_diet_type","embeddable":true,"href":"https:\/\/www.emmentaler.ch\/es\/wp-json\/wp\/v2\/recipe_diet_type?post=55084"},{"taxonomy":"recipe_saison","embeddable":true,"href":"https:\/\/www.emmentaler.ch\/es\/wp-json\/wp\/v2\/recipe_saison?post=55084"}],"curies":[{"name":"wp","href":"https:\/\/api.w.org\/{rel}","templated":true}]}}

20 g de colmenillas secas
300 g de espárragos verdes
2 chalotas
125 g de Emmentaler AOC curado
2 cucharadas de mantequilla
400 g de orecchiette o de otro tipo de pasta
pequeña
Aprox. 1 l de caldo de verduras caliente
0,5 dl de jerez
1,5 dl de nata
Sal, pimienta
1 manojo de cebollino

<span style="font-weight: 400;">Pon las colmenillas en remojo en agua caliente durante 30 minutos. Lávalas bien con agua corriente y pártelas por la mitad o en cuatro trozos.</span>

<span style="font-weight: 400;">Pela el tercio inferior de los espárragos y córtalos en trozos pequeños. Pica las chalotas. Ralla fino el queso. Rehoga la mitad de las chalotas con una cucharada de mantequilla. Añade las orecchiette y el caldo poco a poco. Remueve de vez en cuando. Después de 15 minutos de cocinado, añade los espárragos y cuécelos unos 10-15 minutos más.</span>

<span style="font-weight: 400;">Rehoga el resto de las chalotas y las colmenillas con una cucharada de mantequilla. Añade el jerez y deja que hierva. Añade la nata y cuece un par de minutos a fuego lento. Después, condimenta con sal y pimienta. Remueve las colmenillas y el queso, mezclándolas con las orecchiette ya cocidas. Corta el cebollino en tubitos y espárcelo por encima.</span>
