{"id":55115,"date":"2022-04-27T13:34:07","date_gmt":"2022-04-27T11:34:07","guid":{"rendered":"https:\/\/www.emmentaler.ch\/rezept\/chili-con-queso"},"modified":"2022-07-29T15:09:03","modified_gmt":"2022-07-29T13:09:03","slug":"chili-con-queso","status":"publish","type":"recipes","link":"https:\/\/www.emmentaler.ch\/es\/recetas\/chili-con-queso","title":{"rendered":"Chili con queso"},"author":2,"featured_media":20166,"menu_order":0,"template":"","meta":{"inline_featured_image":false},"tags":[],"recipe_categories":[619],"et_countries":[],"recipe_main_ingredient":[602],"recipe_difficulty":[578],"recipe_preparation_time":[382],"recipe_diet_type":[562,569,570],"recipe_saison":[561],"acf":{"recipe_preparation_time":382,"recipe_categories":619,"recipe_time_txt":"40 minutos, m\u00e1s el tiempo para ablandar las legumbres","recipe_type":65940,"recipe_difficulty":578,"recipe_diet_type":[562,569,570],"recipe_main_ingredient":[602],"recipe_saison":[561],"recipe_count_portions":4,"recipe_ingedients":[{"recipe_ingedients_amount":"62.5","recipe_ingedients_unit":"g","recipe_ingedients_product":"de legumbres variadas, p.ej. alubias o frijoles rojos, jud\u00edas rojas o blancas"},{"recipe_ingedients_amount":"0.0625","recipe_ingedients_unit":"Tl","recipe_ingedients_product":"de bicarbonato"},{"recipe_ingedients_amount":".25","recipe_ingedients_unit":"El","recipe_ingedients_product":"de manteca para fre\u00edr"},{"recipe_ingedients_amount":".25","recipe_ingedients_unit":"St\u00fcck","recipe_ingedients_product":"cebolla roja, cortada en trocitos"},{"recipe_ingedients_amount":".25","recipe_ingedients_unit":"g","recipe_ingedients_product":"diente de ajo picado"},{"recipe_ingedients_amount":".25","recipe_ingedients_unit":"El","recipe_ingedients_product":"de comino"},{"recipe_ingedients_amount":".25","recipe_ingedients_unit":"St\u00fcck","recipe_ingedients_product":"chile, picado fino (cantidad de chile seg\u00fan si se prefiere m\u00e1s o menos picante)"},{"recipe_ingedients_amount":".125","recipe_ingedients_unit":"Tl","recipe_ingedients_product":"de piment\u00f3n"},{"recipe_ingedients_amount":".125","recipe_ingedients_unit":"Tl","recipe_ingedients_product":"de or\u00e9gano"},{"recipe_ingedients_amount":".25","recipe_ingedients_unit":"St\u00fcck","recipe_ingedients_product":"guindilla roja, cortada en cintas finas"},{"recipe_ingedients_amount":".25","recipe_ingedients_unit":"St\u00fcck","recipe_ingedients_product":"tallo de apio, cortado en cintas"},{"recipe_ingedients_amount":".25","recipe_ingedients_unit":"St\u00fcck","recipe_ingedients_product":"zanahoria, cortada en daditos"},{"recipe_ingedients_amount":".25","recipe_ingedients_unit":"St\u00fcck","recipe_ingedients_product":"chiriv\u00eda pelada, cortada en daditos"},{"recipe_ingedients_amount":"12.5","recipe_ingedients_unit":"g","recipe_ingedients_product":"de nueces, picadas muy finas"},{"recipe_ingedients_amount":".25","recipe_ingedients_unit":"Dose","recipe_ingedients_product":"de tomates pelados  (1 lata = 400 g)"},{"recipe_ingedients_amount":"75","recipe_ingedients_unit":"ml","recipe_ingedients_product":"de agua"},{"recipe_ingedients_amount":".25","recipe_ingedients_unit":"Tl","recipe_ingedients_product":"de sal"},{"recipe_ingedients_amount":".75","recipe_ingedients_unit":"El","recipe_ingedients_product":"de vinagre bals\u00e1mico"},{"recipe_ingedients_amount":".5","recipe_ingedients_unit":"El","recipe_ingedients_product":"de caldo de caf\u00e9 Expresso"},{"recipe_ingedients_amount":"5","recipe_ingedients_unit":"g","recipe_ingedients_product":"de chocolate negro, partido en trocitos"},{"recipe_ingedients_amount":"25","recipe_ingedients_unit":"g","recipe_ingedients_product":"de queso Emmentaler AOP, p.ej. Surchoix, raspado grueso"},{"recipe_ingedients_amount":"","recipe_ingedients_unit":"Bedarf","recipe_ingedients_product":"pimienta molida"}],"temporare_zutaten":"250 g de legumbres variadas, p.ej. alubias o frijoles rojos, jud\u00edas rojas o blancas\r\n\u00bc cucharadita de bicarbonato\r\n1 cucharada de manteca para fre\u00edr\r\n1 cebolla roja, cortada en trocitos\r\n1 diente de ajo picado\r\n1 cucharada de comino\r\n\u00bd\u20131 chile, picado fino (cantidad de chile seg\u00fan si se prefiere m\u00e1s o menos picante)\r\n\u00bd cucharadita de piment\u00f3n\r\n\u00bd cucharadita de or\u00e9gano\r\n1 guindilla roja, cortada en cintas finas\r\n1 tallo de apio, cortado en cintas\r\n1 zanahoria, cortada en daditos\r\n1 chiriv\u00eda pelada, cortada en daditos\r\n50 g de nueces, picadas muy finas\r\n1 lata de tomates pelados, 400 g\r\n3 dl de agua\r\n1 cucharadita de sal\r\n2\u20133 cucharadas de vinagre bals\u00e1mico\r\n2 cucharadas de caldo de caf\u00e9 Expresso\r\n20 g de chocolate negro, partido en trocitos\r\n100 g de queso Emmentaler AOP, p.ej. Surchoix, raspado grueso\r\npimienta molida","recipe_preparation":"La noche antes dejamos las alubias en remojo en un cuenco de agua fr\u00eda, as\u00ed se cuecen m\u00e1s r\u00e1pido y de manera m\u00e1s uniforme. Una vez que los frijoles rojos se han ablandado, los sacamos del cuenco y los enjuagamos con agua corriente. Despu\u00e9s, a\u00f1adimos el bicarbonato y los cocemos hasta que se queden bien tiernos. Ahora colamos el agua de cocer y apartamos los frijoles a un lado.\r\n\r\nPara conseguir un suave aroma tostado, calentamos la manteca para fre\u00edr en una cazuela. A\u00f1adimos las cebollas, el ajo y los condimentos y lo dejamos rehogar unos minutos, hasta que se forme un agradable aroma. Despu\u00e9s agregamos la verdura y la salteamos unos minutos junto con la cebolla, el ajo y los condimentos. Ahora agregamos los frijoles, las nueces, los tomates pelados junto con su jugo, el agua y la sal, lo tapamos y lo dejamos cocer a fuego lento unos 20 minutos. Despu\u00e9s, a\u00f1adimos el vinagre bals\u00e1mico, el caldo de caf\u00e9 Expresso y el chocolate negro, y lo dejamos cocer a fuego lento otros 5 minutos m\u00e1s, agregamos el queso Emmentaler AOP y sazonamos con sal y pimienta.\r\n\r\nEl chili con queso lo servimos con cilantro, yogur, gajos de lima, tortillas de ma\u00edz, guacamole y queso rallado grueso Emmentaler AOP.\r\n\r\nSugerencia: El chili con queso lo podemos variar seg\u00fan la temporada, por ejemplo: en primavera podemos prepararlo con zanahorias frescas, guisantes, bisaltos, colirr\u00e1bano o nabos de mayo, adaptando los tiempos de cocci\u00f3n.","recipe_images":[55136,55141]},"_links":{"self":[{"href":"https:\/\/www.emmentaler.ch\/es\/wp-json\/wp\/v2\/recipes\/55115"}],"collection":[{"href":"https:\/\/www.emmentaler.ch\/es\/wp-json\/wp\/v2\/recipes"}],"about":[{"href":"https:\/\/www.emmentaler.ch\/es\/wp-json\/wp\/v2\/types\/recipes"}],"author":[{"embeddable":true,"href":"https:\/\/www.emmentaler.ch\/es\/wp-json\/wp\/v2\/users\/2"}],"version-history":[{"count":0,"href":"https:\/\/www.emmentaler.ch\/es\/wp-json\/wp\/v2\/recipes\/55115\/revisions"}],"acf:attachment":[{"embeddable":true,"href":"https:\/\/www.emmentaler.ch\/es\/wp-json\/wp\/v2\/media\/55141"},{"embeddable":true,"href":"https:\/\/www.emmentaler.ch\/es\/wp-json\/wp\/v2\/media\/55136"}],"acf:term":[{"embeddable":true,"taxonomy":"recipe_saison","href":"https:\/\/www.emmentaler.ch\/es\/wp-json\/wp\/v2\/recipe_saison\/561"},{"embeddable":true,"taxonomy":"recipe_main_ingredient","href":"https:\/\/www.emmentaler.ch\/es\/wp-json\/wp\/v2\/recipe_main_ingredient\/602"},{"embeddable":true,"taxonomy":"recipe_diet_type","href":"https:\/\/www.emmentaler.ch\/es\/wp-json\/wp\/v2\/recipe_diet_type\/570"},{"embeddable":true,"taxonomy":"recipe_diet_type","href":"https:\/\/www.emmentaler.ch\/es\/wp-json\/wp\/v2\/recipe_diet_type\/569"},{"embeddable":true,"taxonomy":"recipe_diet_type","href":"https:\/\/www.emmentaler.ch\/es\/wp-json\/wp\/v2\/recipe_diet_type\/562"},{"embeddable":true,"taxonomy":"recipe_difficulty","href":"https:\/\/www.emmentaler.ch\/es\/wp-json\/wp\/v2\/recipe_difficulty\/578"},{"embeddable":true,"taxonomy":"recipe_categories","href":"https:\/\/www.emmentaler.ch\/es\/wp-json\/wp\/v2\/recipe_categories\/619"},{"embeddable":true,"taxonomy":"recipe_preparation_time","href":"https:\/\/www.emmentaler.ch\/es\/wp-json\/wp\/v2\/recipe_preparation_time\/382"}],"acf:post":[{"embeddable":true,"href":"https:\/\/www.emmentaler.ch\/es\/wp-json\/wp\/v2\/pages\/65940"}],"wp:featuredmedia":[{"embeddable":true,"href":"https:\/\/www.emmentaler.ch\/es\/wp-json\/wp\/v2\/media\/20166"}],"wp:attachment":[{"href":"https:\/\/www.emmentaler.ch\/es\/wp-json\/wp\/v2\/media?parent=55115"}],"wp:term":[{"taxonomy":"post_tag","embeddable":true,"href":"https:\/\/www.emmentaler.ch\/es\/wp-json\/wp\/v2\/tags?post=55115"},{"taxonomy":"recipe_categories","embeddable":true,"href":"https:\/\/www.emmentaler.ch\/es\/wp-json\/wp\/v2\/recipe_categories?post=55115"},{"taxonomy":"et_countries","embeddable":true,"href":"https:\/\/www.emmentaler.ch\/es\/wp-json\/wp\/v2\/et_countries?post=55115"},{"taxonomy":"recipe_main_ingredient","embeddable":true,"href":"https:\/\/www.emmentaler.ch\/es\/wp-json\/wp\/v2\/recipe_main_ingredient?post=55115"},{"taxonomy":"recipe_difficulty","embeddable":true,"href":"https:\/\/www.emmentaler.ch\/es\/wp-json\/wp\/v2\/recipe_difficulty?post=55115"},{"taxonomy":"recipe_preparation_time","embeddable":true,"href":"https:\/\/www.emmentaler.ch\/es\/wp-json\/wp\/v2\/recipe_preparation_time?post=55115"},{"taxonomy":"recipe_diet_type","embeddable":true,"href":"https:\/\/www.emmentaler.ch\/es\/wp-json\/wp\/v2\/recipe_diet_type?post=55115"},{"taxonomy":"recipe_saison","embeddable":true,"href":"https:\/\/www.emmentaler.ch\/es\/wp-json\/wp\/v2\/recipe_saison?post=55115"}],"curies":[{"name":"wp","href":"https:\/\/api.w.org\/{rel}","templated":true}]}}

40 minutos, más el tiempo para ablandar las legumbres

de legumbres variadas, p.ej. alubias o frijoles rojos, judías rojas o blancas

de manteca para freír

Stück

chile, picado fino (cantidad de chile según si se prefiere más o menos picante)

de pimentón

de orégano

chirivía pelada, cortada en daditos

de vinagre balsámico

de caldo de café Expresso

250 g de legumbres variadas, p.ej. alubias o frijoles rojos, judías rojas o blancas
¼ cucharadita de bicarbonato
1 cucharada de manteca para freír
1 cebolla roja, cortada en trocitos
1 diente de ajo picado
1 cucharada de comino
½–1 chile, picado fino (cantidad de chile según si se prefiere más o menos picante)
½ cucharadita de pimentón
½ cucharadita de orégano
1 guindilla roja, cortada en cintas finas
1 tallo de apio, cortado en cintas
1 zanahoria, cortada en daditos
1 chirivía pelada, cortada en daditos
50 g de nueces, picadas muy finas
1 lata de tomates pelados, 400 g
3 dl de agua
1 cucharadita de sal
2–3 cucharadas de vinagre balsámico
2 cucharadas de caldo de café Expresso
20 g de chocolate negro, partido en trocitos
100 g de queso Emmentaler AOP, p.ej. Surchoix, raspado grueso
pimienta molida

La noche antes dejamos las alubias en remojo en un cuenco de agua fría, así se cuecen más rápido y de manera más uniforme. Una vez que los frijoles rojos se han ablandado, los sacamos del cuenco y los enjuagamos con agua corriente. Después, añadimos el bicarbonato y los cocemos hasta que se queden bien tiernos. Ahora colamos el agua de cocer y apartamos los frijoles a un lado.

Para conseguir un suave aroma tostado, calentamos la manteca para freír en una cazuela. Añadimos las cebollas, el ajo y los condimentos y lo dejamos rehogar unos minutos, hasta que se forme un agradable aroma. Después agregamos la verdura y la salteamos unos minutos junto con la cebolla, el ajo y los condimentos. Ahora agregamos los frijoles, las nueces, los tomates pelados junto con su jugo, el agua y la sal, lo tapamos y lo dejamos cocer a fuego lento unos 20 minutos. Después, añadimos el vinagre balsámico, el caldo de café Expresso y el chocolate negro, y lo dejamos cocer a fuego lento otros 5 minutos más, agregamos el queso Emmentaler AOP y sazonamos con sal y pimienta.

El chili con queso lo servimos con cilantro, yogur, gajos de lima, tortillas de maíz, guacamole y queso rallado grueso Emmentaler AOP.

Sugerencia: El chili con queso lo podemos variar según la temporada, por ejemplo: en primavera podemos prepararlo con zanahorias frescas, guisantes, bisaltos, colirrábano o nabos de mayo, adaptando los tiempos de cocción.
