{"id":55192,"date":"2022-04-27T13:39:54","date_gmt":"2022-04-27T11:39:54","guid":{"rendered":"https:\/\/www.emmentaler.ch\/rezept\/sopa-de-chirivias-con-mostaza"},"modified":"2022-07-29T14:44:14","modified_gmt":"2022-07-29T12:44:14","slug":"sopa-de-chirivias-con-mostaza","status":"publish","type":"recipes","link":"https:\/\/www.emmentaler.ch\/es\/recetas\/sopa-de-chirivias-con-mostaza","title":{"rendered":"Sopa de chiriv\u00edas con mostaza"},"author":2,"featured_media":55208,"menu_order":0,"template":"","meta":{"inline_featured_image":false},"tags":[],"recipe_categories":[620],"et_countries":[],"recipe_main_ingredient":[593,602],"recipe_difficulty":[585],"recipe_preparation_time":[384],"recipe_diet_type":[569],"recipe_saison":[529,561],"acf":{"recipe_preparation_time":384,"recipe_categories":620,"recipe_time_txt":"","recipe_type":65952,"recipe_difficulty":585,"recipe_diet_type":[569],"recipe_main_ingredient":[593,602],"recipe_saison":[529,561],"recipe_count_portions":5,"recipe_ingedients":[{"recipe_ingedients_amount":"100","recipe_ingedients_unit":"g","recipe_ingedients_product":"de chiriv\u00edas (las chiriv\u00edas tambi\u00e9n pueden sustituirse por apionabos)"},{"recipe_ingedients_amount":"40","recipe_ingedients_unit":"g","recipe_ingedients_product":"de patatas harinosas"},{"recipe_ingedients_amount":".2","recipe_ingedients_unit":"St\u00fcck","recipe_ingedients_product":"cebolla"},{"recipe_ingedients_amount":".4","recipe_ingedients_unit":"El","recipe_ingedients_product":"de aceite"},{"recipe_ingedients_amount":"20","recipe_ingedients_unit":"g","recipe_ingedients_product":"de daditos de jam\u00f3n o tocino magro"},{"recipe_ingedients_amount":"200","recipe_ingedients_unit":"ml","recipe_ingedients_product":"de caldo"},{"recipe_ingedients_amount":".4","recipe_ingedients_unit":"El","recipe_ingedients_product":"de mostaza picante"},{"recipe_ingedients_amount":".2","recipe_ingedients_unit":"Bd","recipe_ingedients_product":"de cebollinos"},{"recipe_ingedients_amount":"30","recipe_ingedients_unit":"g","recipe_ingedients_product":"de queso Emmentaler AOP"},{"recipe_ingedients_amount":"50","recipe_ingedients_unit":"g","recipe_ingedients_product":"de pan casero"},{"recipe_ingedients_amount":"","recipe_ingedients_unit":"Bedarf","recipe_ingedients_product":"sal y pimienta"}],"temporare_zutaten":"500 g de chiriv\u00edas (las chiriv\u00edas tambi\u00e9n pueden sustituirse por apionabos)\r\n250 g de patatas harinosas\r\n1 cebolla\r\n2 cucharadas de aceite\r\n100 g de daditos de jam\u00f3n o tocino magro\r\naprox. 1 l de caldo\r\n1-2 cucharadas de mostaza picante\r\nsal y pimienta\r\n1 haz de cebollinos\r\n150 g de queso Emmentaler AOP\r\n125 g de pan casero","recipe_preparation":"Primero pelamos las chiriv\u00edas y las patatas y las cortamos en daditos. Despu\u00e9s picamos la cebolla y preparamos la sart\u00e9n con aceite para fre\u00edr los daditos de jam\u00f3n o tocino magro. Ahora sacamos los daditos de jam\u00f3n fritos de la sart\u00e9n y los apartamos a un lado. A continuaci\u00f3n, fre\u00edmos las chiriv\u00edas en la misma sart\u00e9n, a\u00f1adimos las cebollas picadas y las salteamos a fuego lento unos 3 minutos. Agregamos los daditos de patatas y el caldo, y lo dejamos recocer a fuego lento unos 20-30 minutos, hasta que la sopa quede bien espesa y suave. Despu\u00e9s colamos la sopa por el pasapur\u00e9s y, si es necesario, a\u00f1adimos otro poco de caldo. Ahora agregamos los daditos de tocino magro tostado a la sopa y sazonamos con mostaza, sal y pimienta.\r\n\r\nDespu\u00e9s cortamos los cebollinos en aros peque\u00f1itos. El queso Emmentaler AOP lo cortamos en lonchas de 3 mil\u00edmetros de espesor y el pan en rebanadas finas de 7 mil\u00edmetros. Colocamos las rebanadas de pan en una bandeja de horno y las tostamos unos minutos en el horno. Despu\u00e9s repartimos las lonchas de queso Emmentaler AOP sobre las rebanadas de pan y las volvemos a tostar otros 2 minutos m\u00e1s, hasta que el queso quede ligeramente fundido y dorado.\r\n\r\nServir la sopa en platos hondos, colocar una rebanada de pan tostado con queso Emmentaler AOP en cada plato y ali\u00f1arla con cebollinos picados.","recipe_images":[55208]},"_links":{"self":[{"href":"https:\/\/www.emmentaler.ch\/es\/wp-json\/wp\/v2\/recipes\/55192"}],"collection":[{"href":"https:\/\/www.emmentaler.ch\/es\/wp-json\/wp\/v2\/recipes"}],"about":[{"href":"https:\/\/www.emmentaler.ch\/es\/wp-json\/wp\/v2\/types\/recipes"}],"author":[{"embeddable":true,"href":"https:\/\/www.emmentaler.ch\/es\/wp-json\/wp\/v2\/users\/2"}],"version-history":[{"count":0,"href":"https:\/\/www.emmentaler.ch\/es\/wp-json\/wp\/v2\/recipes\/55192\/revisions"}],"acf:attachment":[{"embeddable":true,"href":"https:\/\/www.emmentaler.ch\/es\/wp-json\/wp\/v2\/media\/55208"}],"acf:term":[{"embeddable":true,"taxonomy":"recipe_saison","href":"https:\/\/www.emmentaler.ch\/es\/wp-json\/wp\/v2\/recipe_saison\/561"},{"embeddable":true,"taxonomy":"recipe_saison","href":"https:\/\/www.emmentaler.ch\/es\/wp-json\/wp\/v2\/recipe_saison\/529"},{"embeddable":true,"taxonomy":"recipe_main_ingredient","href":"https:\/\/www.emmentaler.ch\/es\/wp-json\/wp\/v2\/recipe_main_ingredient\/602"},{"embeddable":true,"taxonomy":"recipe_main_ingredient","href":"https:\/\/www.emmentaler.ch\/es\/wp-json\/wp\/v2\/recipe_main_ingredient\/593"},{"embeddable":true,"taxonomy":"recipe_diet_type","href":"https:\/\/www.emmentaler.ch\/es\/wp-json\/wp\/v2\/recipe_diet_type\/569"},{"embeddable":true,"taxonomy":"recipe_difficulty","href":"https:\/\/www.emmentaler.ch\/es\/wp-json\/wp\/v2\/recipe_difficulty\/585"},{"embeddable":true,"taxonomy":"recipe_categories","href":"https:\/\/www.emmentaler.ch\/es\/wp-json\/wp\/v2\/recipe_categories\/620"},{"embeddable":true,"taxonomy":"recipe_preparation_time","href":"https:\/\/www.emmentaler.ch\/es\/wp-json\/wp\/v2\/recipe_preparation_time\/384"}],"acf:post":[{"embeddable":true,"href":"https:\/\/www.emmentaler.ch\/es\/wp-json\/wp\/v2\/pages\/65952"}],"wp:featuredmedia":[{"embeddable":true,"href":"https:\/\/www.emmentaler.ch\/es\/wp-json\/wp\/v2\/media\/55208"}],"wp:attachment":[{"href":"https:\/\/www.emmentaler.ch\/es\/wp-json\/wp\/v2\/media?parent=55192"}],"wp:term":[{"taxonomy":"post_tag","embeddable":true,"href":"https:\/\/www.emmentaler.ch\/es\/wp-json\/wp\/v2\/tags?post=55192"},{"taxonomy":"recipe_categories","embeddable":true,"href":"https:\/\/www.emmentaler.ch\/es\/wp-json\/wp\/v2\/recipe_categories?post=55192"},{"taxonomy":"et_countries","embeddable":true,"href":"https:\/\/www.emmentaler.ch\/es\/wp-json\/wp\/v2\/et_countries?post=55192"},{"taxonomy":"recipe_main_ingredient","embeddable":true,"href":"https:\/\/www.emmentaler.ch\/es\/wp-json\/wp\/v2\/recipe_main_ingredient?post=55192"},{"taxonomy":"recipe_difficulty","embeddable":true,"href":"https:\/\/www.emmentaler.ch\/es\/wp-json\/wp\/v2\/recipe_difficulty?post=55192"},{"taxonomy":"recipe_preparation_time","embeddable":true,"href":"https:\/\/www.emmentaler.ch\/es\/wp-json\/wp\/v2\/recipe_preparation_time?post=55192"},{"taxonomy":"recipe_diet_type","embeddable":true,"href":"https:\/\/www.emmentaler.ch\/es\/wp-json\/wp\/v2\/recipe_diet_type?post=55192"},{"taxonomy":"recipe_saison","embeddable":true,"href":"https:\/\/www.emmentaler.ch\/es\/wp-json\/wp\/v2\/recipe_saison?post=55192"}],"curies":[{"name":"wp","href":"https:\/\/api.w.org\/{rel}","templated":true}]}}

Sopa de chirivías con mostaza

de chirivías (las chirivías también pueden sustituirse por apionabos)

Stück

de daditos de jamón o tocino magro

500 g de chirivías (las chirivías también pueden sustituirse por apionabos)
250 g de patatas harinosas
1 cebolla
2 cucharadas de aceite
100 g de daditos de jamón o tocino magro
aprox. 1 l de caldo
1-2 cucharadas de mostaza picante
sal y pimienta
1 haz de cebollinos
150 g de queso Emmentaler AOP
125 g de pan casero

Primero pelamos las chirivías y las patatas y las cortamos en daditos. Después picamos la cebolla y preparamos la sartén con aceite para freír los daditos de jamón o tocino magro. Ahora sacamos los daditos de jamón fritos de la sartén y los apartamos a un lado. A continuación, freímos las chirivías en la misma sartén, añadimos las cebollas picadas y las salteamos a fuego lento unos 3 minutos. Agregamos los daditos de patatas y el caldo, y lo dejamos recocer a fuego lento unos 20-30 minutos, hasta que la sopa quede bien espesa y suave. Después colamos la sopa por el pasapurés y, si es necesario, añadimos otro poco de caldo. Ahora agregamos los daditos de tocino magro tostado a la sopa y sazonamos con mostaza, sal y pimienta.

Después cortamos los cebollinos en aros pequeñitos. El queso Emmentaler AOP lo cortamos en lonchas de 3 milímetros de espesor y el pan en rebanadas finas de 7 milímetros. Colocamos las rebanadas de pan en una bandeja de horno y las tostamos unos minutos en el horno. Después repartimos las lonchas de queso Emmentaler AOP sobre las rebanadas de pan y las volvemos a tostar otros 2 minutos más, hasta que el queso quede ligeramente fundido y dorado.

Servir la sopa en platos hondos, colocar una rebanada de pan tostado con queso Emmentaler AOP en cada plato y aliñarla con cebollinos picados.
