{"id":55345,"date":"2022-04-27T13:40:42","date_gmt":"2022-04-27T11:40:42","guid":{"rendered":"https:\/\/www.emmentaler.ch\/rezept\/arroz-con-naranjas-y-rucula"},"modified":"2022-06-28T11:56:28","modified_gmt":"2022-06-28T09:56:28","slug":"arroz-con-naranjas-y-rucula","status":"publish","type":"recipes","link":"https:\/\/www.emmentaler.ch\/es\/recetas\/arroz-con-naranjas-y-rucula","title":{"rendered":"Arroz con naranjas y r\u00facula"},"author":2,"featured_media":55361,"menu_order":0,"template":"","meta":{"inline_featured_image":false},"tags":[],"recipe_categories":[619],"et_countries":[],"recipe_main_ingredient":[602],"recipe_difficulty":[578],"recipe_preparation_time":[373],"recipe_diet_type":[569,570],"recipe_saison":[529,554,530],"acf":{"recipe_preparation_time":373,"recipe_categories":619,"recipe_time_txt":"","recipe_type":65932,"recipe_difficulty":578,"recipe_diet_type":[569,570],"recipe_main_ingredient":[602],"recipe_saison":[529,530,554],"recipe_count_portions":4,"recipe_ingedients":[{"recipe_ingedients_amount":"","recipe_ingedients_unit":"g","recipe_ingedients_product":""}],"temporare_zutaten":"300 g de apionabo\r\n1 cebolla\r\n1 cebolla\r\n1 cucharada de aceite de oliva\r\n400 g de arroz para Risotto, p.ej. Carnaroli, Arborio\r\naprox. 1,2 l de caldo de verduras caliente\r\n25 g de pi\u00f1ones\r\n2 naranjas ecol\u00f3gicas\r\n125 g de queso Emmentaler AOP\r\n50 g de r\u00facula\r\nsal y pimienta","recipe_preparation":"Primero pelamos el apionabo y lo cortamos en dados de unos 1 \u00bd cm. Despu\u00e9s picamos la cebolla y el ajo bien finos, preparamos una sart\u00e9n con un poco de aceite, a\u00f1adimos el apio, la cebolla y el ajo y lo estofamos a fuego lento. Seguidamente, agregamos el arroz y lo estofamos, hasta que quede casi transparente. Despu\u00e9s vamos a\u00f1adiendo el caldo de verduras, mientras que removemos con un cuchar\u00f3n dejamos que cueza unos 20 minutos a fuego lento.\r\n\r\nMientras que cuece el arroz tostamos los pi\u00f1ones en una sart\u00e9n, hasta que obtengan un color dorado. A continuaci\u00f3n, raspamos la c\u00e1scara de una naranja con la raspadora fina, pelamos las dos mitades de la naranja y sacamos con cuidado los gajos de la naranja. Ahora raspamos el queso Emmentaler AOP con una raspadora fina, y lo mezclamos con el arroz y el salteado de pi\u00f1ones, gajos de naranja y r\u00facula, y lo removemos con un cuchar\u00f3n. Una vez hecho el risotto lo sazonamos con sal y pimienta y ya est\u00e1 listo para servir.","recipe_images":[55361]},"_links":{"self":[{"href":"https:\/\/www.emmentaler.ch\/es\/wp-json\/wp\/v2\/recipes\/55345"}],"collection":[{"href":"https:\/\/www.emmentaler.ch\/es\/wp-json\/wp\/v2\/recipes"}],"about":[{"href":"https:\/\/www.emmentaler.ch\/es\/wp-json\/wp\/v2\/types\/recipes"}],"author":[{"embeddable":true,"href":"https:\/\/www.emmentaler.ch\/es\/wp-json\/wp\/v2\/users\/2"}],"version-history":[{"count":0,"href":"https:\/\/www.emmentaler.ch\/es\/wp-json\/wp\/v2\/recipes\/55345\/revisions"}],"acf:attachment":[{"embeddable":true,"href":"https:\/\/www.emmentaler.ch\/es\/wp-json\/wp\/v2\/media\/55361"}],"acf:term":[{"embeddable":true,"taxonomy":"recipe_saison","href":"https:\/\/www.emmentaler.ch\/es\/wp-json\/wp\/v2\/recipe_saison\/554"},{"embeddable":true,"taxonomy":"recipe_saison","href":"https:\/\/www.emmentaler.ch\/es\/wp-json\/wp\/v2\/recipe_saison\/530"},{"embeddable":true,"taxonomy":"recipe_saison","href":"https:\/\/www.emmentaler.ch\/es\/wp-json\/wp\/v2\/recipe_saison\/529"},{"embeddable":true,"taxonomy":"recipe_main_ingredient","href":"https:\/\/www.emmentaler.ch\/es\/wp-json\/wp\/v2\/recipe_main_ingredient\/602"},{"embeddable":true,"taxonomy":"recipe_diet_type","href":"https:\/\/www.emmentaler.ch\/es\/wp-json\/wp\/v2\/recipe_diet_type\/570"},{"embeddable":true,"taxonomy":"recipe_diet_type","href":"https:\/\/www.emmentaler.ch\/es\/wp-json\/wp\/v2\/recipe_diet_type\/569"},{"embeddable":true,"taxonomy":"recipe_difficulty","href":"https:\/\/www.emmentaler.ch\/es\/wp-json\/wp\/v2\/recipe_difficulty\/578"},{"embeddable":true,"taxonomy":"recipe_categories","href":"https:\/\/www.emmentaler.ch\/es\/wp-json\/wp\/v2\/recipe_categories\/619"},{"embeddable":true,"taxonomy":"recipe_preparation_time","href":"https:\/\/www.emmentaler.ch\/es\/wp-json\/wp\/v2\/recipe_preparation_time\/373"}],"acf:post":[{"embeddable":true,"href":"https:\/\/www.emmentaler.ch\/es\/wp-json\/wp\/v2\/pages\/65932"}],"wp:featuredmedia":[{"embeddable":true,"href":"https:\/\/www.emmentaler.ch\/es\/wp-json\/wp\/v2\/media\/55361"}],"wp:attachment":[{"href":"https:\/\/www.emmentaler.ch\/es\/wp-json\/wp\/v2\/media?parent=55345"}],"wp:term":[{"taxonomy":"post_tag","embeddable":true,"href":"https:\/\/www.emmentaler.ch\/es\/wp-json\/wp\/v2\/tags?post=55345"},{"taxonomy":"recipe_categories","embeddable":true,"href":"https:\/\/www.emmentaler.ch\/es\/wp-json\/wp\/v2\/recipe_categories?post=55345"},{"taxonomy":"et_countries","embeddable":true,"href":"https:\/\/www.emmentaler.ch\/es\/wp-json\/wp\/v2\/et_countries?post=55345"},{"taxonomy":"recipe_main_ingredient","embeddable":true,"href":"https:\/\/www.emmentaler.ch\/es\/wp-json\/wp\/v2\/recipe_main_ingredient?post=55345"},{"taxonomy":"recipe_difficulty","embeddable":true,"href":"https:\/\/www.emmentaler.ch\/es\/wp-json\/wp\/v2\/recipe_difficulty?post=55345"},{"taxonomy":"recipe_preparation_time","embeddable":true,"href":"https:\/\/www.emmentaler.ch\/es\/wp-json\/wp\/v2\/recipe_preparation_time?post=55345"},{"taxonomy":"recipe_diet_type","embeddable":true,"href":"https:\/\/www.emmentaler.ch\/es\/wp-json\/wp\/v2\/recipe_diet_type?post=55345"},{"taxonomy":"recipe_saison","embeddable":true,"href":"https:\/\/www.emmentaler.ch\/es\/wp-json\/wp\/v2\/recipe_saison?post=55345"}],"curies":[{"name":"wp","href":"https:\/\/api.w.org\/{rel}","templated":true}]}}

Arroz con naranjas y rúcula

300 g de apionabo
1 cebolla
1 cebolla
1 cucharada de aceite de oliva
400 g de arroz para Risotto, p.ej. Carnaroli, Arborio
aprox. 1,2 l de caldo de verduras caliente
25 g de piñones
2 naranjas ecológicas
125 g de queso Emmentaler AOP
50 g de rúcula
sal y pimienta

Primero pelamos el apionabo y lo cortamos en dados de unos 1 ½ cm. Después picamos la cebolla y el ajo bien finos, preparamos una sartén con un poco de aceite, añadimos el apio, la cebolla y el ajo y lo estofamos a fuego lento. Seguidamente, agregamos el arroz y lo estofamos, hasta que quede casi transparente. Después vamos añadiendo el caldo de verduras, mientras que removemos con un cucharón dejamos que cueza unos 20 minutos a fuego lento.

Mientras que cuece el arroz tostamos los piñones en una sartén, hasta que obtengan un color dorado. A continuación, raspamos la cáscara de una naranja con la raspadora fina, pelamos las dos mitades de la naranja y sacamos con cuidado los gajos de la naranja. Ahora raspamos el queso Emmentaler AOP con una raspadora fina, y lo mezclamos con el arroz y el salteado de piñones, gajos de naranja y rúcula, y lo removemos con un cucharón. Una vez hecho el risotto lo sazonamos con sal y pimienta y ya está listo para servir.
