{"id":55376,"date":"2022-04-27T13:57:46","date_gmt":"2022-04-27T11:57:46","guid":{"rendered":"https:\/\/www.emmentaler.ch\/rezept\/una-merienda-casera-con-emmentaler-aop-urtyp"},"modified":"2024-05-31T14:29:05","modified_gmt":"2024-05-31T12:29:05","slug":"una-merienda-casera-con-emmentaler-aop-urtyp","status":"publish","type":"recipes","link":"https:\/\/www.emmentaler.ch\/es\/recetas\/una-merienda-casera-con-emmentaler-aop-urtyp","title":{"rendered":"Una merienda casera con Emmentaler DOP"},"author":2,"featured_media":26475,"menu_order":0,"template":"","meta":{"inline_featured_image":false},"tags":[836,773],"recipe_categories":[608],"et_countries":[],"recipe_main_ingredient":[],"recipe_difficulty":[577],"recipe_preparation_time":[398],"recipe_diet_type":[570],"recipe_saison":[561],"acf":{"recipe_preparation_time":398,"recipe_categories":608,"recipe_time_txt":"","recipe_type":65993,"recipe_difficulty":577,"recipe_diet_type":[570],"recipe_main_ingredient":false,"recipe_saison":[561],"recipe_count_portions":4,"recipe_ingedients":[{"recipe_ingedients_amount":"125","recipe_ingedients_unit":"g","recipe_ingedients_product":"pan semiblanco, cortado en rodajas, tostado"},{"recipe_ingedients_amount":"0.5","recipe_ingedients_unit":"El","recipe_ingedients_product":"mantequilla, suave"},{"recipe_ingedients_amount":"0.5","recipe_ingedients_unit":"El","recipe_ingedients_product":"mostaza"},{"recipe_ingedients_amount":"0.5","recipe_ingedients_unit":"El","recipe_ingedients_product":"mermelada de grosella roja"},{"recipe_ingedients_amount":"12.5","recipe_ingedients_unit":"g","recipe_ingedients_product":"espinacas j\u00f3venes"},{"recipe_ingedients_amount":".25","recipe_ingedients_unit":"St\u00fcck","recipe_ingedients_product":"cebolla roja, en aros"},{"recipe_ingedients_amount":"100","recipe_ingedients_unit":"g","recipe_ingedients_product":"Emmentaler AOP Extra, en rodajas finas o rallado grueso"},{"recipe_ingedients_amount":"0.5","recipe_ingedients_unit":"St\u00fcck","recipe_ingedients_product":"huevos"},{"recipe_ingedients_amount":"125","recipe_ingedients_unit":"ml","recipe_ingedients_product":"leche"},{"recipe_ingedients_amount":"0.5","recipe_ingedients_unit":"El","recipe_ingedients_product":"mantequilla para fre\u00edr"},{"recipe_ingedients_amount":"","recipe_ingedients_unit":"Bedarf","recipe_ingedients_product":""}],"temporare_zutaten":"500 g de pan casero o pan de campo (16 rebanadas tostadas)\r\n2 cucharadas de mantequilla blanda\r\n2 cucharadas de mostaza\r\n2 cucharadas de mermelada de grosella\r\n50 g de espinacas tiernas\r\n1 cebolla roja (cortada en aros)\r\n400 g de queso Emmentaler AOP URTYP\u00ae (cortado en lonchas finas o raspado grueso)\r\npimienta negra molida\r\n2 huevos\r\n0,5 dl de leche\r\n2 cucharadas de manteca para fre\u00edr\r\npimienta de molinillo","recipe_preparation":"Primero untamos todas las rebanadas de pan con mantequilla. Seguidamente, untamos la mitad de las rebanadas con mostaza y la segunda mitad con mermelada de grosella. Sobre las rebanadas untadas de mostaza colocamos las hojitas de espinacas tiernas y los aros de cebolla. Ahora repartimos las lonchas del queso Emmentaler AOP Extra sobre las rebanadas con espinacas y cebollas y las sazonamos. Despu\u00e9s cubrimos las rebanadas ya preparadas con las rebanadas untadas de mermelada de grosella. A continuaci\u00f3n, batimos los huevos con la leche en un plato hondo o en un cuenco. Tomamos el bocadillo Croque-Monsieur, lo apretamos suavemente y le damos unas vueltas en el batido de huevos y leche. Preparamos la sart\u00e9n con manteca de fre\u00edr y seguidamente fre\u00edmos los bocatas Croque-Monsieur unos 4 minutos por cada lado. Una vez que est\u00e9n bien dorados, los sacamos y los colamos sobre un plato, los cortamos por la mitad, los sazonamos con pimienta de molinillo y los servimos reci\u00e9n preparados","recipe_images":[26470,26475]},"_links":{"self":[{"href":"https:\/\/www.emmentaler.ch\/es\/wp-json\/wp\/v2\/recipes\/55376"}],"collection":[{"href":"https:\/\/www.emmentaler.ch\/es\/wp-json\/wp\/v2\/recipes"}],"about":[{"href":"https:\/\/www.emmentaler.ch\/es\/wp-json\/wp\/v2\/types\/recipes"}],"author":[{"embeddable":true,"href":"https:\/\/www.emmentaler.ch\/es\/wp-json\/wp\/v2\/users\/2"}],"version-history":[{"count":2,"href":"https:\/\/www.emmentaler.ch\/es\/wp-json\/wp\/v2\/recipes\/55376\/revisions"}],"predecessor-version":[{"id":136974,"href":"https:\/\/www.emmentaler.ch\/es\/wp-json\/wp\/v2\/recipes\/55376\/revisions\/136974"}],"acf:attachment":[{"embeddable":true,"href":"https:\/\/www.emmentaler.ch\/es\/wp-json\/wp\/v2\/media\/26475"},{"embeddable":true,"href":"https:\/\/www.emmentaler.ch\/es\/wp-json\/wp\/v2\/media\/26470"}],"acf:term":[{"embeddable":true,"taxonomy":"recipe_saison","href":"https:\/\/www.emmentaler.ch\/es\/wp-json\/wp\/v2\/recipe_saison\/561"},{"embeddable":true,"taxonomy":"recipe_diet_type","href":"https:\/\/www.emmentaler.ch\/es\/wp-json\/wp\/v2\/recipe_diet_type\/570"},{"embeddable":true,"taxonomy":"recipe_difficulty","href":"https:\/\/www.emmentaler.ch\/es\/wp-json\/wp\/v2\/recipe_difficulty\/577"},{"embeddable":true,"taxonomy":"recipe_categories","href":"https:\/\/www.emmentaler.ch\/es\/wp-json\/wp\/v2\/recipe_categories\/608"},{"embeddable":true,"taxonomy":"recipe_preparation_time","href":"https:\/\/www.emmentaler.ch\/es\/wp-json\/wp\/v2\/recipe_preparation_time\/398"}],"acf:post":[{"embeddable":true,"href":"https:\/\/www.emmentaler.ch\/es\/wp-json\/wp\/v2\/pages\/65993"}],"wp:featuredmedia":[{"embeddable":true,"href":"https:\/\/www.emmentaler.ch\/es\/wp-json\/wp\/v2\/media\/26475"}],"wp:attachment":[{"href":"https:\/\/www.emmentaler.ch\/es\/wp-json\/wp\/v2\/media?parent=55376"}],"wp:term":[{"taxonomy":"post_tag","embeddable":true,"href":"https:\/\/www.emmentaler.ch\/es\/wp-json\/wp\/v2\/tags?post=55376"},{"taxonomy":"recipe_categories","embeddable":true,"href":"https:\/\/www.emmentaler.ch\/es\/wp-json\/wp\/v2\/recipe_categories?post=55376"},{"taxonomy":"et_countries","embeddable":true,"href":"https:\/\/www.emmentaler.ch\/es\/wp-json\/wp\/v2\/et_countries?post=55376"},{"taxonomy":"recipe_main_ingredient","embeddable":true,"href":"https:\/\/www.emmentaler.ch\/es\/wp-json\/wp\/v2\/recipe_main_ingredient?post=55376"},{"taxonomy":"recipe_difficulty","embeddable":true,"href":"https:\/\/www.emmentaler.ch\/es\/wp-json\/wp\/v2\/recipe_difficulty?post=55376"},{"taxonomy":"recipe_preparation_time","embeddable":true,"href":"https:\/\/www.emmentaler.ch\/es\/wp-json\/wp\/v2\/recipe_preparation_time?post=55376"},{"taxonomy":"recipe_diet_type","embeddable":true,"href":"https:\/\/www.emmentaler.ch\/es\/wp-json\/wp\/v2\/recipe_diet_type?post=55376"},{"taxonomy":"recipe_saison","embeddable":true,"href":"https:\/\/www.emmentaler.ch\/es\/wp-json\/wp\/v2\/recipe_saison?post=55376"}],"curies":[{"name":"wp","href":"https:\/\/api.w.org\/{rel}","templated":true}]}}

espinacas jóvenes

Stück

mantequilla para freír

500 g de pan casero o pan de campo (16 rebanadas tostadas)
2 cucharadas de mantequilla blanda
2 cucharadas de mostaza
2 cucharadas de mermelada de grosella
50 g de espinacas tiernas
1 cebolla roja (cortada en aros)
400 g de queso Emmentaler AOP URTYP® (cortado en lonchas finas o raspado grueso)
pimienta negra molida
2 huevos
0,5 dl de leche
2 cucharadas de manteca para freír
pimienta de molinillo

Primero untamos todas las rebanadas de pan con mantequilla. Seguidamente, untamos la mitad de las rebanadas con mostaza y la segunda mitad con mermelada de grosella. Sobre las rebanadas untadas de mostaza colocamos las hojitas de espinacas tiernas y los aros de cebolla. Ahora repartimos las lonchas del queso Emmentaler AOP Extra sobre las rebanadas con espinacas y cebollas y las sazonamos. Después cubrimos las rebanadas ya preparadas con las rebanadas untadas de mermelada de grosella. A continuación, batimos los huevos con la leche en un plato hondo o en un cuenco. Tomamos el bocadillo Croque-Monsieur, lo apretamos suavemente y le damos unas vueltas en el batido de huevos y leche. Preparamos la sartén con manteca de freír y seguidamente freímos los bocatas Croque-Monsieur unos 4 minutos por cada lado. Una vez que estén bien dorados, los sacamos y los colamos sobre un plato, los cortamos por la mitad, los sazonamos con pimienta de molinillo y los servimos recién preparados
