{"id":55407,"date":"2022-04-27T13:57:46","date_gmt":"2022-04-27T11:57:46","guid":{"rendered":"https:\/\/www.emmentaler.ch\/rezept\/panecillo-con-hummus-de-remolacha-y-emmentaler-aop"},"modified":"2022-08-16T10:53:05","modified_gmt":"2022-08-16T08:53:05","slug":"panecillo-con-hummus-de-remolacha-y-emmentaler-dop","status":"publish","type":"recipes","link":"https:\/\/www.emmentaler.ch\/es\/recetas\/panecillo-con-hummus-de-remolacha-y-emmentaler-dop","title":{"rendered":"Panecillo con hummus de remolacha y Emmentaler DOP"},"author":2,"featured_media":26506,"menu_order":0,"template":"","meta":{"inline_featured_image":false},"tags":[],"recipe_categories":[619],"et_countries":[],"recipe_main_ingredient":[602],"recipe_difficulty":[578],"recipe_preparation_time":[380],"recipe_diet_type":[570],"recipe_saison":[537],"acf":{"recipe_preparation_time":380,"recipe_categories":619,"recipe_time_txt":"","recipe_type":65952,"recipe_difficulty":578,"recipe_diet_type":[570],"recipe_main_ingredient":[602],"recipe_saison":[537],"recipe_count_portions":4,"recipe_ingedients":[{"recipe_ingedients_amount":"","recipe_ingedients_unit":"g","recipe_ingedients_product":""}],"temporare_zutaten":"16 d\u00fcnne Scheiben Emmentaler AOP\r\n8 Milchbr\u00f6tchen\r\n50 g Pfl\u00fccksalat oder anderer Salat\r\nJe 2 EL schwarzer, gr\u00fcner und weisser Sesam\r\n50 g Tahin (Sesammus)\r\n400 g vorgegarte Rote Beete\r\n240 g vorgegarte Kichererbsen\r\n1 Zitrone\r\nSalz\r\n1 TL Kuminpulver\r\nNatives Oliven\u00f6l extra","recipe_preparation":"Para el Hummus preparar en la batidora con la remolacha troceada, los garbanzos, el zumo de lim\u00f3n, las 2 cucharadas de Tahin, el cum\u00edn y la cucharada de aceite de oliva una pasta homog\u00e9nea y cremosa, rectificando de sal si fuera necesario.\r\n\r\nCortar los panecillos en dos, untar con el Hummus y poner la ensalada y algunas lonchas finas de Emmentaler AOP en la mitad inferior; luego espolvorear con las semillas coloridas de s\u00e9samo y tapar con la mitad superior del panecillo.\r\n\r\nPuede decorar el Hummus restante con las semillas de s\u00e9samo y servirlo con galletas saladas y palitos de queso Emmentaler\u00a0AOP: una delicia extraordinaria.","recipe_images":[26506]},"_links":{"self":[{"href":"https:\/\/www.emmentaler.ch\/es\/wp-json\/wp\/v2\/recipes\/55407"}],"collection":[{"href":"https:\/\/www.emmentaler.ch\/es\/wp-json\/wp\/v2\/recipes"}],"about":[{"href":"https:\/\/www.emmentaler.ch\/es\/wp-json\/wp\/v2\/types\/recipes"}],"author":[{"embeddable":true,"href":"https:\/\/www.emmentaler.ch\/es\/wp-json\/wp\/v2\/users\/2"}],"version-history":[{"count":0,"href":"https:\/\/www.emmentaler.ch\/es\/wp-json\/wp\/v2\/recipes\/55407\/revisions"}],"acf:attachment":[{"embeddable":true,"href":"https:\/\/www.emmentaler.ch\/es\/wp-json\/wp\/v2\/media\/26506"}],"acf:term":[{"embeddable":true,"taxonomy":"recipe_saison","href":"https:\/\/www.emmentaler.ch\/es\/wp-json\/wp\/v2\/recipe_saison\/537"},{"embeddable":true,"taxonomy":"recipe_main_ingredient","href":"https:\/\/www.emmentaler.ch\/es\/wp-json\/wp\/v2\/recipe_main_ingredient\/602"},{"embeddable":true,"taxonomy":"recipe_diet_type","href":"https:\/\/www.emmentaler.ch\/es\/wp-json\/wp\/v2\/recipe_diet_type\/570"},{"embeddable":true,"taxonomy":"recipe_difficulty","href":"https:\/\/www.emmentaler.ch\/es\/wp-json\/wp\/v2\/recipe_difficulty\/578"},{"embeddable":true,"taxonomy":"recipe_categories","href":"https:\/\/www.emmentaler.ch\/es\/wp-json\/wp\/v2\/recipe_categories\/619"},{"embeddable":true,"taxonomy":"recipe_preparation_time","href":"https:\/\/www.emmentaler.ch\/es\/wp-json\/wp\/v2\/recipe_preparation_time\/380"}],"acf:post":[{"embeddable":true,"href":"https:\/\/www.emmentaler.ch\/es\/wp-json\/wp\/v2\/pages\/65952"}],"wp:featuredmedia":[{"embeddable":true,"href":"https:\/\/www.emmentaler.ch\/es\/wp-json\/wp\/v2\/media\/26506"}],"wp:attachment":[{"href":"https:\/\/www.emmentaler.ch\/es\/wp-json\/wp\/v2\/media?parent=55407"}],"wp:term":[{"taxonomy":"post_tag","embeddable":true,"href":"https:\/\/www.emmentaler.ch\/es\/wp-json\/wp\/v2\/tags?post=55407"},{"taxonomy":"recipe_categories","embeddable":true,"href":"https:\/\/www.emmentaler.ch\/es\/wp-json\/wp\/v2\/recipe_categories?post=55407"},{"taxonomy":"et_countries","embeddable":true,"href":"https:\/\/www.emmentaler.ch\/es\/wp-json\/wp\/v2\/et_countries?post=55407"},{"taxonomy":"recipe_main_ingredient","embeddable":true,"href":"https:\/\/www.emmentaler.ch\/es\/wp-json\/wp\/v2\/recipe_main_ingredient?post=55407"},{"taxonomy":"recipe_difficulty","embeddable":true,"href":"https:\/\/www.emmentaler.ch\/es\/wp-json\/wp\/v2\/recipe_difficulty?post=55407"},{"taxonomy":"recipe_preparation_time","embeddable":true,"href":"https:\/\/www.emmentaler.ch\/es\/wp-json\/wp\/v2\/recipe_preparation_time?post=55407"},{"taxonomy":"recipe_diet_type","embeddable":true,"href":"https:\/\/www.emmentaler.ch\/es\/wp-json\/wp\/v2\/recipe_diet_type?post=55407"},{"taxonomy":"recipe_saison","embeddable":true,"href":"https:\/\/www.emmentaler.ch\/es\/wp-json\/wp\/v2\/recipe_saison?post=55407"}],"curies":[{"name":"wp","href":"https:\/\/api.w.org\/{rel}","templated":true}]}}

16 dünne Scheiben Emmentaler AOP
8 Milchbrötchen
50 g Pflücksalat oder anderer Salat
Je 2 EL schwarzer, grüner und weisser Sesam
50 g Tahin (Sesammus)
400 g vorgegarte Rote Beete
240 g vorgegarte Kichererbsen
1 Zitrone
Salz
1 TL Kuminpulver
Natives Olivenöl extra

Para el Hummus preparar en la batidora con la remolacha troceada, los garbanzos, el zumo de limón, las 2 cucharadas de Tahin, el cumín y la cucharada de aceite de oliva una pasta homogénea y cremosa, rectificando de sal si fuera necesario.

Cortar los panecillos en dos, untar con el Hummus y poner la ensalada y algunas lonchas finas de Emmentaler AOP en la mitad inferior; luego espolvorear con las semillas coloridas de sésamo y tapar con la mitad superior del panecillo.

Puede decorar el Hummus restante con las semillas de sésamo y servirlo con galletas saladas y palitos de queso Emmentaler AOP: una delicia extraordinaria.
