{"id":55438,"date":"2022-04-27T13:57:46","date_gmt":"2022-04-27T11:57:46","guid":{"rendered":"https:\/\/www.emmentaler.ch\/rezept\/risotto-de-calabaza-con-reduccion-de-balsamico-y-virutas-de-queso-emmentaler-aop"},"modified":"2022-08-16T10:38:13","modified_gmt":"2022-08-16T08:38:13","slug":"risotto-de-calabaza-con-reduccion-de-balsamico-y-virutas-de-queso-emmentaler-aop","status":"publish","type":"recipes","link":"https:\/\/www.emmentaler.ch\/es\/recetas\/risotto-de-calabaza-con-reduccion-de-balsamico-y-virutas-de-queso-emmentaler-aop","title":{"rendered":"Risotto de calabaza con reducci\u00f3n de bals\u00e1mico y virutas de queso Emmentaler DOP"},"author":2,"featured_media":55454,"menu_order":0,"template":"","meta":{"inline_featured_image":false},"tags":[],"recipe_categories":[619],"et_countries":[],"recipe_main_ingredient":[602],"recipe_difficulty":[577],"recipe_preparation_time":[373,384],"recipe_diet_type":[569,570],"recipe_saison":[529,538],"acf":{"recipe_preparation_time":373,"recipe_categories":619,"recipe_time_txt":"","recipe_type":65949,"recipe_difficulty":577,"recipe_diet_type":[569,570],"recipe_main_ingredient":[602],"recipe_saison":[529,538],"recipe_count_portions":4,"recipe_ingedients":[{"recipe_ingedients_amount":"","recipe_ingedients_unit":"g","recipe_ingedients_product":""}],"temporare_zutaten":"20 g de Emmentaler AOP rallado\r\nVirutas de queso Emmentaler AOP\r\n400 g de calabaza pelada\r\n400 g de arroz para risotto\r\n80 g de mantequilla\r\n1\/2 cebolla\r\n1 litro de caldo de vegetales\r\nPimienta\r\n250 g de crema de bals\u00e1mico","recipe_preparation":"Para el risotto saltear en un sart\u00e9n las cebollas troceadas con 50 gramos de mantequilla, agregar la calabaza cortada en daditos y rehogar todo a fuego lento durante 1\/4 de hora, agregando en caso necesario un poco de caldo caliente.\r\n\r\nAgregar el arroz y cocerlo asimismo brevemente agitando a fuego lento. Luego agregar poco a poco el caldo, dejar hervir suavemente y remover de vez en cuando.\r\n\r\nRetirar el arroz del fuego cuando est\u00e1 casi a punto, pero a\u00fan un poco crujiente, agregar la mantequilla fr\u00eda restante as\u00ed como el Emmentaler AOP rallado y remover fuertemente.\r\n\r\nDejar reposar el arroz en el sart\u00e9n tapado otros 3 minutos y decorar los platos con la crema de bals\u00e1mico. Preparar luego el arroz caliente con un poco de pimienta negra del molinillo y con virutas de queso Emmentaler\u00a0AOP, que pueden prepararse con un pelador de verduras.","recipe_images":[26537]},"_links":{"self":[{"href":"https:\/\/www.emmentaler.ch\/es\/wp-json\/wp\/v2\/recipes\/55438"}],"collection":[{"href":"https:\/\/www.emmentaler.ch\/es\/wp-json\/wp\/v2\/recipes"}],"about":[{"href":"https:\/\/www.emmentaler.ch\/es\/wp-json\/wp\/v2\/types\/recipes"}],"author":[{"embeddable":true,"href":"https:\/\/www.emmentaler.ch\/es\/wp-json\/wp\/v2\/users\/2"}],"version-history":[{"count":0,"href":"https:\/\/www.emmentaler.ch\/es\/wp-json\/wp\/v2\/recipes\/55438\/revisions"}],"acf:attachment":[{"embeddable":true,"href":"https:\/\/www.emmentaler.ch\/es\/wp-json\/wp\/v2\/media\/26537"}],"acf:term":[{"embeddable":true,"taxonomy":"recipe_saison","href":"https:\/\/www.emmentaler.ch\/es\/wp-json\/wp\/v2\/recipe_saison\/538"},{"embeddable":true,"taxonomy":"recipe_saison","href":"https:\/\/www.emmentaler.ch\/es\/wp-json\/wp\/v2\/recipe_saison\/529"},{"embeddable":true,"taxonomy":"recipe_main_ingredient","href":"https:\/\/www.emmentaler.ch\/es\/wp-json\/wp\/v2\/recipe_main_ingredient\/602"},{"embeddable":true,"taxonomy":"recipe_diet_type","href":"https:\/\/www.emmentaler.ch\/es\/wp-json\/wp\/v2\/recipe_diet_type\/570"},{"embeddable":true,"taxonomy":"recipe_diet_type","href":"https:\/\/www.emmentaler.ch\/es\/wp-json\/wp\/v2\/recipe_diet_type\/569"},{"embeddable":true,"taxonomy":"recipe_difficulty","href":"https:\/\/www.emmentaler.ch\/es\/wp-json\/wp\/v2\/recipe_difficulty\/577"},{"embeddable":true,"taxonomy":"recipe_categories","href":"https:\/\/www.emmentaler.ch\/es\/wp-json\/wp\/v2\/recipe_categories\/619"},{"embeddable":true,"taxonomy":"recipe_preparation_time","href":"https:\/\/www.emmentaler.ch\/es\/wp-json\/wp\/v2\/recipe_preparation_time\/373"}],"acf:post":[{"embeddable":true,"href":"https:\/\/www.emmentaler.ch\/es\/wp-json\/wp\/v2\/pages\/65949"}],"wp:featuredmedia":[{"embeddable":true,"href":"https:\/\/www.emmentaler.ch\/es\/wp-json\/wp\/v2\/media\/55454"}],"wp:attachment":[{"href":"https:\/\/www.emmentaler.ch\/es\/wp-json\/wp\/v2\/media?parent=55438"}],"wp:term":[{"taxonomy":"post_tag","embeddable":true,"href":"https:\/\/www.emmentaler.ch\/es\/wp-json\/wp\/v2\/tags?post=55438"},{"taxonomy":"recipe_categories","embeddable":true,"href":"https:\/\/www.emmentaler.ch\/es\/wp-json\/wp\/v2\/recipe_categories?post=55438"},{"taxonomy":"et_countries","embeddable":true,"href":"https:\/\/www.emmentaler.ch\/es\/wp-json\/wp\/v2\/et_countries?post=55438"},{"taxonomy":"recipe_main_ingredient","embeddable":true,"href":"https:\/\/www.emmentaler.ch\/es\/wp-json\/wp\/v2\/recipe_main_ingredient?post=55438"},{"taxonomy":"recipe_difficulty","embeddable":true,"href":"https:\/\/www.emmentaler.ch\/es\/wp-json\/wp\/v2\/recipe_difficulty?post=55438"},{"taxonomy":"recipe_preparation_time","embeddable":true,"href":"https:\/\/www.emmentaler.ch\/es\/wp-json\/wp\/v2\/recipe_preparation_time?post=55438"},{"taxonomy":"recipe_diet_type","embeddable":true,"href":"https:\/\/www.emmentaler.ch\/es\/wp-json\/wp\/v2\/recipe_diet_type?post=55438"},{"taxonomy":"recipe_saison","embeddable":true,"href":"https:\/\/www.emmentaler.ch\/es\/wp-json\/wp\/v2\/recipe_saison?post=55438"}],"curies":[{"name":"wp","href":"https:\/\/api.w.org\/{rel}","templated":true}]}}

Risotto de calabaza con reducción de balsámico y virutas de queso Emmentaler DOP

20 g de Emmentaler AOP rallado
Virutas de queso Emmentaler AOP
400 g de calabaza pelada
400 g de arroz para risotto
80 g de mantequilla
1/2 cebolla
1 litro de caldo de vegetales
Pimienta
250 g de crema de balsámico

Para el risotto saltear en un sartén las cebollas troceadas con 50 gramos de mantequilla, agregar la calabaza cortada en daditos y rehogar todo a fuego lento durante 1/4 de hora, agregando en caso necesario un poco de caldo caliente.

Agregar el arroz y cocerlo asimismo brevemente agitando a fuego lento. Luego agregar poco a poco el caldo, dejar hervir suavemente y remover de vez en cuando.

Retirar el arroz del fuego cuando está casi a punto, pero aún un poco crujiente, agregar la mantequilla fría restante así como el Emmentaler AOP rallado y remover fuertemente.

Dejar reposar el arroz en el sartén tapado otros 3 minutos y decorar los platos con la crema de balsámico. Preparar luego el arroz caliente con un poco de pimienta negra del molinillo y con virutas de queso Emmentaler AOP, que pueden prepararse con un pelador de verduras.
