{"id":55500,"date":"2022-04-27T13:57:46","date_gmt":"2022-04-27T11:57:46","guid":{"rendered":"https:\/\/www.emmentaler.ch\/rezept\/tomates-rellenos-con-arroz-y-emmentaler-aop"},"modified":"2024-07-24T13:42:11","modified_gmt":"2024-07-24T11:42:11","slug":"tomates-rellenos-con-arroz-y-emmentaler-dop","status":"publish","type":"recipes","link":"https:\/\/www.emmentaler.ch\/es\/recetas\/tomates-rellenos-con-arroz-y-emmentaler-dop","title":{"rendered":"Tomates rellenos con arroz y Emmentaler DOP"},"author":2,"featured_media":55516,"menu_order":0,"template":"","meta":{"inline_featured_image":false},"tags":[843],"recipe_categories":[619],"et_countries":[],"recipe_main_ingredient":[602],"recipe_difficulty":[577],"recipe_preparation_time":[627],"recipe_diet_type":[562,570],"recipe_saison":[561],"acf":{"recipe_preparation_time":627,"recipe_categories":619,"recipe_time_txt":"","recipe_type":65952,"recipe_difficulty":577,"recipe_diet_type":[562,570],"recipe_main_ingredient":[602],"recipe_saison":[561],"recipe_count_portions":4,"recipe_ingedients":[{"recipe_ingedients_amount":"","recipe_ingedients_unit":"g","recipe_ingedients_product":""}],"temporare_zutaten":"200 g de arroz largo\r\n4 tomates coraz\u00f3n de buey maduros (o 4 tomates en rama grandes)\r\n8 tomates cherry\r\n150 g de Emmentaler AOP (cortado en dados peque\u00f1os)\r\n50 g de alcaparras\r\n30 g de alcaparrones\r\n80 g de aceitunas Taggiasca sin hueso\r\nAceite virgen extra, seg\u00fan se necesite\r\n1 cucharada de sal gorda\r\n1 pizca de sal fina\r\n1 ramita de menta\r\nUn poco de c\u00e1scara de lim\u00f3n rallada","recipe_preparation":"Cuece el arroz en abundante agua con la sal gorda. Cuando est\u00e9 hecho, esc\u00farrelo y d\u00e9jalo enfriar bajo agua corriente durante unos minutos. C\u00f3rtale una tapa a los tomates, saca la parte de dentro con cuidado, corta en dados la pulpa extra\u00edda y ap\u00e1rtalos. En un recipiente, mezcla el arroz con las aceitunas, las alcaparras, los tomates cherry cortados en dados peque\u00f1os y la pulpa de los tomates coraz\u00f3n de buey. Condimenta con el aceite y un poco de c\u00e1scara de lim\u00f3n rallada, y luego m\u00e9zclalo todo bien. A\u00f1ade la menta picada y 100\u00a0g de Emmentaler AOP cortado en dados peque\u00f1os. Sazona con sal y rellena los tomates con el arroz. Por \u00faltimo, decora con algunos dados de Emmentaler\u00a0AOP y los alcaparrones. Deja en el frigor\u00edfico hasta que se sirva.","recipe_images":[26599]},"_links":{"self":[{"href":"https:\/\/www.emmentaler.ch\/es\/wp-json\/wp\/v2\/recipes\/55500"}],"collection":[{"href":"https:\/\/www.emmentaler.ch\/es\/wp-json\/wp\/v2\/recipes"}],"about":[{"href":"https:\/\/www.emmentaler.ch\/es\/wp-json\/wp\/v2\/types\/recipes"}],"author":[{"embeddable":true,"href":"https:\/\/www.emmentaler.ch\/es\/wp-json\/wp\/v2\/users\/2"}],"version-history":[{"count":1,"href":"https:\/\/www.emmentaler.ch\/es\/wp-json\/wp\/v2\/recipes\/55500\/revisions"}],"predecessor-version":[{"id":137881,"href":"https:\/\/www.emmentaler.ch\/es\/wp-json\/wp\/v2\/recipes\/55500\/revisions\/137881"}],"acf:attachment":[{"embeddable":true,"href":"https:\/\/www.emmentaler.ch\/es\/wp-json\/wp\/v2\/media\/26599"}],"acf:term":[{"embeddable":true,"taxonomy":"recipe_saison","href":"https:\/\/www.emmentaler.ch\/es\/wp-json\/wp\/v2\/recipe_saison\/561"},{"embeddable":true,"taxonomy":"recipe_main_ingredient","href":"https:\/\/www.emmentaler.ch\/es\/wp-json\/wp\/v2\/recipe_main_ingredient\/602"},{"embeddable":true,"taxonomy":"recipe_diet_type","href":"https:\/\/www.emmentaler.ch\/es\/wp-json\/wp\/v2\/recipe_diet_type\/570"},{"embeddable":true,"taxonomy":"recipe_diet_type","href":"https:\/\/www.emmentaler.ch\/es\/wp-json\/wp\/v2\/recipe_diet_type\/562"},{"embeddable":true,"taxonomy":"recipe_difficulty","href":"https:\/\/www.emmentaler.ch\/es\/wp-json\/wp\/v2\/recipe_difficulty\/577"},{"embeddable":true,"taxonomy":"recipe_categories","href":"https:\/\/www.emmentaler.ch\/es\/wp-json\/wp\/v2\/recipe_categories\/619"},{"embeddable":true,"taxonomy":"recipe_preparation_time","href":"https:\/\/www.emmentaler.ch\/es\/wp-json\/wp\/v2\/recipe_preparation_time\/627"}],"acf:post":[{"embeddable":true,"href":"https:\/\/www.emmentaler.ch\/es\/wp-json\/wp\/v2\/pages\/65952"}],"wp:featuredmedia":[{"embeddable":true,"href":"https:\/\/www.emmentaler.ch\/es\/wp-json\/wp\/v2\/media\/55516"}],"wp:attachment":[{"href":"https:\/\/www.emmentaler.ch\/es\/wp-json\/wp\/v2\/media?parent=55500"}],"wp:term":[{"taxonomy":"post_tag","embeddable":true,"href":"https:\/\/www.emmentaler.ch\/es\/wp-json\/wp\/v2\/tags?post=55500"},{"taxonomy":"recipe_categories","embeddable":true,"href":"https:\/\/www.emmentaler.ch\/es\/wp-json\/wp\/v2\/recipe_categories?post=55500"},{"taxonomy":"et_countries","embeddable":true,"href":"https:\/\/www.emmentaler.ch\/es\/wp-json\/wp\/v2\/et_countries?post=55500"},{"taxonomy":"recipe_main_ingredient","embeddable":true,"href":"https:\/\/www.emmentaler.ch\/es\/wp-json\/wp\/v2\/recipe_main_ingredient?post=55500"},{"taxonomy":"recipe_difficulty","embeddable":true,"href":"https:\/\/www.emmentaler.ch\/es\/wp-json\/wp\/v2\/recipe_difficulty?post=55500"},{"taxonomy":"recipe_preparation_time","embeddable":true,"href":"https:\/\/www.emmentaler.ch\/es\/wp-json\/wp\/v2\/recipe_preparation_time?post=55500"},{"taxonomy":"recipe_diet_type","embeddable":true,"href":"https:\/\/www.emmentaler.ch\/es\/wp-json\/wp\/v2\/recipe_diet_type?post=55500"},{"taxonomy":"recipe_saison","embeddable":true,"href":"https:\/\/www.emmentaler.ch\/es\/wp-json\/wp\/v2\/recipe_saison?post=55500"}],"curies":[{"name":"wp","href":"https:\/\/api.w.org\/{rel}","templated":true}]}}

200 g de arroz largo
4 tomates corazón de buey maduros (o 4 tomates en rama grandes)
8 tomates cherry
150 g de Emmentaler AOP (cortado en dados pequeños)
50 g de alcaparras
30 g de alcaparrones
80 g de aceitunas Taggiasca sin hueso
Aceite virgen extra, según se necesite
1 cucharada de sal gorda
1 pizca de sal fina
1 ramita de menta
Un poco de cáscara de limón rallada

Cuece el arroz en abundante agua con la sal gorda. Cuando esté hecho, escúrrelo y déjalo enfriar bajo agua corriente durante unos minutos. Córtale una tapa a los tomates, saca la parte de dentro con cuidado, corta en dados la pulpa extraída y apártalos. En un recipiente, mezcla el arroz con las aceitunas, las alcaparras, los tomates cherry cortados en dados pequeños y la pulpa de los tomates corazón de buey. Condimenta con el aceite y un poco de cáscara de limón rallada, y luego mézclalo todo bien. Añade la menta picada y 100 g de Emmentaler AOP cortado en dados pequeños. Sazona con sal y rellena los tomates con el arroz. Por último, decora con algunos dados de Emmentaler AOP y los alcaparrones. Deja en el frigorífico hasta que se sirva.
