{"id":55624,"date":"2022-04-27T13:57:46","date_gmt":"2022-04-27T11:57:46","guid":{"rendered":"https:\/\/www.emmentaler.ch\/rezept\/ensalada-de-manzana-y-col-roja-con-emmentaler-aop"},"modified":"2024-07-24T13:41:11","modified_gmt":"2024-07-24T11:41:11","slug":"ensalada-de-manzana-y-col-roja-con-emmentaler-aop","status":"publish","type":"recipes","link":"https:\/\/www.emmentaler.ch\/es\/recetas\/ensalada-de-manzana-y-col-roja-con-emmentaler-aop","title":{"rendered":"Ensalada de manzana y col roja con Emmentaler DOP"},"author":2,"featured_media":55645,"menu_order":0,"template":"","meta":{"inline_featured_image":false},"tags":[838,843],"recipe_categories":[620],"et_countries":[],"recipe_main_ingredient":[602],"recipe_difficulty":[577],"recipe_preparation_time":[398],"recipe_diet_type":[562,569,570],"recipe_saison":[537,554,530],"acf":{"recipe_preparation_time":398,"recipe_categories":620,"recipe_time_txt":"","recipe_type":65932,"recipe_difficulty":577,"recipe_diet_type":[562,569,570],"recipe_main_ingredient":[602],"recipe_saison":[530,537,554],"recipe_count_portions":4,"recipe_ingedients":[{"recipe_ingedients_amount":"50","recipe_ingedients_unit":"g","recipe_ingedients_product":"Emmentaler DOP, cortado en dados peque\u00f1os"},{"recipe_ingedients_amount":"100","recipe_ingedients_unit":"g","recipe_ingedients_product":"col roja"},{"recipe_ingedients_amount":".5","recipe_ingedients_unit":"St\u00fcck","recipe_ingedients_product":"tallos de apio"},{"recipe_ingedients_amount":".25","recipe_ingedients_unit":"St\u00fcck","recipe_ingedients_product":"remolachas peque\u00f1as, crudas"},{"recipe_ingedients_amount":".25","recipe_ingedients_unit":"St\u00fcck","recipe_ingedients_product":"manzana verde ecol\u00f3gica"},{"recipe_ingedients_amount":"3","recipe_ingedients_unit":"St\u00fcck","recipe_ingedients_product":"granos de nueces de \u00e1rbol, sin c\u00e1scara"},{"recipe_ingedients_amount":".25","recipe_ingedients_unit":"St\u00fcck","recipe_ingedients_product":"lim\u00f3n"},{"recipe_ingedients_amount":"","recipe_ingedients_unit":"Bedarf","recipe_ingedients_product":"aceite de oliva virgen extra"},{"recipe_ingedients_amount":"","recipe_ingedients_unit":"Bedarf","recipe_ingedients_product":"peque\u00f1a mostaza"}],"temporare_zutaten":"200 g de Emmentaler AOP (cortado en dados peque\u00f1os)\r\n400 g de col roja\r\n2 apios\r\n1 remolacha peque\u00f1a, cruda\r\n1 manzana verde bio\r\n12 nueces, peladas\r\nAceite de oliva virgen extra\r\n1 lim\u00f3n\r\nUn poco de mostaza","recipe_preparation":"Trocea la verdura: la col roja muy fina, y el apio y la remolacha en juliana. Corta la manzana en peque\u00f1os trozos y ponla en agua de lim\u00f3n.\r\nMezcla todos los ingredientes en una ensaladera y a\u00f1ade los dados de Emmentaler AOP.\r\nPrepara una salsa con el zumo de medio lim\u00f3n, tres cucharadas de aceite, sal, pimienta y un poco de mostaza.\r\nPor \u00faltimo, vierte la salsa en la ensalada, mezcla con cuidado y s\u00edrvela.","recipe_images":[26718,26723]},"_links":{"self":[{"href":"https:\/\/www.emmentaler.ch\/es\/wp-json\/wp\/v2\/recipes\/55624"}],"collection":[{"href":"https:\/\/www.emmentaler.ch\/es\/wp-json\/wp\/v2\/recipes"}],"about":[{"href":"https:\/\/www.emmentaler.ch\/es\/wp-json\/wp\/v2\/types\/recipes"}],"author":[{"embeddable":true,"href":"https:\/\/www.emmentaler.ch\/es\/wp-json\/wp\/v2\/users\/2"}],"version-history":[{"count":1,"href":"https:\/\/www.emmentaler.ch\/es\/wp-json\/wp\/v2\/recipes\/55624\/revisions"}],"predecessor-version":[{"id":137554,"href":"https:\/\/www.emmentaler.ch\/es\/wp-json\/wp\/v2\/recipes\/55624\/revisions\/137554"}],"acf:attachment":[{"embeddable":true,"href":"https:\/\/www.emmentaler.ch\/es\/wp-json\/wp\/v2\/media\/26723"},{"embeddable":true,"href":"https:\/\/www.emmentaler.ch\/es\/wp-json\/wp\/v2\/media\/26718"}],"acf:term":[{"embeddable":true,"taxonomy":"recipe_saison","href":"https:\/\/www.emmentaler.ch\/es\/wp-json\/wp\/v2\/recipe_saison\/554"},{"embeddable":true,"taxonomy":"recipe_saison","href":"https:\/\/www.emmentaler.ch\/es\/wp-json\/wp\/v2\/recipe_saison\/537"},{"embeddable":true,"taxonomy":"recipe_saison","href":"https:\/\/www.emmentaler.ch\/es\/wp-json\/wp\/v2\/recipe_saison\/530"},{"embeddable":true,"taxonomy":"recipe_main_ingredient","href":"https:\/\/www.emmentaler.ch\/es\/wp-json\/wp\/v2\/recipe_main_ingredient\/602"},{"embeddable":true,"taxonomy":"recipe_diet_type","href":"https:\/\/www.emmentaler.ch\/es\/wp-json\/wp\/v2\/recipe_diet_type\/570"},{"embeddable":true,"taxonomy":"recipe_diet_type","href":"https:\/\/www.emmentaler.ch\/es\/wp-json\/wp\/v2\/recipe_diet_type\/569"},{"embeddable":true,"taxonomy":"recipe_diet_type","href":"https:\/\/www.emmentaler.ch\/es\/wp-json\/wp\/v2\/recipe_diet_type\/562"},{"embeddable":true,"taxonomy":"recipe_difficulty","href":"https:\/\/www.emmentaler.ch\/es\/wp-json\/wp\/v2\/recipe_difficulty\/577"},{"embeddable":true,"taxonomy":"recipe_categories","href":"https:\/\/www.emmentaler.ch\/es\/wp-json\/wp\/v2\/recipe_categories\/620"},{"embeddable":true,"taxonomy":"recipe_preparation_time","href":"https:\/\/www.emmentaler.ch\/es\/wp-json\/wp\/v2\/recipe_preparation_time\/398"}],"acf:post":[{"embeddable":true,"href":"https:\/\/www.emmentaler.ch\/es\/wp-json\/wp\/v2\/pages\/65932"}],"wp:featuredmedia":[{"embeddable":true,"href":"https:\/\/www.emmentaler.ch\/es\/wp-json\/wp\/v2\/media\/55645"}],"wp:attachment":[{"href":"https:\/\/www.emmentaler.ch\/es\/wp-json\/wp\/v2\/media?parent=55624"}],"wp:term":[{"taxonomy":"post_tag","embeddable":true,"href":"https:\/\/www.emmentaler.ch\/es\/wp-json\/wp\/v2\/tags?post=55624"},{"taxonomy":"recipe_categories","embeddable":true,"href":"https:\/\/www.emmentaler.ch\/es\/wp-json\/wp\/v2\/recipe_categories?post=55624"},{"taxonomy":"et_countries","embeddable":true,"href":"https:\/\/www.emmentaler.ch\/es\/wp-json\/wp\/v2\/et_countries?post=55624"},{"taxonomy":"recipe_main_ingredient","embeddable":true,"href":"https:\/\/www.emmentaler.ch\/es\/wp-json\/wp\/v2\/recipe_main_ingredient?post=55624"},{"taxonomy":"recipe_difficulty","embeddable":true,"href":"https:\/\/www.emmentaler.ch\/es\/wp-json\/wp\/v2\/recipe_difficulty?post=55624"},{"taxonomy":"recipe_preparation_time","embeddable":true,"href":"https:\/\/www.emmentaler.ch\/es\/wp-json\/wp\/v2\/recipe_preparation_time?post=55624"},{"taxonomy":"recipe_diet_type","embeddable":true,"href":"https:\/\/www.emmentaler.ch\/es\/wp-json\/wp\/v2\/recipe_diet_type?post=55624"},{"taxonomy":"recipe_saison","embeddable":true,"href":"https:\/\/www.emmentaler.ch\/es\/wp-json\/wp\/v2\/recipe_saison?post=55624"}],"curies":[{"name":"wp","href":"https:\/\/api.w.org\/{rel}","templated":true}]}}

Emmentaler DOP, cortado en dados pequeños

Stück

remolachas pequeñas, crudas

manzana verde ecológica

granos de nueces de árbol, sin cáscara

limón

pequeña mostaza

200 g de Emmentaler AOP (cortado en dados pequeños)
400 g de col roja
2 apios
1 remolacha pequeña, cruda
1 manzana verde bio
12 nueces, peladas
Aceite de oliva virgen extra
1 limón
Un poco de mostaza

Trocea la verdura: la col roja muy fina, y el apio y la remolacha en juliana. Corta la manzana en pequeños trozos y ponla en agua de limón.
Mezcla todos los ingredientes en una ensaladera y añade los dados de Emmentaler AOP.
Prepara una salsa con el zumo de medio limón, tres cucharadas de aceite, sal, pimienta y un poco de mostaza.
Por último, vierte la salsa en la ensalada, mezcla con cuidado y sírvela.
