{"id":55717,"date":"2022-04-27T14:00:02","date_gmt":"2022-04-27T12:00:02","guid":{"rendered":"https:\/\/www.emmentaler.ch\/rezept\/pizza-frita-con-jamon-serrano-aceitunas-y-emmentaler-aop"},"modified":"2022-08-12T17:38:48","modified_gmt":"2022-08-12T15:38:48","slug":"pizza-frita-con-jamon-serrano-aceitunas-y-emmentaler-aop","status":"publish","type":"recipes","link":"https:\/\/www.emmentaler.ch\/es\/recetas\/pizza-frita-con-jamon-serrano-aceitunas-y-emmentaler-aop","title":{"rendered":"Pizza frita con jam\u00f3n serrano, aceitunas y Emmentaler DOP"},"author":2,"featured_media":26847,"menu_order":0,"template":"","meta":{"inline_featured_image":false},"tags":[],"recipe_categories":[619],"et_countries":[],"recipe_main_ingredient":[593,602],"recipe_difficulty":[577],"recipe_preparation_time":[382],"recipe_diet_type":[569],"recipe_saison":[561],"acf":{"recipe_preparation_time":382,"recipe_categories":619,"recipe_time_txt":"","recipe_type":65982,"recipe_difficulty":577,"recipe_diet_type":[569],"recipe_main_ingredient":[593,602],"recipe_saison":[561],"recipe_count_portions":4,"recipe_ingedients":[{"recipe_ingedients_amount":"","recipe_ingedients_unit":"g","recipe_ingedients_product":""}],"temporare_zutaten":"400 g de masa de pizza terminada\r\n200 g de pur\u00e9 de tomate\r\n1 cebolla\r\n1 peperoncino\r\n10 aceitunas negras\r\n100 g de jam\u00f3n serrano, en lonchas\r\n120 g de Emmentaler AOP\r\n5 dl de aceite para fre\u00edr\r\n2 cucharadas de aceite de oliva virgen extra\r\nUnas hojas de albahaca fresca\r\nSal","recipe_preparation":"Corta la cebolla en aros y sofr\u00edela en una sart\u00e9n con aceite de oliva virgen extra durante tres minutos. A\u00f1ade el pur\u00e9 de tomate y el peperoncino cortado muy peque\u00f1o. Sazona con sal. Deja cocer unos 20 minutos a fuego lento.\r\nCorta el Emmentaler AOP en bastoncillos.\r\nCalienta el aceite para fre\u00edr en una sart\u00e9n hasta que est\u00e9 muy caliente.\r\nForma cuatro bolas con la masa de pizza. Presionando desde el centro con las manos, dale forma redondeada a las bolas. Fr\u00ede cada pizza por separado. Dale la vuelta de vez en cuando hasta que se dore.\r\nPor \u00faltimo, a\u00f1ade la masa de tomate, el jam\u00f3n serrano, las aceitunas, la albahaca y los bastoncillos de Emmentaler AOP.","recipe_images":[26847]},"_links":{"self":[{"href":"https:\/\/www.emmentaler.ch\/es\/wp-json\/wp\/v2\/recipes\/55717"}],"collection":[{"href":"https:\/\/www.emmentaler.ch\/es\/wp-json\/wp\/v2\/recipes"}],"about":[{"href":"https:\/\/www.emmentaler.ch\/es\/wp-json\/wp\/v2\/types\/recipes"}],"author":[{"embeddable":true,"href":"https:\/\/www.emmentaler.ch\/es\/wp-json\/wp\/v2\/users\/2"}],"version-history":[{"count":0,"href":"https:\/\/www.emmentaler.ch\/es\/wp-json\/wp\/v2\/recipes\/55717\/revisions"}],"acf:attachment":[{"embeddable":true,"href":"https:\/\/www.emmentaler.ch\/es\/wp-json\/wp\/v2\/media\/26847"}],"acf:term":[{"embeddable":true,"taxonomy":"recipe_saison","href":"https:\/\/www.emmentaler.ch\/es\/wp-json\/wp\/v2\/recipe_saison\/561"},{"embeddable":true,"taxonomy":"recipe_main_ingredient","href":"https:\/\/www.emmentaler.ch\/es\/wp-json\/wp\/v2\/recipe_main_ingredient\/602"},{"embeddable":true,"taxonomy":"recipe_main_ingredient","href":"https:\/\/www.emmentaler.ch\/es\/wp-json\/wp\/v2\/recipe_main_ingredient\/593"},{"embeddable":true,"taxonomy":"recipe_diet_type","href":"https:\/\/www.emmentaler.ch\/es\/wp-json\/wp\/v2\/recipe_diet_type\/569"},{"embeddable":true,"taxonomy":"recipe_difficulty","href":"https:\/\/www.emmentaler.ch\/es\/wp-json\/wp\/v2\/recipe_difficulty\/577"},{"embeddable":true,"taxonomy":"recipe_categories","href":"https:\/\/www.emmentaler.ch\/es\/wp-json\/wp\/v2\/recipe_categories\/619"},{"embeddable":true,"taxonomy":"recipe_preparation_time","href":"https:\/\/www.emmentaler.ch\/es\/wp-json\/wp\/v2\/recipe_preparation_time\/382"}],"acf:post":[{"embeddable":true,"href":"https:\/\/www.emmentaler.ch\/es\/wp-json\/wp\/v2\/pages\/65982"}],"wp:featuredmedia":[{"embeddable":true,"href":"https:\/\/www.emmentaler.ch\/es\/wp-json\/wp\/v2\/media\/26847"}],"wp:attachment":[{"href":"https:\/\/www.emmentaler.ch\/es\/wp-json\/wp\/v2\/media?parent=55717"}],"wp:term":[{"taxonomy":"post_tag","embeddable":true,"href":"https:\/\/www.emmentaler.ch\/es\/wp-json\/wp\/v2\/tags?post=55717"},{"taxonomy":"recipe_categories","embeddable":true,"href":"https:\/\/www.emmentaler.ch\/es\/wp-json\/wp\/v2\/recipe_categories?post=55717"},{"taxonomy":"et_countries","embeddable":true,"href":"https:\/\/www.emmentaler.ch\/es\/wp-json\/wp\/v2\/et_countries?post=55717"},{"taxonomy":"recipe_main_ingredient","embeddable":true,"href":"https:\/\/www.emmentaler.ch\/es\/wp-json\/wp\/v2\/recipe_main_ingredient?post=55717"},{"taxonomy":"recipe_difficulty","embeddable":true,"href":"https:\/\/www.emmentaler.ch\/es\/wp-json\/wp\/v2\/recipe_difficulty?post=55717"},{"taxonomy":"recipe_preparation_time","embeddable":true,"href":"https:\/\/www.emmentaler.ch\/es\/wp-json\/wp\/v2\/recipe_preparation_time?post=55717"},{"taxonomy":"recipe_diet_type","embeddable":true,"href":"https:\/\/www.emmentaler.ch\/es\/wp-json\/wp\/v2\/recipe_diet_type?post=55717"},{"taxonomy":"recipe_saison","embeddable":true,"href":"https:\/\/www.emmentaler.ch\/es\/wp-json\/wp\/v2\/recipe_saison?post=55717"}],"curies":[{"name":"wp","href":"https:\/\/api.w.org\/{rel}","templated":true}]}}

Pizza frita con jamón serrano, aceitunas y Emmentaler DOP

400 g de masa de pizza terminada
200 g de puré de tomate
1 cebolla
1 peperoncino
10 aceitunas negras
100 g de jamón serrano, en lonchas
120 g de Emmentaler AOP
5 dl de aceite para freír
2 cucharadas de aceite de oliva virgen extra
Unas hojas de albahaca fresca
Sal

Corta la cebolla en aros y sofríela en una sartén con aceite de oliva virgen extra durante tres minutos. Añade el puré de tomate y el peperoncino cortado muy pequeño. Sazona con sal. Deja cocer unos 20 minutos a fuego lento.
Corta el Emmentaler AOP en bastoncillos.
Calienta el aceite para freír en una sartén hasta que esté muy caliente.
Forma cuatro bolas con la masa de pizza. Presionando desde el centro con las manos, dale forma redondeada a las bolas. Fríe cada pizza por separado. Dale la vuelta de vez en cuando hasta que se dore.
Por último, añade la masa de tomate, el jamón serrano, las aceitunas, la albahaca y los bastoncillos de Emmentaler AOP.
