{"id":88840,"date":"2022-04-07T14:22:55","date_gmt":"2022-04-07T12:22:55","guid":{"rendered":"https:\/\/www.emmentaler.ch\/rezept\/chili-con-spaetzli-2"},"modified":"2022-07-29T15:38:14","modified_gmt":"2022-07-29T13:38:14","slug":"chili-con-spaetzli","status":"publish","type":"recipes","link":"https:\/\/www.emmentaler.ch\/es\/recetas\/chili-con-spaetzli","title":{"rendered":"Chili con sp\u00e4tzli"},"author":2,"featured_media":8295,"menu_order":0,"template":"","meta":{"inline_featured_image":false},"tags":[],"recipe_categories":[619],"et_countries":[],"recipe_main_ingredient":[593],"recipe_difficulty":[578],"recipe_preparation_time":[382],"recipe_diet_type":[569],"recipe_saison":[561],"acf":{"recipe_preparation_time":382,"recipe_categories":619,"recipe_time_txt":"","recipe_type":65952,"recipe_difficulty":578,"recipe_diet_type":[569],"recipe_main_ingredient":[593],"recipe_saison":[561],"recipe_count_portions":4,"recipe_ingedients":[{"recipe_ingedients_amount":".5","recipe_ingedients_unit":"St\u00fcck","recipe_ingedients_product":"cebollas"},{"recipe_ingedients_amount":".5","recipe_ingedients_unit":"St\u00fcck","recipe_ingedients_product":"dientes de ajo"},{"recipe_ingedients_amount":"100","recipe_ingedients_unit":"g","recipe_ingedients_product":"de carne picada mezclada"},{"recipe_ingedients_amount":".5","recipe_ingedients_unit":"El","recipe_ingedients_product":"de aceite de oliva"},{"recipe_ingedients_amount":".5","recipe_ingedients_unit":"El","recipe_ingedients_product":"de pur\u00e9 de tomate"},{"recipe_ingedients_amount":".5","recipe_ingedients_unit":"Tl","recipe_ingedients_product":"de chile en polvo"},{"recipe_ingedients_amount":".25","recipe_ingedients_unit":"El","recipe_ingedients_product":"de tomillo"},{"recipe_ingedients_amount":"75","recipe_ingedients_unit":"ml","recipe_ingedients_product":"de zumo de naranja"},{"recipe_ingedients_amount":"75","recipe_ingedients_unit":"ml","recipe_ingedients_product":"de caldo"},{"recipe_ingedients_amount":".25","recipe_ingedients_unit":"St\u00fcck","recipe_ingedients_product":"pimiento rojo"},{"recipe_ingedients_amount":".25","recipe_ingedients_unit":"St\u00fcck","recipe_ingedients_product":"pimiento verde"},{"recipe_ingedients_amount":".25","recipe_ingedients_unit":"Dose","recipe_ingedients_product":"de maicena, seca (1 lata = aprox. 280 g)"},{"recipe_ingedients_amount":"187.5","recipe_ingedients_unit":"g","recipe_ingedients_product":"de sp\u00e4tzli"},{"recipe_ingedients_amount":".125","recipe_ingedients_unit":"Bd","recipe_ingedients_product":"de perejil"},{"recipe_ingedients_amount":"37.5","recipe_ingedients_unit":"g","recipe_ingedients_product":"de Emmentaler AOC suave"},{"recipe_ingedients_amount":"","recipe_ingedients_unit":"Bedarf","recipe_ingedients_product":"Sal, pimienta"}],"temporare_zutaten":"","recipe_preparation":"Corta las cebollas y el ajo muy fino. Fr\u00ede la carne en aceite caliente. A\u00f1ade las cebollas y el ajo y sofr\u00edelos. Luego, a\u00f1ade el pur\u00e9 de tomate y el chile en polvo y rehoga aproximadamente un minuto. Condimenta con tomillo, sal y pimienta. Vierte el zumo de naranja y el caldo.\r\n\r\nCorta los pimientos en trozos peque\u00f1os y \u00e9chalos a la carne con la maicena. Deja que se hagan tapados durante 10 minutos.\r\n\r\nMezcla los sp\u00e4tzli con la carne y coc\u00ednala otros 5 minutos m\u00e1s. Si fuera necesario, a\u00f1ade un poco de agua. Esparce el perejil.\r\n\r\nRalla fino el Emmentaler AOC y s\u00edrvelo con\u00a0 el chili con sp\u00e4tzli.","recipe_images":[8295]},"_links":{"self":[{"href":"https:\/\/www.emmentaler.ch\/es\/wp-json\/wp\/v2\/recipes\/88840"}],"collection":[{"href":"https:\/\/www.emmentaler.ch\/es\/wp-json\/wp\/v2\/recipes"}],"about":[{"href":"https:\/\/www.emmentaler.ch\/es\/wp-json\/wp\/v2\/types\/recipes"}],"author":[{"embeddable":true,"href":"https:\/\/www.emmentaler.ch\/es\/wp-json\/wp\/v2\/users\/2"}],"version-history":[{"count":0,"href":"https:\/\/www.emmentaler.ch\/es\/wp-json\/wp\/v2\/recipes\/88840\/revisions"}],"acf:attachment":[{"embeddable":true,"href":"https:\/\/www.emmentaler.ch\/es\/wp-json\/wp\/v2\/media\/8295"}],"acf:term":[{"embeddable":true,"taxonomy":"recipe_saison","href":"https:\/\/www.emmentaler.ch\/es\/wp-json\/wp\/v2\/recipe_saison\/561"},{"embeddable":true,"taxonomy":"recipe_main_ingredient","href":"https:\/\/www.emmentaler.ch\/es\/wp-json\/wp\/v2\/recipe_main_ingredient\/593"},{"embeddable":true,"taxonomy":"recipe_diet_type","href":"https:\/\/www.emmentaler.ch\/es\/wp-json\/wp\/v2\/recipe_diet_type\/569"},{"embeddable":true,"taxonomy":"recipe_difficulty","href":"https:\/\/www.emmentaler.ch\/es\/wp-json\/wp\/v2\/recipe_difficulty\/578"},{"embeddable":true,"taxonomy":"recipe_categories","href":"https:\/\/www.emmentaler.ch\/es\/wp-json\/wp\/v2\/recipe_categories\/619"},{"embeddable":true,"taxonomy":"recipe_preparation_time","href":"https:\/\/www.emmentaler.ch\/es\/wp-json\/wp\/v2\/recipe_preparation_time\/382"}],"acf:post":[{"embeddable":true,"href":"https:\/\/www.emmentaler.ch\/es\/wp-json\/wp\/v2\/pages\/65952"}],"wp:featuredmedia":[{"embeddable":true,"href":"https:\/\/www.emmentaler.ch\/es\/wp-json\/wp\/v2\/media\/8295"}],"wp:attachment":[{"href":"https:\/\/www.emmentaler.ch\/es\/wp-json\/wp\/v2\/media?parent=88840"}],"wp:term":[{"taxonomy":"post_tag","embeddable":true,"href":"https:\/\/www.emmentaler.ch\/es\/wp-json\/wp\/v2\/tags?post=88840"},{"taxonomy":"recipe_categories","embeddable":true,"href":"https:\/\/www.emmentaler.ch\/es\/wp-json\/wp\/v2\/recipe_categories?post=88840"},{"taxonomy":"et_countries","embeddable":true,"href":"https:\/\/www.emmentaler.ch\/es\/wp-json\/wp\/v2\/et_countries?post=88840"},{"taxonomy":"recipe_main_ingredient","embeddable":true,"href":"https:\/\/www.emmentaler.ch\/es\/wp-json\/wp\/v2\/recipe_main_ingredient?post=88840"},{"taxonomy":"recipe_difficulty","embeddable":true,"href":"https:\/\/www.emmentaler.ch\/es\/wp-json\/wp\/v2\/recipe_difficulty?post=88840"},{"taxonomy":"recipe_preparation_time","embeddable":true,"href":"https:\/\/www.emmentaler.ch\/es\/wp-json\/wp\/v2\/recipe_preparation_time?post=88840"},{"taxonomy":"recipe_diet_type","embeddable":true,"href":"https:\/\/www.emmentaler.ch\/es\/wp-json\/wp\/v2\/recipe_diet_type?post=88840"},{"taxonomy":"recipe_saison","embeddable":true,"href":"https:\/\/www.emmentaler.ch\/es\/wp-json\/wp\/v2\/recipe_saison?post=88840"}],"curies":[{"name":"wp","href":"https:\/\/api.w.org\/{rel}","templated":true}]}}

Chili con spätzli

Stück

de puré de tomate

de spätzli

Corta las cebollas y el ajo muy fino. Fríe la carne en aceite caliente. Añade las cebollas y el ajo y sofríelos. Luego, añade el puré de tomate y el chile en polvo y rehoga aproximadamente un minuto. Condimenta con tomillo, sal y pimienta. Vierte el zumo de naranja y el caldo.

Corta los pimientos en trozos pequeños y échalos a la carne con la maicena. Deja que se hagan tapados durante 10 minutos.

Mezcla los spätzli con la carne y cocínala otros 5 minutos más. Si fuera necesario, añade un poco de agua. Esparce el perejil.

Ralla fino el Emmentaler AOC y sírvelo con  el chili con spätzli.
