{"id":67092,"date":"2022-04-27T12:46:51","date_gmt":"2022-04-27T10:46:51","guid":{"rendered":"https:\/\/www.emmentaler.ch\/kaeserei\/kaeserei-ebersecken"},"modified":"2023-04-28T12:48:15","modified_gmt":"2023-04-28T10:48:15","slug":"kaeserei-ebersecken","status":"publish","type":"dairy","link":"https:\/\/www.emmentaler.ch\/fr\/fromagerie\/kaeserei-ebersecken","title":{"rendered":"Fromagerie Ebersecken"},"author":2,"featured_media":12199,"menu_order":0,"template":"","meta":{"inline_featured_image":false},"tags":[],"acf":{"dairy_cheeze_name":"Fromagerie Ebersecken","dairy_name":"Martin Roos","dairy_address_street":"Dorf","dairy_address_house_number":"4","dairy_address_zipcode":"6245","dairy_address_city":"Ebersecken","dairy_phone":"079 699 86 01","dairy_mail":"","dairy_website":"","dairy_gmaps_lat":"47.1827044","dairy_gmaps_lng":"7.9320173999999","dairy_award_bio":false,"dairy_award_bergprodukt":false,"dairy_award_topten":false,"dairy_award_topten_year":"","dairy_award_worldchees":false,"dairy_awards":"","dairy_number":3743,"dairy_has_shop":["1"],"dairy_eliminated":false,"dairy_eliminated_text":"","dairy_lab_type":["mikrobiell"],"dairy_max_loafs_per_day":"7","dairy_min_loafs_per_day":"6","dairy_brands":"Emmentaler AOP","dairy_dynamic_brands":[63911,63916,64303,64247,64290,64283,68447],"dairy_fact_1":"C\u2019est ici que Martin Roos fabrique l\u2019Emmentaler AOP.","dairy_fact_2":"Le tout dans le respect de la tradition artisanale, perch\u00e9s \u00e0 548 m\u00e8tres d\u2019altitude.","dairy_fact_3":"Et \u00e0 partir de lait cru 100% naturel de la r\u00e9gion.","dairy_fact_4":"","dairy_fact_5":"","dairy_opening_hours":"","dairy_images_cheesemaker":[11868],"dairy_images_house":[null],"dairy_images_process":[null]},"_links":{"self":[{"href":"https:\/\/www.emmentaler.ch\/fr\/wp-json\/wp\/v2\/dairy\/67092"}],"collection":[{"href":"https:\/\/www.emmentaler.ch\/fr\/wp-json\/wp\/v2\/dairy"}],"about":[{"href":"https:\/\/www.emmentaler.ch\/fr\/wp-json\/wp\/v2\/types\/dairy"}],"author":[{"embeddable":true,"href":"https:\/\/www.emmentaler.ch\/fr\/wp-json\/wp\/v2\/users\/2"}],"version-history":[{"count":0,"href":"https:\/\/www.emmentaler.ch\/fr\/wp-json\/wp\/v2\/dairy\/67092\/revisions"}],"acf:attachment":[{"embeddable":true,"href":"https:\/\/www.emmentaler.ch\/fr\/wp-json\/wp\/v2\/media\/"},{"embeddable":true,"href":"https:\/\/www.emmentaler.ch\/fr\/wp-json\/wp\/v2\/media\/11868"}],"acf:post":[{"embeddable":true,"href":"https:\/\/www.emmentaler.ch\/fr\/wp-json\/wp\/v2\/pages\/68447"},{"embeddable":true,"href":"https:\/\/www.emmentaler.ch\/fr\/wp-json\/wp\/v2\/pages\/64283"},{"embeddable":true,"href":"https:\/\/www.emmentaler.ch\/fr\/wp-json\/wp\/v2\/pages\/64290"},{"embeddable":true,"href":"https:\/\/www.emmentaler.ch\/fr\/wp-json\/wp\/v2\/pages\/64247"},{"embeddable":true,"href":"https:\/\/www.emmentaler.ch\/fr\/wp-json\/wp\/v2\/pages\/64303"},{"embeddable":true,"href":"https:\/\/www.emmentaler.ch\/fr\/wp-json\/wp\/v2\/pages\/63916"},{"embeddable":true,"href":"https:\/\/www.emmentaler.ch\/fr\/wp-json\/wp\/v2\/pages\/63911"}],"wp:featuredmedia":[{"embeddable":true,"href":"https:\/\/www.emmentaler.ch\/fr\/wp-json\/wp\/v2\/media\/12199"}],"wp:attachment":[{"href":"https:\/\/www.emmentaler.ch\/fr\/wp-json\/wp\/v2\/media?parent=67092"}],"wp:term":[{"taxonomy":"post_tag","embeddable":true,"href":"https:\/\/www.emmentaler.ch\/fr\/wp-json\/wp\/v2\/tags?post=67092"}],"curies":[{"name":"wp","href":"https:\/\/api.w.org\/{rel}","templated":true}]}}

Le tout dans le respect de la tradition artisanale, perchés à 548 mètres d’altitude.

Et à partir de lait cru 100% naturel de la région.
