{"id":67099,"date":"2022-04-27T12:46:49","date_gmt":"2022-04-27T10:46:49","guid":{"rendered":"https:\/\/www.emmentaler.ch\/kaeserei\/fromagerie-gritzenmoos-trutigen"},"modified":"2026-04-24T10:24:59","modified_gmt":"2026-04-24T08:24:59","slug":"fromagerie-gritzenmoos-trutigen","status":"publish","type":"dairy","link":"https:\/\/www.emmentaler.ch\/fr\/fromagerie\/fromagerie-gritzenmoos-trutigen","title":{"rendered":"Fromagerie Gritzenmoos-Trutigen"},"author":2,"featured_media":12283,"menu_order":0,"template":"","meta":{"inline_featured_image":false},"tags":[776],"acf":{"dairy_cheeze_name":"Fromagerie Gritzenmoos-Trutigen","dairy_name":"Bruno Dubach","dairy_address_street":"Trutigen","dairy_address_house_number":"2","dairy_address_zipcode":"6203","dairy_address_city":"Sempach-Station","dairy_phone":"041 467 19 77","dairy_mail":"info@biokaeserei.ch","dairy_website":"http:\/\/www.biokaeserei.ch\/","dairy_gmaps_lat":"47.1209336","dairy_gmaps_lng":"8.2170573","dairy_award_bio":true,"dairy_award_bergprodukt":false,"dairy_award_topten":true,"dairy_award_topten_year":"2025","dairy_award_worldchees":false,"dairy_awards":"","dairy_number":3730,"dairy_has_shop":["1"],"dairy_eliminated":false,"dairy_eliminated_text":"","dairy_lab_type":["mikrobiell"],"dairy_max_loafs_per_day":"","dairy_min_loafs_per_day":"3","dairy_brands":"Emmentaler AOP, BIO","dairy_dynamic_brands":[63911,63916,64303,64247,64290,64283,68447],"dairy_fact_1":"C\u2019est ici que Bruno Dubach fabrique l\u2019Emmentaler AOP.","dairy_fact_2":"Le tout dans le respect de la tradition artisanale, perch\u00e9s \u00e0 513 m\u00e8tres d\u2019altitude.","dairy_fact_3":"Et \u00e0 partir de lait cru 100% naturel de la r\u00e9gion.","dairy_fact_4":"R\u00e9compens\u00e9 pour sa qualit\u00e9 de pointe en tant que \u00abTop 5 fromagerie Emmentaler AOP 2025\u00bb.","dairy_fact_5":"","dairy_opening_hours":"","dairy_images_cheesemaker":[11784],"dairy_images_house":[null],"dairy_images_process":[null]},"_links":{"self":[{"href":"https:\/\/www.emmentaler.ch\/fr\/wp-json\/wp\/v2\/dairy\/67099"}],"collection":[{"href":"https:\/\/www.emmentaler.ch\/fr\/wp-json\/wp\/v2\/dairy"}],"about":[{"href":"https:\/\/www.emmentaler.ch\/fr\/wp-json\/wp\/v2\/types\/dairy"}],"author":[{"embeddable":true,"href":"https:\/\/www.emmentaler.ch\/fr\/wp-json\/wp\/v2\/users\/2"}],"version-history":[{"count":4,"href":"https:\/\/www.emmentaler.ch\/fr\/wp-json\/wp\/v2\/dairy\/67099\/revisions"}],"predecessor-version":[{"id":143584,"href":"https:\/\/www.emmentaler.ch\/fr\/wp-json\/wp\/v2\/dairy\/67099\/revisions\/143584"}],"acf:attachment":[{"embeddable":true,"href":"https:\/\/www.emmentaler.ch\/fr\/wp-json\/wp\/v2\/media\/"},{"embeddable":true,"href":"https:\/\/www.emmentaler.ch\/fr\/wp-json\/wp\/v2\/media\/11784"}],"acf:post":[{"embeddable":true,"href":"https:\/\/www.emmentaler.ch\/fr\/wp-json\/wp\/v2\/pages\/68447"},{"embeddable":true,"href":"https:\/\/www.emmentaler.ch\/fr\/wp-json\/wp\/v2\/pages\/64283"},{"embeddable":true,"href":"https:\/\/www.emmentaler.ch\/fr\/wp-json\/wp\/v2\/pages\/64290"},{"embeddable":true,"href":"https:\/\/www.emmentaler.ch\/fr\/wp-json\/wp\/v2\/pages\/64247"},{"embeddable":true,"href":"https:\/\/www.emmentaler.ch\/fr\/wp-json\/wp\/v2\/pages\/64303"},{"embeddable":true,"href":"https:\/\/www.emmentaler.ch\/fr\/wp-json\/wp\/v2\/pages\/63916"},{"embeddable":true,"href":"https:\/\/www.emmentaler.ch\/fr\/wp-json\/wp\/v2\/pages\/63911"}],"wp:featuredmedia":[{"embeddable":true,"href":"https:\/\/www.emmentaler.ch\/fr\/wp-json\/wp\/v2\/media\/12283"}],"wp:attachment":[{"href":"https:\/\/www.emmentaler.ch\/fr\/wp-json\/wp\/v2\/media?parent=67099"}],"wp:term":[{"taxonomy":"post_tag","embeddable":true,"href":"https:\/\/www.emmentaler.ch\/fr\/wp-json\/wp\/v2\/tags?post=67099"}],"curies":[{"name":"wp","href":"https:\/\/api.w.org\/{rel}","templated":true}]}}

Le tout dans le respect de la tradition artisanale, perchés à 513 mètres d’altitude.

Et à partir de lait cru 100% naturel de la région.

Récompensé pour sa qualité de pointe en tant que «Top 5 fromagerie Emmentaler AOP 2025».
