{"id":67221,"date":"2022-04-27T12:46:41","date_gmt":"2022-04-27T10:46:41","guid":{"rendered":"https:\/\/www.emmentaler.ch\/kaeserei\/fromagerie-moos"},"modified":"2023-04-28T13:07:21","modified_gmt":"2023-04-28T11:07:21","slug":"fromagerie-moos","status":"publish","type":"dairy","link":"https:\/\/www.emmentaler.ch\/fr\/fromagerie\/fromagerie-moos","title":{"rendered":"Fromagerie Moos"},"author":2,"featured_media":12598,"menu_order":0,"template":"","meta":{"inline_featured_image":false},"tags":[],"acf":{"dairy_cheeze_name":"Fromagerie Moos","dairy_name":"Peter Egger","dairy_address_street":"Wilerstrasse","dairy_address_house_number":"23","dairy_address_zipcode":"8575","dairy_address_city":"Istighofen","dairy_phone":"071 633 36 88","dairy_mail":"info@mooser-chaesi.ch","dairy_website":"http:\/\/www.mooser-chaesi.ch\/","dairy_gmaps_lat":"47.5348944","dairy_gmaps_lng":"9.1469529999999","dairy_award_bio":true,"dairy_award_bergprodukt":false,"dairy_award_topten":false,"dairy_award_topten_year":"","dairy_award_worldchees":false,"dairy_awards":"","dairy_number":3593,"dairy_has_shop":["1"],"dairy_eliminated":false,"dairy_eliminated_text":"","dairy_lab_type":["tierisch"],"dairy_max_loafs_per_day":"","dairy_min_loafs_per_day":"","dairy_brands":"Emmentaler AOP, BIO","dairy_dynamic_brands":[63911,63916,64303,64247,64290,64283,68447],"dairy_fact_1":"C\u2019est ici que Peter Egger fabrique l\u2019Emmentaler AOP.","dairy_fact_2":"Le tout dans le respect de la tradition artisanale, perch\u00e9s \u00e0 441 m\u00e8tres d\u2019altitude.","dairy_fact_3":"Et \u00e0 partir de lait cru 100% naturel de la r\u00e9gion.","dairy_fact_4":"","dairy_fact_5":"","dairy_opening_hours":"","dairy_images_cheesemaker":[11469],"dairy_images_house":[null],"dairy_images_process":[null]},"_links":{"self":[{"href":"https:\/\/www.emmentaler.ch\/fr\/wp-json\/wp\/v2\/dairy\/67221"}],"collection":[{"href":"https:\/\/www.emmentaler.ch\/fr\/wp-json\/wp\/v2\/dairy"}],"about":[{"href":"https:\/\/www.emmentaler.ch\/fr\/wp-json\/wp\/v2\/types\/dairy"}],"author":[{"embeddable":true,"href":"https:\/\/www.emmentaler.ch\/fr\/wp-json\/wp\/v2\/users\/2"}],"version-history":[{"count":0,"href":"https:\/\/www.emmentaler.ch\/fr\/wp-json\/wp\/v2\/dairy\/67221\/revisions"}],"acf:attachment":[{"embeddable":true,"href":"https:\/\/www.emmentaler.ch\/fr\/wp-json\/wp\/v2\/media\/"},{"embeddable":true,"href":"https:\/\/www.emmentaler.ch\/fr\/wp-json\/wp\/v2\/media\/11469"}],"acf:post":[{"embeddable":true,"href":"https:\/\/www.emmentaler.ch\/fr\/wp-json\/wp\/v2\/pages\/68447"},{"embeddable":true,"href":"https:\/\/www.emmentaler.ch\/fr\/wp-json\/wp\/v2\/pages\/64283"},{"embeddable":true,"href":"https:\/\/www.emmentaler.ch\/fr\/wp-json\/wp\/v2\/pages\/64290"},{"embeddable":true,"href":"https:\/\/www.emmentaler.ch\/fr\/wp-json\/wp\/v2\/pages\/64247"},{"embeddable":true,"href":"https:\/\/www.emmentaler.ch\/fr\/wp-json\/wp\/v2\/pages\/64303"},{"embeddable":true,"href":"https:\/\/www.emmentaler.ch\/fr\/wp-json\/wp\/v2\/pages\/63916"},{"embeddable":true,"href":"https:\/\/www.emmentaler.ch\/fr\/wp-json\/wp\/v2\/pages\/63911"}],"wp:featuredmedia":[{"embeddable":true,"href":"https:\/\/www.emmentaler.ch\/fr\/wp-json\/wp\/v2\/media\/12598"}],"wp:attachment":[{"href":"https:\/\/www.emmentaler.ch\/fr\/wp-json\/wp\/v2\/media?parent=67221"}],"wp:term":[{"taxonomy":"post_tag","embeddable":true,"href":"https:\/\/www.emmentaler.ch\/fr\/wp-json\/wp\/v2\/tags?post=67221"}],"curies":[{"name":"wp","href":"https:\/\/api.w.org\/{rel}","templated":true}]}}

Le tout dans le respect de la tradition artisanale, perchés à 441 mètres d’altitude.

Et à partir de lait cru 100% naturel de la région.
