{"id":67233,"date":"2022-04-27T12:46:35","date_gmt":"2022-04-27T10:46:35","guid":{"rendered":"https:\/\/www.emmentaler.ch\/kaeserei\/fromagerie-riet-wilen"},"modified":"2023-04-28T13:23:36","modified_gmt":"2023-04-28T11:23:36","slug":"fromagerie-riet-wilen","status":"publish","type":"dairy","link":"https:\/\/www.emmentaler.ch\/fr\/fromagerie\/fromagerie-riet-wilen","title":{"rendered":"Fromagerie Riet-Wilen"},"author":2,"featured_media":12910,"menu_order":0,"template":"","meta":{"inline_featured_image":false},"tags":[],"acf":{"dairy_cheeze_name":"Fromagerie Riet-Wilen","dairy_name":"Christian Michel","dairy_address_street":"Zihlschlacht","dairy_address_house_number":"","dairy_address_zipcode":"8588","dairy_address_city":"Zihlschlacht","dairy_phone":"071 422 16 05","dairy_mail":"michel.christian@bluewin.ch","dairy_website":"","dairy_gmaps_lat":"47.523096","dairy_gmaps_lng":"9.2586957","dairy_award_bio":false,"dairy_award_bergprodukt":false,"dairy_award_topten":false,"dairy_award_topten_year":"","dairy_award_worldchees":false,"dairy_awards":"","dairy_number":3519,"dairy_has_shop":["1"],"dairy_eliminated":false,"dairy_eliminated_text":"","dairy_lab_type":["tierisch"],"dairy_max_loafs_per_day":"","dairy_min_loafs_per_day":"2","dairy_brands":"Emmentaler AOP","dairy_dynamic_brands":[63911,63916,64303,64247,64290,64283,68447],"dairy_fact_1":"C\u2019est ici que Christian Michel fabrique l\u2019Emmentaler AOP.","dairy_fact_2":"Le tout dans le respect de la tradition artisanale, perch\u00e9s \u00e0 527 m\u00e8tres d\u2019altitude.","dairy_fact_3":"Et \u00e0 partir de lait cru 100% naturel de la r\u00e9gion.","dairy_fact_4":"","dairy_fact_5":"","dairy_opening_hours":"","dairy_images_cheesemaker":[11157],"dairy_images_house":[null],"dairy_images_process":[null]},"_links":{"self":[{"href":"https:\/\/www.emmentaler.ch\/fr\/wp-json\/wp\/v2\/dairy\/67233"}],"collection":[{"href":"https:\/\/www.emmentaler.ch\/fr\/wp-json\/wp\/v2\/dairy"}],"about":[{"href":"https:\/\/www.emmentaler.ch\/fr\/wp-json\/wp\/v2\/types\/dairy"}],"author":[{"embeddable":true,"href":"https:\/\/www.emmentaler.ch\/fr\/wp-json\/wp\/v2\/users\/2"}],"version-history":[{"count":0,"href":"https:\/\/www.emmentaler.ch\/fr\/wp-json\/wp\/v2\/dairy\/67233\/revisions"}],"acf:attachment":[{"embeddable":true,"href":"https:\/\/www.emmentaler.ch\/fr\/wp-json\/wp\/v2\/media\/"},{"embeddable":true,"href":"https:\/\/www.emmentaler.ch\/fr\/wp-json\/wp\/v2\/media\/11157"}],"acf:post":[{"embeddable":true,"href":"https:\/\/www.emmentaler.ch\/fr\/wp-json\/wp\/v2\/pages\/68447"},{"embeddable":true,"href":"https:\/\/www.emmentaler.ch\/fr\/wp-json\/wp\/v2\/pages\/64283"},{"embeddable":true,"href":"https:\/\/www.emmentaler.ch\/fr\/wp-json\/wp\/v2\/pages\/64290"},{"embeddable":true,"href":"https:\/\/www.emmentaler.ch\/fr\/wp-json\/wp\/v2\/pages\/64247"},{"embeddable":true,"href":"https:\/\/www.emmentaler.ch\/fr\/wp-json\/wp\/v2\/pages\/64303"},{"embeddable":true,"href":"https:\/\/www.emmentaler.ch\/fr\/wp-json\/wp\/v2\/pages\/63916"},{"embeddable":true,"href":"https:\/\/www.emmentaler.ch\/fr\/wp-json\/wp\/v2\/pages\/63911"}],"wp:featuredmedia":[{"embeddable":true,"href":"https:\/\/www.emmentaler.ch\/fr\/wp-json\/wp\/v2\/media\/12910"}],"wp:attachment":[{"href":"https:\/\/www.emmentaler.ch\/fr\/wp-json\/wp\/v2\/media?parent=67233"}],"wp:term":[{"taxonomy":"post_tag","embeddable":true,"href":"https:\/\/www.emmentaler.ch\/fr\/wp-json\/wp\/v2\/tags?post=67233"}],"curies":[{"name":"wp","href":"https:\/\/api.w.org\/{rel}","templated":true}]}}

Le tout dans le respect de la tradition artisanale, perchés à 527 mètres d’altitude.

Et à partir de lait cru 100% naturel de la région.
