{"id":67289,"date":"2022-04-27T12:46:31","date_gmt":"2022-04-27T10:46:31","guid":{"rendered":"https:\/\/www.emmentaler.ch\/kaeserei\/fromagerie-dreien"},"modified":"2023-04-28T13:33:13","modified_gmt":"2023-04-28T11:33:13","slug":"fromagerie-dreien","status":"publish","type":"dairy","link":"https:\/\/www.emmentaler.ch\/fr\/fromagerie\/fromagerie-dreien","title":{"rendered":"Fromagerie Dreien"},"author":2,"featured_media":13068,"menu_order":0,"template":"","meta":{"inline_featured_image":false},"tags":[776],"acf":{"dairy_cheeze_name":"Fromagerie Dreien","dairy_name":"Toni G\u00fcbeli","dairy_address_street":"M\u00fcselbachstrasse","dairy_address_house_number":"6","dairy_address_zipcode":"9612","dairy_address_city":"Dreien","dairy_phone":"071 983 16 14","dairy_mail":"info@guebeli-kaese.ch","dairy_website":"http:\/\/www.guebeli-kaese.ch","dairy_gmaps_lat":"47.373605","dairy_gmaps_lng":"9.0178518","dairy_award_bio":false,"dairy_award_bergprodukt":true,"dairy_award_topten":false,"dairy_award_topten_year":"","dairy_award_worldchees":false,"dairy_awards":"","dairy_number":3455,"dairy_has_shop":["1"],"dairy_eliminated":false,"dairy_eliminated_text":"","dairy_lab_type":["mikrobiell"],"dairy_max_loafs_per_day":"4","dairy_min_loafs_per_day":"3","dairy_brands":"Emmentaler AOP","dairy_dynamic_brands":[63911,63916,64303,64247,64290,64283,68447,64272,64275],"dairy_fact_1":"C\u2019est ici que Toni G\u00fcbeli fabrique l\u2019Emmentaler AOP.","dairy_fact_2":"Le tout dans le respect de la tradition artisanale, perch\u00e9s \u00e0 669 m\u00e8tres d\u2019altitude.","dairy_fact_3":"Et \u00e0 partir de lait cru 100% naturel de la r\u00e9gion.","dairy_fact_4":"","dairy_fact_5":"","dairy_opening_hours":"","dairy_images_cheesemaker":[10993],"dairy_images_house":[null],"dairy_images_process":[null]},"_links":{"self":[{"href":"https:\/\/www.emmentaler.ch\/fr\/wp-json\/wp\/v2\/dairy\/67289"}],"collection":[{"href":"https:\/\/www.emmentaler.ch\/fr\/wp-json\/wp\/v2\/dairy"}],"about":[{"href":"https:\/\/www.emmentaler.ch\/fr\/wp-json\/wp\/v2\/types\/dairy"}],"author":[{"embeddable":true,"href":"https:\/\/www.emmentaler.ch\/fr\/wp-json\/wp\/v2\/users\/2"}],"version-history":[{"count":0,"href":"https:\/\/www.emmentaler.ch\/fr\/wp-json\/wp\/v2\/dairy\/67289\/revisions"}],"acf:attachment":[{"embeddable":true,"href":"https:\/\/www.emmentaler.ch\/fr\/wp-json\/wp\/v2\/media\/"},{"embeddable":true,"href":"https:\/\/www.emmentaler.ch\/fr\/wp-json\/wp\/v2\/media\/10993"}],"acf:post":[{"embeddable":true,"href":"https:\/\/www.emmentaler.ch\/fr\/wp-json\/wp\/v2\/pages\/64275"},{"embeddable":true,"href":"https:\/\/www.emmentaler.ch\/fr\/wp-json\/wp\/v2\/pages\/64272"},{"embeddable":true,"href":"https:\/\/www.emmentaler.ch\/fr\/wp-json\/wp\/v2\/pages\/68447"},{"embeddable":true,"href":"https:\/\/www.emmentaler.ch\/fr\/wp-json\/wp\/v2\/pages\/64283"},{"embeddable":true,"href":"https:\/\/www.emmentaler.ch\/fr\/wp-json\/wp\/v2\/pages\/64290"},{"embeddable":true,"href":"https:\/\/www.emmentaler.ch\/fr\/wp-json\/wp\/v2\/pages\/64247"},{"embeddable":true,"href":"https:\/\/www.emmentaler.ch\/fr\/wp-json\/wp\/v2\/pages\/64303"},{"embeddable":true,"href":"https:\/\/www.emmentaler.ch\/fr\/wp-json\/wp\/v2\/pages\/63916"},{"embeddable":true,"href":"https:\/\/www.emmentaler.ch\/fr\/wp-json\/wp\/v2\/pages\/63911"}],"wp:featuredmedia":[{"embeddable":true,"href":"https:\/\/www.emmentaler.ch\/fr\/wp-json\/wp\/v2\/media\/13068"}],"wp:attachment":[{"href":"https:\/\/www.emmentaler.ch\/fr\/wp-json\/wp\/v2\/media?parent=67289"}],"wp:term":[{"taxonomy":"post_tag","embeddable":true,"href":"https:\/\/www.emmentaler.ch\/fr\/wp-json\/wp\/v2\/tags?post=67289"}],"curies":[{"name":"wp","href":"https:\/\/api.w.org\/{rel}","templated":true}]}}

Toni Gübeli

Müselbachstrasse

C’est ici que Toni Gübeli fabrique l’Emmentaler AOP.

Le tout dans le respect de la tradition artisanale, perchés à 669 mètres d’altitude.

Et à partir de lait cru 100% naturel de la région.
