{"id":67996,"date":"2022-04-27T12:46:08","date_gmt":"2022-04-27T10:46:08","guid":{"rendered":"https:\/\/www.emmentaler.ch\/kaeserei\/fromagerie-waldegg"},"modified":"2023-04-28T14:33:45","modified_gmt":"2023-04-28T12:33:45","slug":"fromagerie-waldegg","status":"publish","type":"dairy","link":"https:\/\/www.emmentaler.ch\/fr\/fromagerie\/fromagerie-waldegg","title":{"rendered":"Fromagerie Waldegg"},"author":2,"featured_media":14009,"menu_order":0,"template":"","meta":{"inline_featured_image":false},"tags":[],"acf":{"dairy_cheeze_name":"Fromagerie Waldegg","dairy_name":"Andreas Aeschlimann","dairy_address_street":"Kriechenwil","dairy_address_house_number":"","dairy_address_zipcode":"3179","dairy_address_city":"Kriechenwil","dairy_phone":"","dairy_mail":"aaeschli@bluewin.ch","dairy_website":"http:\/\/www.cremo.ch\/FR\/index.asp","dairy_gmaps_lat":"46.9117651","dairy_gmaps_lng":"7.2277918","dairy_award_bio":false,"dairy_award_bergprodukt":false,"dairy_award_topten":false,"dairy_award_topten_year":"","dairy_award_worldchees":false,"dairy_awards":"","dairy_number":3174,"dairy_has_shop":"","dairy_eliminated":false,"dairy_eliminated_text":"","dairy_lab_type":["tierisch"],"dairy_max_loafs_per_day":"","dairy_min_loafs_per_day":"","dairy_brands":"Emmentaler AOP","dairy_dynamic_brands":[63911,63916,64303,64247,64290,64283,68447],"dairy_fact_1":"C\u2019est ici que Andreas Aeschlimann fabrique l\u2019Emmentaler AOP.","dairy_fact_2":"Le tout dans le respect de la tradition artisanale, perch\u00e9s \u00e0 530 m\u00e8tres d\u2019altitude.","dairy_fact_3":"Et \u00e0 partir de lait cru 100% naturel de la r\u00e9gion.","dairy_fact_4":"","dairy_fact_5":"","dairy_opening_hours":"","dairy_images_cheesemaker":[10047],"dairy_images_house":[null],"dairy_images_process":[null]},"_links":{"self":[{"href":"https:\/\/www.emmentaler.ch\/fr\/wp-json\/wp\/v2\/dairy\/67996"}],"collection":[{"href":"https:\/\/www.emmentaler.ch\/fr\/wp-json\/wp\/v2\/dairy"}],"about":[{"href":"https:\/\/www.emmentaler.ch\/fr\/wp-json\/wp\/v2\/types\/dairy"}],"author":[{"embeddable":true,"href":"https:\/\/www.emmentaler.ch\/fr\/wp-json\/wp\/v2\/users\/2"}],"version-history":[{"count":0,"href":"https:\/\/www.emmentaler.ch\/fr\/wp-json\/wp\/v2\/dairy\/67996\/revisions"}],"acf:attachment":[{"embeddable":true,"href":"https:\/\/www.emmentaler.ch\/fr\/wp-json\/wp\/v2\/media\/"},{"embeddable":true,"href":"https:\/\/www.emmentaler.ch\/fr\/wp-json\/wp\/v2\/media\/10047"}],"acf:post":[{"embeddable":true,"href":"https:\/\/www.emmentaler.ch\/fr\/wp-json\/wp\/v2\/pages\/68447"},{"embeddable":true,"href":"https:\/\/www.emmentaler.ch\/fr\/wp-json\/wp\/v2\/pages\/64283"},{"embeddable":true,"href":"https:\/\/www.emmentaler.ch\/fr\/wp-json\/wp\/v2\/pages\/64290"},{"embeddable":true,"href":"https:\/\/www.emmentaler.ch\/fr\/wp-json\/wp\/v2\/pages\/64247"},{"embeddable":true,"href":"https:\/\/www.emmentaler.ch\/fr\/wp-json\/wp\/v2\/pages\/64303"},{"embeddable":true,"href":"https:\/\/www.emmentaler.ch\/fr\/wp-json\/wp\/v2\/pages\/63916"},{"embeddable":true,"href":"https:\/\/www.emmentaler.ch\/fr\/wp-json\/wp\/v2\/pages\/63911"}],"wp:featuredmedia":[{"embeddable":true,"href":"https:\/\/www.emmentaler.ch\/fr\/wp-json\/wp\/v2\/media\/14009"}],"wp:attachment":[{"href":"https:\/\/www.emmentaler.ch\/fr\/wp-json\/wp\/v2\/media?parent=67996"}],"wp:term":[{"taxonomy":"post_tag","embeddable":true,"href":"https:\/\/www.emmentaler.ch\/fr\/wp-json\/wp\/v2\/tags?post=67996"}],"curies":[{"name":"wp","href":"https:\/\/api.w.org\/{rel}","templated":true}]}}

Le tout dans le respect de la tradition artisanale, perchés à 530 mètres d’altitude.

Et à partir de lait cru 100% naturel de la région.
