{"id":105999,"date":"2023-02-03T16:20:11","date_gmt":"2023-02-03T15:20:11","guid":{"rendered":"https:\/\/www.emmentaler.ch\/?post_type=recipes&#038;p=105999"},"modified":"2023-05-30T11:41:22","modified_gmt":"2023-05-30T09:41:22","slug":"croc-tradition","status":"publish","type":"recipes","link":"https:\/\/www.emmentaler.ch\/fr\/recettes\/croc-tradition","title":{"rendered":"Croc Tradition Emmentaler AOP et carottes au four avec vinaigrette \u00e0 l\u2019orange et aux herbes"},"author":6,"featured_media":105994,"menu_order":0,"template":"","meta":{"inline_featured_image":false},"tags":[],"recipe_categories":[617],"et_countries":[],"recipe_main_ingredient":[604],"recipe_difficulty":[575],"recipe_preparation_time":[300],"recipe_diet_type":[572],"recipe_saison":[559],"acf":{"recipe_preparation_time":300,"recipe_categories":617,"recipe_time_txt":"","recipe_type":68447,"recipe_difficulty":575,"recipe_diet_type":[572],"recipe_main_ingredient":[604],"recipe_saison":[559],"recipe_count_portions":4,"recipe_ingedients":[{"recipe_ingedients_amount":"1","recipe_ingedients_unit":"St\u00fcck","recipe_ingedients_product":"BAER Croc Tradition Emmentaler AOP"},{"recipe_ingedients_amount":"250","recipe_ingedients_unit":"g","recipe_ingedients_product":"carottes"},{"recipe_ingedients_amount":"0.5","recipe_ingedients_unit":"St\u00fcck","recipe_ingedients_product":"oranges"},{"recipe_ingedients_amount":"","recipe_ingedients_unit":"Bedarf","recipe_ingedients_product":"Huile d'olive, vinaigre aux herbes, poivre rouge"},{"recipe_ingedients_amount":"","recipe_ingedients_unit":"Bedarf","recipe_ingedients_product":"Sel"}],"temporare_zutaten":"","recipe_preparation":"Couper les carottes en quatre et les couper en tron\u00e7ons d'environ 5 cm de long. Cuire au four sur une plaque avec de l'huile d'olive pendant environ 20-30 minutes jusqu'\u00e0 coloration dor\u00e9e.\r\n\r\nCouper les oranges en quartiers puis en tranches fines.\r\n\r\nFaire chauffer un peu d\u2019huile dans une po\u00eale et cuire les Croc Tradition Emmentaler BAER \u00e0 feu moyen environ 3 minutes de chaque c\u00f4t\u00e9.\r\n\r\nDresser le tout sur des assiettes et garnir les carottes avec les tranches d\u2019orange, de l'huile d'olive, du vinaigre aux herbes, et enfin saler et poivrer.","recipe_images":[105994]},"_links":{"self":[{"href":"https:\/\/www.emmentaler.ch\/fr\/wp-json\/wp\/v2\/recipes\/105999"}],"collection":[{"href":"https:\/\/www.emmentaler.ch\/fr\/wp-json\/wp\/v2\/recipes"}],"about":[{"href":"https:\/\/www.emmentaler.ch\/fr\/wp-json\/wp\/v2\/types\/recipes"}],"author":[{"embeddable":true,"href":"https:\/\/www.emmentaler.ch\/fr\/wp-json\/wp\/v2\/users\/6"}],"version-history":[{"count":0,"href":"https:\/\/www.emmentaler.ch\/fr\/wp-json\/wp\/v2\/recipes\/105999\/revisions"}],"acf:attachment":[{"embeddable":true,"href":"https:\/\/www.emmentaler.ch\/fr\/wp-json\/wp\/v2\/media\/105994"}],"acf:term":[{"embeddable":true,"taxonomy":"recipe_saison","href":"https:\/\/www.emmentaler.ch\/fr\/wp-json\/wp\/v2\/recipe_saison\/559"},{"embeddable":true,"taxonomy":"recipe_main_ingredient","href":"https:\/\/www.emmentaler.ch\/fr\/wp-json\/wp\/v2\/recipe_main_ingredient\/604"},{"embeddable":true,"taxonomy":"recipe_diet_type","href":"https:\/\/www.emmentaler.ch\/fr\/wp-json\/wp\/v2\/recipe_diet_type\/572"},{"embeddable":true,"taxonomy":"recipe_difficulty","href":"https:\/\/www.emmentaler.ch\/fr\/wp-json\/wp\/v2\/recipe_difficulty\/575"},{"embeddable":true,"taxonomy":"recipe_categories","href":"https:\/\/www.emmentaler.ch\/fr\/wp-json\/wp\/v2\/recipe_categories\/617"},{"embeddable":true,"taxonomy":"recipe_preparation_time","href":"https:\/\/www.emmentaler.ch\/fr\/wp-json\/wp\/v2\/recipe_preparation_time\/300"}],"acf:post":[{"embeddable":true,"href":"https:\/\/www.emmentaler.ch\/fr\/wp-json\/wp\/v2\/pages\/68447"}],"wp:featuredmedia":[{"embeddable":true,"href":"https:\/\/www.emmentaler.ch\/fr\/wp-json\/wp\/v2\/media\/105994"}],"wp:attachment":[{"href":"https:\/\/www.emmentaler.ch\/fr\/wp-json\/wp\/v2\/media?parent=105999"}],"wp:term":[{"taxonomy":"post_tag","embeddable":true,"href":"https:\/\/www.emmentaler.ch\/fr\/wp-json\/wp\/v2\/tags?post=105999"},{"taxonomy":"recipe_categories","embeddable":true,"href":"https:\/\/www.emmentaler.ch\/fr\/wp-json\/wp\/v2\/recipe_categories?post=105999"},{"taxonomy":"et_countries","embeddable":true,"href":"https:\/\/www.emmentaler.ch\/fr\/wp-json\/wp\/v2\/et_countries?post=105999"},{"taxonomy":"recipe_main_ingredient","embeddable":true,"href":"https:\/\/www.emmentaler.ch\/fr\/wp-json\/wp\/v2\/recipe_main_ingredient?post=105999"},{"taxonomy":"recipe_difficulty","embeddable":true,"href":"https:\/\/www.emmentaler.ch\/fr\/wp-json\/wp\/v2\/recipe_difficulty?post=105999"},{"taxonomy":"recipe_preparation_time","embeddable":true,"href":"https:\/\/www.emmentaler.ch\/fr\/wp-json\/wp\/v2\/recipe_preparation_time?post=105999"},{"taxonomy":"recipe_diet_type","embeddable":true,"href":"https:\/\/www.emmentaler.ch\/fr\/wp-json\/wp\/v2\/recipe_diet_type?post=105999"},{"taxonomy":"recipe_saison","embeddable":true,"href":"https:\/\/www.emmentaler.ch\/fr\/wp-json\/wp\/v2\/recipe_saison?post=105999"}],"curies":[{"name":"wp","href":"https:\/\/api.w.org\/{rel}","templated":true}]}}

Croc Tradition Emmentaler AOP et carottes au four avec vinaigrette à l’orange et aux herbes

Stück

Couper les carottes en quatre et les couper en tronçons d'environ 5 cm de long. Cuire au four sur une plaque avec de l'huile d'olive pendant environ 20-30 minutes jusqu'à coloration dorée.

Couper les oranges en quartiers puis en tranches fines.

Faire chauffer un peu d’huile dans une poêle et cuire les Croc Tradition Emmentaler BAER à feu moyen environ 3 minutes de chaque côté.

Dresser le tout sur des assiettes et garnir les carottes avec les tranches d’orange, de l'huile d'olive, du vinaigre aux herbes, et enfin saler et poivrer.
