{"id":128157,"date":"2023-06-08T16:39:45","date_gmt":"2023-06-08T14:39:45","guid":{"rendered":"https:\/\/www.emmentaler.ch\/?post_type=recipes&#038;p=128157"},"modified":"2023-06-12T10:17:21","modified_gmt":"2023-06-12T08:17:21","slug":"churros-a-lemmentaler-aop","status":"publish","type":"recipes","link":"https:\/\/www.emmentaler.ch\/fr\/recettes\/churros-a-lemmentaler-aop","title":{"rendered":"Churros \u00e0 l\u2019Emmentaler AOP"},"author":6,"featured_media":128171,"menu_order":0,"template":"","meta":{"inline_featured_image":false},"tags":[],"recipe_categories":[615],"et_countries":[],"recipe_main_ingredient":[],"recipe_difficulty":[583],"recipe_preparation_time":[270],"recipe_diet_type":[572],"recipe_saison":[527,559],"acf":{"recipe_preparation_time":270,"recipe_categories":615,"recipe_time_txt":"","recipe_type":63911,"recipe_difficulty":583,"recipe_diet_type":[572],"recipe_main_ingredient":false,"recipe_saison":[527,559],"recipe_count_portions":4,"recipe_ingedients":[{"recipe_ingedients_amount":"","recipe_ingedients_unit":"g","recipe_ingedients_product":""}],"temporare_zutaten":"<strong>Pour 250 grammes de p\u00e2tes de Churros \u00e0 l\u2019Emmentaler AOP\r\n<\/strong><span style=\"color: #c8a078;\">\u25b6\ufe0e\u00a0<\/span>125 ml d\u2019eau\r\n<span style=\"color: #c8a078;\">\u25b6\ufe0e\u00a0<\/span>50 gr de beurre\r\n<span style=\"color: #c8a078;\">\u25b6\ufe0e\u00a0<\/span>75gr de farine\r\n<span style=\"color: #c8a078;\">\u25b6\ufe0e\u00a0<\/span>100 gr d\u2019Emmentaler AOP Classic\r\n<span style=\"color: #c8a078;\">\u25b6\ufe0e\u00a0<\/span>2 Oeufs\r\n<span style=\"color: #c8a078;\">\u25b6\ufe0e\u00a0<\/span>2 gr de sel\r\n<span style=\"color: #c8a078;\">\u25b6\ufe0e\u00a0<\/span>5 g de s\u00e9same noires\r\n\r\n<strong>Sauce \u00e0 l\u2019Emmentaler AOP\r\n<\/strong><span style=\"color: #c8a078;\">\u25b6\ufe0e\u00a0<\/span>Emmentaler AOP : 100 g\r\n<span style=\"color: #c8a078;\">\u25b6\ufe0e\u00a0<\/span>cr\u00e8me liquide : 20 cl\r\n<span style=\"color: #c8a078;\">\u25b6\ufe0e\u00a0<\/span>20 gr de beurre\r\n<span style=\"color: #c8a078;\">\u25b6\ufe0e\u00a0<\/span>jaune d\u2019\u0153uf : 1\r\n<span style=\"color: #c8a078;\">\u25b6\ufe0e\u00a0<\/span>muscade : 1 noix\r\n<span style=\"color: #c8a078;\">\u25b6\ufe0e \u00a0<\/span>sel et poivre : quelques pinc\u00e9es\r\n\r\n&nbsp;","recipe_preparation":"<strong>Pour 250 grammes de p\u00e2tes de Churros \u00e0 l\u2019Emmentaler AOP<\/strong>\r\n\u2022 Mettre l\u2019eau, le beurre, et sel \u00e0 bouillir.\r\n\u2022 Retirer du feu et ajouter la farine et m\u00e9langer vivement avec spatule\r\n\u2022 Remettre \u00e0 feu doux et s\u00e9cher la p\u00e2te 3 minutes\r\n\u2022 Retirer du feu et verser la p\u00e2te dans un r\u00e9cipient et ajouter les \u0153ufs et l\u2019Emmentaler AOP, les graines de s\u00e9sames noires.\r\n\u2022 Mettre la p\u00e2te dans une poche \u00e0 douille, au-dessus de la friteuse (150 degr\u00e9s) former des boudins et frire +-2 minutes. Jusqu\u2019\u00e0 obtention d\u2019un churros bien dor\u00e9\r\n\r\n<strong>Sauce \u00e0 l\u2019Emmentaler AOP\r\n<\/strong>\u2022 Commencer par r\u00e2per l\u2019Emmentaler AOP.\r\n\u2022 Dans une casserole, faire fondre le beurre sur feu doux. Ajouter la cr\u00e8me liquide.\r\n\u2022 Une fois qu\u2019elle est chaude, ajouter le fromage r\u00e2p\u00e9.\r\n\u2022 Laisser cuire \u00e0 feu doux environ 7 min en remuant r\u00e9guli\u00e8rement, jusqu\u2019\u00e0 ce que la sauce devienne lisse.\r\n\u2022 Hors du feu, ajouter le jaune d\u2019\u0153uf afin d\u2019\u00e9paissir la sauce. Assaisonner avec 2 pinc\u00e9es de noix de muscade. Finir en ajoutant du sel et plusieurs tours de moulin \u00e0 poivre. M\u00e9langer bien.\r\n\u2022 Servir la sauce \u00e0 l\u2019Emmentaler AOP bien chaude lorsqu\u2019elle est encore fondante pour tremper vos churros.","recipe_images":[128161,128171]},"_links":{"self":[{"href":"https:\/\/www.emmentaler.ch\/fr\/wp-json\/wp\/v2\/recipes\/128157"}],"collection":[{"href":"https:\/\/www.emmentaler.ch\/fr\/wp-json\/wp\/v2\/recipes"}],"about":[{"href":"https:\/\/www.emmentaler.ch\/fr\/wp-json\/wp\/v2\/types\/recipes"}],"author":[{"embeddable":true,"href":"https:\/\/www.emmentaler.ch\/fr\/wp-json\/wp\/v2\/users\/6"}],"version-history":[{"count":0,"href":"https:\/\/www.emmentaler.ch\/fr\/wp-json\/wp\/v2\/recipes\/128157\/revisions"}],"acf:attachment":[{"embeddable":true,"href":"https:\/\/www.emmentaler.ch\/fr\/wp-json\/wp\/v2\/media\/128171"},{"embeddable":true,"href":"https:\/\/www.emmentaler.ch\/fr\/wp-json\/wp\/v2\/media\/128161"}],"acf:term":[{"embeddable":true,"taxonomy":"recipe_saison","href":"https:\/\/www.emmentaler.ch\/fr\/wp-json\/wp\/v2\/recipe_saison\/559"},{"embeddable":true,"taxonomy":"recipe_saison","href":"https:\/\/www.emmentaler.ch\/fr\/wp-json\/wp\/v2\/recipe_saison\/527"},{"embeddable":true,"taxonomy":"recipe_diet_type","href":"https:\/\/www.emmentaler.ch\/fr\/wp-json\/wp\/v2\/recipe_diet_type\/572"},{"embeddable":true,"taxonomy":"recipe_difficulty","href":"https:\/\/www.emmentaler.ch\/fr\/wp-json\/wp\/v2\/recipe_difficulty\/583"},{"embeddable":true,"taxonomy":"recipe_categories","href":"https:\/\/www.emmentaler.ch\/fr\/wp-json\/wp\/v2\/recipe_categories\/615"},{"embeddable":true,"taxonomy":"recipe_preparation_time","href":"https:\/\/www.emmentaler.ch\/fr\/wp-json\/wp\/v2\/recipe_preparation_time\/270"}],"acf:post":[{"embeddable":true,"href":"https:\/\/www.emmentaler.ch\/fr\/wp-json\/wp\/v2\/pages\/63911"}],"wp:featuredmedia":[{"embeddable":true,"href":"https:\/\/www.emmentaler.ch\/fr\/wp-json\/wp\/v2\/media\/128171"}],"wp:attachment":[{"href":"https:\/\/www.emmentaler.ch\/fr\/wp-json\/wp\/v2\/media?parent=128157"}],"wp:term":[{"taxonomy":"post_tag","embeddable":true,"href":"https:\/\/www.emmentaler.ch\/fr\/wp-json\/wp\/v2\/tags?post=128157"},{"taxonomy":"recipe_categories","embeddable":true,"href":"https:\/\/www.emmentaler.ch\/fr\/wp-json\/wp\/v2\/recipe_categories?post=128157"},{"taxonomy":"et_countries","embeddable":true,"href":"https:\/\/www.emmentaler.ch\/fr\/wp-json\/wp\/v2\/et_countries?post=128157"},{"taxonomy":"recipe_main_ingredient","embeddable":true,"href":"https:\/\/www.emmentaler.ch\/fr\/wp-json\/wp\/v2\/recipe_main_ingredient?post=128157"},{"taxonomy":"recipe_difficulty","embeddable":true,"href":"https:\/\/www.emmentaler.ch\/fr\/wp-json\/wp\/v2\/recipe_difficulty?post=128157"},{"taxonomy":"recipe_preparation_time","embeddable":true,"href":"https:\/\/www.emmentaler.ch\/fr\/wp-json\/wp\/v2\/recipe_preparation_time?post=128157"},{"taxonomy":"recipe_diet_type","embeddable":true,"href":"https:\/\/www.emmentaler.ch\/fr\/wp-json\/wp\/v2\/recipe_diet_type?post=128157"},{"taxonomy":"recipe_saison","embeddable":true,"href":"https:\/\/www.emmentaler.ch\/fr\/wp-json\/wp\/v2\/recipe_saison?post=128157"}],"curies":[{"name":"wp","href":"https:\/\/api.w.org\/{rel}","templated":true}]}}

Churros à l’Emmentaler AOP

<strong>Pour 250 grammes de pâtes de Churros à l’Emmentaler AOP
</strong><span style="color: #c8a078;">▶︎ </span>125 ml d’eau
<span style="color: #c8a078;">▶︎ </span>50 gr de beurre
<span style="color: #c8a078;">▶︎ </span>75gr de farine
<span style="color: #c8a078;">▶︎ </span>100 gr d’Emmentaler AOP Classic
<span style="color: #c8a078;">▶︎ </span>2 Oeufs
<span style="color: #c8a078;">▶︎ </span>2 gr de sel
<span style="color: #c8a078;">▶︎ </span>5 g de sésame noires

<strong>Sauce à l’Emmentaler AOP
</strong><span style="color: #c8a078;">▶︎ </span>Emmentaler AOP : 100 g
<span style="color: #c8a078;">▶︎ </span>crème liquide : 20 cl
<span style="color: #c8a078;">▶︎ </span>20 gr de beurre
<span style="color: #c8a078;">▶︎ </span>jaune d’œuf : 1
<span style="color: #c8a078;">▶︎ </span>muscade : 1 noix
<span style="color: #c8a078;">▶︎  </span>sel et poivre : quelques pincées

&nbsp;

<strong>Pour 250 grammes de pâtes de Churros à l’Emmentaler AOP</strong>
• Mettre l’eau, le beurre, et sel à bouillir.
• Retirer du feu et ajouter la farine et mélanger vivement avec spatule
• Remettre à feu doux et sécher la pâte 3 minutes
• Retirer du feu et verser la pâte dans un récipient et ajouter les œufs et l’Emmentaler AOP, les graines de sésames noires.
• Mettre la pâte dans une poche à douille, au-dessus de la friteuse (150 degrés) former des boudins et frire +-2 minutes. Jusqu’à obtention d’un churros bien doré

<strong>Sauce à l’Emmentaler AOP
</strong>• Commencer par râper l’Emmentaler AOP.
• Dans une casserole, faire fondre le beurre sur feu doux. Ajouter la crème liquide.
• Une fois qu’elle est chaude, ajouter le fromage râpé.
• Laisser cuire à feu doux environ 7 min en remuant régulièrement, jusqu’à ce que la sauce devienne lisse.
• Hors du feu, ajouter le jaune d’œuf afin d’épaissir la sauce. Assaisonner avec 2 pincées de noix de muscade. Finir en ajoutant du sel et plusieurs tours de moulin à poivre. Mélanger bien.
• Servir la sauce à l’Emmentaler AOP bien chaude lorsqu’elle est encore fondante pour tremper vos churros.
