{"id":128177,"date":"2023-06-08T16:40:20","date_gmt":"2023-06-08T14:40:20","guid":{"rendered":"https:\/\/www.emmentaler.ch\/?post_type=recipes&#038;p=128177"},"modified":"2023-06-08T16:41:40","modified_gmt":"2023-06-08T14:41:40","slug":"gaufre-a-lemmentaler-aop","status":"publish","type":"recipes","link":"https:\/\/www.emmentaler.ch\/fr\/recettes\/gaufre-a-lemmentaler-aop","title":{"rendered":"Gaufre \u00e0 l\u2019Emmentaler AOP"},"author":6,"featured_media":128182,"menu_order":0,"template":"","meta":{"inline_featured_image":false},"tags":[],"recipe_categories":[615],"et_countries":[],"recipe_main_ingredient":[],"recipe_difficulty":[575],"recipe_preparation_time":[276],"recipe_diet_type":[572],"recipe_saison":[527,559],"acf":{"recipe_preparation_time":276,"recipe_categories":615,"recipe_time_txt":"","recipe_type":63911,"recipe_difficulty":575,"recipe_diet_type":[572],"recipe_main_ingredient":false,"recipe_saison":[527,559],"recipe_count_portions":4,"recipe_ingedients":[{"recipe_ingedients_amount":"65","recipe_ingedients_unit":"g","recipe_ingedients_product":"de farine"},{"recipe_ingedients_amount":"2.5","recipe_ingedients_unit":"g","recipe_ingedients_product":"de levure fra\u00eeche de boulanger"},{"recipe_ingedients_amount":"85","recipe_ingedients_unit":"g","recipe_ingedients_product":"de lait ti\u00e8de"},{"recipe_ingedients_amount":"1","recipe_ingedients_unit":"St\u00fcck","recipe_ingedients_product":"\u0153ufs, blancs et jaunes s\u00e9par\u00e9s"},{"recipe_ingedients_amount":"0.25","recipe_ingedients_unit":"El","recipe_ingedients_product":"\u00e0 soupe de miel"},{"recipe_ingedients_amount":".25","recipe_ingedients_unit":"Tl","recipe_ingedients_product":"de sel"},{"recipe_ingedients_amount":"20","recipe_ingedients_unit":"g","recipe_ingedients_product":"de beurre fondu"},{"recipe_ingedients_amount":"50","recipe_ingedients_unit":"g","recipe_ingedients_product":"d\u2019Emmentaler AOP "},{"recipe_ingedients_amount":"","recipe_ingedients_unit":"Bedarf","recipe_ingedients_product":"Poivre, muscade"}],"temporare_zutaten":"","recipe_preparation":"<ul>\r\n \t<li>Faites un creux dans la farine, \u00e9miettez la levure au centre et d\u00e9layez-la avec un peu de lait ti\u00e8de.<\/li>\r\n \t<li>M\u00e9langez avec suffisamment de farine pour faire une p\u00e2te molle.<\/li>\r\n \t<li>Laissez reposer 15 min.<\/li>\r\n \t<li>Ajoutez ensuite le reste de lait, de farine et tous les ingr\u00e9dients \u00e0 l\u2019exception du fromage et des blancs en neige.<\/li>\r\n \t<li>Laissez reposer au chaud pendant au moins 2 heures.<\/li>\r\n \t<li>Incorporez les blancs en neige et l\u2019Emmentaler AOP.<\/li>\r\n \t<li>Cuire au gaufrier bien chaud.<\/li>\r\n<\/ul>","recipe_images":[128192,128187,128182]},"_links":{"self":[{"href":"https:\/\/www.emmentaler.ch\/fr\/wp-json\/wp\/v2\/recipes\/128177"}],"collection":[{"href":"https:\/\/www.emmentaler.ch\/fr\/wp-json\/wp\/v2\/recipes"}],"about":[{"href":"https:\/\/www.emmentaler.ch\/fr\/wp-json\/wp\/v2\/types\/recipes"}],"author":[{"embeddable":true,"href":"https:\/\/www.emmentaler.ch\/fr\/wp-json\/wp\/v2\/users\/6"}],"version-history":[{"count":0,"href":"https:\/\/www.emmentaler.ch\/fr\/wp-json\/wp\/v2\/recipes\/128177\/revisions"}],"acf:attachment":[{"embeddable":true,"href":"https:\/\/www.emmentaler.ch\/fr\/wp-json\/wp\/v2\/media\/128182"},{"embeddable":true,"href":"https:\/\/www.emmentaler.ch\/fr\/wp-json\/wp\/v2\/media\/128187"},{"embeddable":true,"href":"https:\/\/www.emmentaler.ch\/fr\/wp-json\/wp\/v2\/media\/128192"}],"acf:term":[{"embeddable":true,"taxonomy":"recipe_saison","href":"https:\/\/www.emmentaler.ch\/fr\/wp-json\/wp\/v2\/recipe_saison\/559"},{"embeddable":true,"taxonomy":"recipe_saison","href":"https:\/\/www.emmentaler.ch\/fr\/wp-json\/wp\/v2\/recipe_saison\/527"},{"embeddable":true,"taxonomy":"recipe_diet_type","href":"https:\/\/www.emmentaler.ch\/fr\/wp-json\/wp\/v2\/recipe_diet_type\/572"},{"embeddable":true,"taxonomy":"recipe_difficulty","href":"https:\/\/www.emmentaler.ch\/fr\/wp-json\/wp\/v2\/recipe_difficulty\/575"},{"embeddable":true,"taxonomy":"recipe_categories","href":"https:\/\/www.emmentaler.ch\/fr\/wp-json\/wp\/v2\/recipe_categories\/615"},{"embeddable":true,"taxonomy":"recipe_preparation_time","href":"https:\/\/www.emmentaler.ch\/fr\/wp-json\/wp\/v2\/recipe_preparation_time\/276"}],"acf:post":[{"embeddable":true,"href":"https:\/\/www.emmentaler.ch\/fr\/wp-json\/wp\/v2\/pages\/63911"}],"wp:featuredmedia":[{"embeddable":true,"href":"https:\/\/www.emmentaler.ch\/fr\/wp-json\/wp\/v2\/media\/128182"}],"wp:attachment":[{"href":"https:\/\/www.emmentaler.ch\/fr\/wp-json\/wp\/v2\/media?parent=128177"}],"wp:term":[{"taxonomy":"post_tag","embeddable":true,"href":"https:\/\/www.emmentaler.ch\/fr\/wp-json\/wp\/v2\/tags?post=128177"},{"taxonomy":"recipe_categories","embeddable":true,"href":"https:\/\/www.emmentaler.ch\/fr\/wp-json\/wp\/v2\/recipe_categories?post=128177"},{"taxonomy":"et_countries","embeddable":true,"href":"https:\/\/www.emmentaler.ch\/fr\/wp-json\/wp\/v2\/et_countries?post=128177"},{"taxonomy":"recipe_main_ingredient","embeddable":true,"href":"https:\/\/www.emmentaler.ch\/fr\/wp-json\/wp\/v2\/recipe_main_ingredient?post=128177"},{"taxonomy":"recipe_difficulty","embeddable":true,"href":"https:\/\/www.emmentaler.ch\/fr\/wp-json\/wp\/v2\/recipe_difficulty?post=128177"},{"taxonomy":"recipe_preparation_time","embeddable":true,"href":"https:\/\/www.emmentaler.ch\/fr\/wp-json\/wp\/v2\/recipe_preparation_time?post=128177"},{"taxonomy":"recipe_diet_type","embeddable":true,"href":"https:\/\/www.emmentaler.ch\/fr\/wp-json\/wp\/v2\/recipe_diet_type?post=128177"},{"taxonomy":"recipe_saison","embeddable":true,"href":"https:\/\/www.emmentaler.ch\/fr\/wp-json\/wp\/v2\/recipe_saison?post=128177"}],"curies":[{"name":"wp","href":"https:\/\/api.w.org\/{rel}","templated":true}]}}

Gaufre à l’Emmentaler AOP

de levure fraîche de boulanger

de lait tiède

Stück

œufs, blancs et jaunes séparés

à soupe de miel

<ul>
 	<li>Faites un creux dans la farine, émiettez la levure au centre et délayez-la avec un peu de lait tiède.</li>
 	<li>Mélangez avec suffisamment de farine pour faire une pâte molle.</li>
 	<li>Laissez reposer 15 min.</li>
 	<li>Ajoutez ensuite le reste de lait, de farine et tous les ingrédients à l’exception du fromage et des blancs en neige.</li>
 	<li>Laissez reposer au chaud pendant au moins 2 heures.</li>
 	<li>Incorporez les blancs en neige et l’Emmentaler AOP.</li>
 	<li>Cuire au gaufrier bien chaud.</li>
</ul>
